000
CDUS41 KCAR 090528
CLIMLT


CLIMATE REPORT
NATIONAL WEATHER SERVICE CARIBOU, ME
1228 AM EST FRI DEC 9 2016


...................................

...THE MILLINOCKET ME CLIMATE SUMMARY FOR DECEMBER 8 2016...

CLIMATE NORMAL PERIOD 1981 TO 2010
CLIMATE RECORD PERIOD 1903 TO 2016


WEATHER ITEM   OBSERVED TIME   RECORD YEAR NORMAL DEPARTURE LAST
                VALUE   (LST)  VALUE       VALUE  FROM      YEAR
                                                  NORMAL
..................................................................
TEMPERATURE (F)
 YESTERDAY
  MAXIMUM         34    228 PM  52    1927  33      1       37
  MINIMUM         23   1051 PM -16    1964  18      5       23
  AVERAGE         29                        26      3       30

PRECIPITATION (IN)
  YESTERDAY        T             1.46 1908   0.14  -0.14     0.00
  MONTH TO DATE    0.74                      1.16  -0.42     1.04
  SINCE DEC 1      0.74                      1.16  -0.42     1.04
  SINCE JAN 1     30.95                     40.31  -9.36    39.73

SNOWFALL (IN)
  YESTERDAY       MM            MM      MM  MM     MM       MM
  MONTH TO DATE   MM                        MM     MM       MM
  SINCE DEC 1     MM                        MM     MM       MM
  SINCE JUL 1     MM                        MM     MM       MM
  SNOW DEPTH      MM

DEGREE DAYS
 HEATING
  YESTERDAY       36                        40     -4       35
  MONTH TO DATE  306                       305      1      238
  SINCE DEC 1    306                       305      1      238
  SINCE JUL 1   1856                      2148   -292     1779

 COOLING
  YESTERDAY        0                         0      0        0
  MONTH TO DATE    0                         0      0        0
  SINCE DEC 1      0                         0      0        0
  SINCE JAN 1    350                       268     82      400
..................................................................


WIND (MPH)
  HIGHEST WIND SPEED     9   HIGHEST WIND DIRECTION     W (280)
  HIGHEST GUST SPEED    16   HIGHEST GUST DIRECTION     W (260)
  AVERAGE WIND SPEED     2.4


SKY COVER
  POSSIBLE SUNSHINE  MM
  AVERAGE SKY COVER 0.8


WEATHER CONDITIONS
 THE FOLLOWING WEATHER WAS RECORDED YESTERDAY.
  LIGHT SNOW
  FOG
  HAZE


RELATIVE HUMIDITY (PERCENT)
 HIGHEST   100          1200 AM
 LOWEST     69           800 PM
 AVERAGE    85

..........................................................


THE MILLINOCKET ME CLIMATE NORMALS FOR TODAY
                         NORMAL    RECORD    YEAR
 MAXIMUM TEMPERATURE (F)   32        53      1974
 MINIMUM TEMPERATURE (F)   18       -13      1964


SUNRISE AND SUNSET
DECEMBER  9 2016......SUNRISE   704 AM EST   SUNSET   351 PM EST
DECEMBER 10 2016......SUNRISE   705 AM EST   SUNSET   351 PM EST


-  INDICATES NEGATIVE NUMBERS.
R  INDICATES RECORD WAS SET OR TIED.
MM INDICATES DATA IS MISSING.
T  INDICATES TRACE AMOUNT.




$$
