000
CDUS41 KCAR 310529
CLIMLT


CLIMATE REPORT
NATIONAL WEATHER SERVICE CARIBOU, ME
128 AM EDT WED AUG 31 2016


...................................

...THE MILLINOCKET ME CLIMATE SUMMARY FOR AUGUST 30 2016...

CLIMATE NORMAL PERIOD 1981 TO 2010
CLIMATE RECORD PERIOD 1903 TO 2016


WEATHER ITEM   OBSERVED TIME   RECORD YEAR NORMAL DEPARTURE LAST
                VALUE   (LST)  VALUE       VALUE  FROM      YEAR
                                                  NORMAL
..................................................................
TEMPERATURE (F)
 YESTERDAY
  MAXIMUM         77    253 PM  91    1997  74      3       77
  MINIMUM         60   1110 PM  36    1986  53      7       61
  AVERAGE         69                        63      6       69

PRECIPITATION (IN)
  YESTERDAY        0.00          2.38 2004   0.12  -0.12     0.00
  MONTH TO DATE    4.21                      3.82   0.39     5.88
  SINCE JUN 1      9.36                     11.74  -2.38    13.91
  SINCE JAN 1     22.97                     26.81  -3.84    25.60

SNOWFALL (IN)
  YESTERDAY       MM            MM      MM  MM     MM       MM
  MONTH TO DATE   MM                        MM     MM       MM
  SINCE JUN 1     MM                        MM     MM       MM
  SINCE JUL 1     MM                        MM     MM       MM
  SNOW DEPTH      MM

DEGREE DAYS
 HEATING
  YESTERDAY        0                         3     -3        0
  MONTH TO DATE    7                        50    -43        0
  SINCE JUN 1    156                       190    -34      181
  SINCE JUL 1     40                        74    -34       21

 COOLING
  YESTERDAY        4                         2      2        4
  MONTH TO DATE  114                        77     37      149
  SINCE JUN 1    298                       243     55      273
  SINCE JAN 1    304                       249     55      307
..................................................................


WIND (MPH)
  HIGHEST WIND SPEED    13   HIGHEST WIND DIRECTION    NW (300)
  HIGHEST GUST SPEED    18   HIGHEST GUST DIRECTION    NW (310)
  AVERAGE WIND SPEED     3.8


SKY COVER
  POSSIBLE SUNSHINE  MM
  AVERAGE SKY COVER 0.2


WEATHER CONDITIONS
 THE FOLLOWING WEATHER WAS RECORDED YESTERDAY.
  NO SIGNIFICANT WEATHER WAS OBSERVED.


RELATIVE HUMIDITY (PERCENT)
 HIGHEST    84           800 PM
 LOWEST     40           300 PM
 AVERAGE    62

..........................................................


THE MILLINOCKET ME CLIMATE NORMALS FOR TODAY
                         NORMAL    RECORD    YEAR
 MAXIMUM TEMPERATURE (F)   74        95      2010
 MINIMUM TEMPERATURE (F)   52        32      1952


SUNRISE AND SUNSET
AUGUST 31 2016........SUNRISE   555 AM EDT   SUNSET   714 PM EDT
SEPTEMBER  1 2016.....SUNRISE   556 AM EDT   SUNSET   712 PM EDT


-  INDICATES NEGATIVE NUMBERS.
R  INDICATES RECORD WAS SET OR TIED.
MM INDICATES DATA IS MISSING.
T  INDICATES TRACE AMOUNT.




$$
