000
CDUS41 KCAR 290528
CLIMLT


CLIMATE REPORT
NATIONAL WEATHER SERVICE CARIBOU, ME
127 AM EDT FRI AUG 29 2014


...................................

...THE MILLINOCKET ME CLIMATE SUMMARY FOR AUGUST 28 2014...

CLIMATE NORMAL PERIOD 1981 TO 2010
CLIMATE RECORD PERIOD 1903 TO 2014


WEATHER ITEM   OBSERVED TIME   RECORD YEAR NORMAL DEPARTURE LAST
                VALUE   (LST)  VALUE       VALUE  FROM      YEAR
                                                  NORMAL
..................................................................
TEMPERATURE (F)
 YESTERDAY
  MAXIMUM         77    116 PM  94    1952  75      2       83
  MINIMUM         58   1159 PM  32    1915  53      5       60
  AVERAGE         68                        64      4       72

PRECIPITATION (IN)
  YESTERDAY        T             2.99 2011   0.13  -0.13     0.27
  MONTH TO DATE    2.26                      3.58  -1.32     4.21
  SINCE JUN 1     11.24                     11.50  -0.26    13.51
  SINCE JAN 1     25.14                     26.57  -1.43    24.67

SNOWFALL (IN)
  YESTERDAY       MM            MM      MM  MM     MM       MM
  MONTH TO DATE   MM                        MM     MM       MM
  SINCE JUN 1     MM                        MM     MM       MM
  SINCE JUL 1     MM                        MM     MM       MM
  SNOW DEPTH      MM

DEGREE DAYS
 HEATING
  YESTERDAY        0                         3     -3        0
  MONTH TO DATE   13                        44    -31       26
  SINCE JUN 1     98                       184    -86      137
  SINCE JUL 1     22                        68    -46       36

 COOLING
  YESTERDAY        3                         2      1        7
  MONTH TO DATE   92                        73     19       64
  SINCE JUN 1    324                       239     85      338
  SINCE JAN 1    326                       245     81      346
..................................................................


WIND (MPH)
  HIGHEST WIND SPEED    20   HIGHEST WIND DIRECTION    NW (310)
  HIGHEST GUST SPEED    25   HIGHEST GUST DIRECTION     W (290)
  AVERAGE WIND SPEED     8.4


SKY COVER
  POSSIBLE SUNSHINE  MM
  AVERAGE SKY COVER 0.5


WEATHER CONDITIONS
 THE FOLLOWING WEATHER WAS RECORDED YESTERDAY.
  LIGHT RAIN


RELATIVE HUMIDITY (PERCENT)
 HIGHEST    84           300 AM
 LOWEST     41           200 PM
 AVERAGE    63

..........................................................


THE MILLINOCKET ME CLIMATE NORMALS FOR TODAY
                         NORMAL    RECORD    YEAR
 MAXIMUM TEMPERATURE (F)   74        92      2010
 MINIMUM TEMPERATURE (F)   53        32      1986


SUNRISE AND SUNSET
AUGUST 29 2014........SUNRISE   552 AM EDT   SUNSET   718 PM EDT
AUGUST 30 2014........SUNRISE   553 AM EDT   SUNSET   716 PM EDT


-  INDICATES NEGATIVE NUMBERS.
R  INDICATES RECORD WAS SET OR TIED.
MM INDICATES DATA IS MISSING.
T  INDICATES TRACE AMOUNT.




$$
