000
CDUS41 KCAR 290540
CLIMLT


CLIMATE REPORT
NATIONAL WEATHER SERVICE CARIBOU, ME
1240 AM EST THU JAN 29 2015


...................................

...THE MILLINOCKET ME CLIMATE SUMMARY FOR JANUARY 28 2015...

CLIMATE NORMAL PERIOD 1981 TO 2010
CLIMATE RECORD PERIOD 1903 TO 2015


WEATHER ITEM   OBSERVED TIME   RECORD YEAR NORMAL DEPARTURE LAST
                VALUE   (LST)  VALUE       VALUE  FROM      YEAR
                                                  NORMAL
..................................................................
TEMPERATURE (F)
 YESTERDAY
  MAXIMUM         19    440 PM  53    1986  24     -5       13
  MINIMUM         10   1114 PM -28    1918   4      6      -10
  AVERAGE         15                        14      1        2

PRECIPITATION (IN)
  YESTERDAY        0.01          1.43 1976   0.09  -0.08      T
  MONTH TO DATE    1.40                      2.70  -1.30     3.58
  SINCE DEC 1      7.40                      6.23   1.17     5.82
  SINCE JAN 1      1.40                      2.70  -1.30     3.58

SNOWFALL (IN)
  YESTERDAY       MM            MM      MM  MM     MM       MM
  MONTH TO DATE   MM                        MM     MM       MM
  SINCE DEC 1     MM                        MM     MM       MM
  SINCE JUL 1     MM                        MM     MM       MM
  SNOW DEPTH      MM

DEGREE DAYS
 HEATING
  YESTERDAY       50                        51     -1       63
  MONTH TO DATE 1464                      1429     35     1365
  SINCE DEC 1   2653                      2751    -98     2829
  SINCE JUL 1   4249                      4594   -345     4521

 COOLING
  YESTERDAY        0                         0      0        0
  MONTH TO DATE    0                         0      0        0
  SINCE DEC 1      0                         0      0        0
  SINCE JAN 1      0                         0      0        0
..................................................................


WIND (MPH)
  HIGHEST WIND SPEED    21   HIGHEST WIND DIRECTION     N (340)
  HIGHEST GUST SPEED    29   HIGHEST GUST DIRECTION     N (360)
  AVERAGE WIND SPEED    11.2


SKY COVER
  POSSIBLE SUNSHINE  MM
  AVERAGE SKY COVER 0.7


WEATHER CONDITIONS
 THE FOLLOWING WEATHER WAS RECORDED YESTERDAY.
  LIGHT SNOW
  HAZE


RELATIVE HUMIDITY (PERCENT)
 HIGHEST    76          1200 AM
 LOWEST     53           800 PM
 AVERAGE    65

..........................................................


THE MILLINOCKET ME CLIMATE NORMALS FOR TODAY
                         NORMAL    RECORD    YEAR
 MAXIMUM TEMPERATURE (F)   24        46      1994
 MINIMUM TEMPERATURE (F)    4       -32      1925


SUNRISE AND SUNSET
JANUARY 29 2015.......SUNRISE   700 AM EST   SUNSET   436 PM EST
JANUARY 30 2015.......SUNRISE   659 AM EST   SUNSET   438 PM EST


-  INDICATES NEGATIVE NUMBERS.
R  INDICATES RECORD WAS SET OR TIED.
MM INDICATES DATA IS MISSING.
T  INDICATES TRACE AMOUNT.




$$
