000
CDUS41 KCAR 280528
CLIMLT


CLIMATE REPORT
NATIONAL WEATHER SERVICE CARIBOU, ME
1228 AM EST FRI NOV 28 2014


...................................

...THE MILLINOCKET ME CLIMATE SUMMARY FOR NOVEMBER 27 2014...

CLIMATE NORMAL PERIOD 1981 TO 2010
CLIMATE RECORD PERIOD 1903 TO 2014


WEATHER ITEM   OBSERVED TIME   RECORD YEAR NORMAL DEPARTURE LAST
                VALUE   (LST)  VALUE       VALUE  FROM      YEAR
                                                  NORMAL
..................................................................
TEMPERATURE (F)
 YESTERDAY
  MAXIMUM         30    241 PM  59    1999  37     -7       55
  MINIMUM         13   1156 PM   0    1932  23    -10       28
  AVERAGE         22                        30     -8       42

PRECIPITATION (IN)
  YESTERDAY        0.08          2.16 2013   0.17  -0.09     2.16
  MONTH TO DATE    1.94                      3.92  -1.98     4.08
  SINCE SEP 1      8.33                     11.71  -3.38    10.22
  SINCE JAN 1     33.47                     38.64  -5.17    35.71

SNOWFALL (IN)
  YESTERDAY       MM            MM      MM  MM     MM       MM
  MONTH TO DATE   MM                        MM     MM       MM
  SINCE SEP 1     MM                        MM     MM       MM
  SINCE JUL 1     MM                        MM     MM       MM
  SNOW DEPTH      MM

DEGREE DAYS
 HEATING
  YESTERDAY       43                        35      8       23
  MONTH TO DATE  739                       803    -64      810
  SINCE SEP 1   1432                      1658   -226     1515
  SINCE JUL 1   1460                      1737   -277     1560

 COOLING
  YESTERDAY        0                         0      0        0
  MONTH TO DATE    0                         0      0        0
  SINCE SEP 1     47                        17     30       28
  SINCE JAN 1    375                       268    107      380
..................................................................


WIND (MPH)
  HIGHEST WIND SPEED    21   HIGHEST WIND DIRECTION     N (350)
  HIGHEST GUST SPEED    27   HIGHEST GUST DIRECTION     N (360)
  AVERAGE WIND SPEED     9.0


SKY COVER
  POSSIBLE SUNSHINE  MM
  AVERAGE SKY COVER 0.7


WEATHER CONDITIONS
 THE FOLLOWING WEATHER WAS RECORDED YESTERDAY.
  SNOW
  LIGHT SNOW
  FOG
  HAZE


RELATIVE HUMIDITY (PERCENT)
 HIGHEST    88           700 AM
 LOWEST     63          1200 PM
 AVERAGE    76

..........................................................


THE MILLINOCKET ME CLIMATE NORMALS FOR TODAY
                         NORMAL    RECORD    YEAR
 MAXIMUM TEMPERATURE (F)   37        57      1944
 MINIMUM TEMPERATURE (F)   23        -3      1917


SUNRISE AND SUNSET
NOVEMBER 28 2014......SUNRISE   651 AM EST   SUNSET   354 PM EST
NOVEMBER 29 2014......SUNRISE   652 AM EST   SUNSET   353 PM EST


-  INDICATES NEGATIVE NUMBERS.
R  INDICATES RECORD WAS SET OR TIED.
MM INDICATES DATA IS MISSING.
T  INDICATES TRACE AMOUNT.




$$
