000
CDUS41 KCAR 280537
CLIMLT


CLIMATE REPORT
NATIONAL WEATHER SERVICE CARIBOU, ME
133 AM EDT SAT MAR 28 2015


...................................

...THE MILLINOCKET ME CLIMATE SUMMARY FOR MARCH 27 2015...

CLIMATE NORMAL PERIOD 1981 TO 2010
CLIMATE RECORD PERIOD 1903 TO 2015


WEATHER ITEM   OBSERVED TIME   RECORD YEAR NORMAL DEPARTURE LAST
                VALUE   (LST)  VALUE       VALUE  FROM      YEAR
                                                  NORMAL
..................................................................
TEMPERATURE (F)
 YESTERDAY
  MAXIMUM         45    309 PM  65    1986  41      4       32
  MINIMUM         30   1159 PM -11    1923  22      8       10
  AVERAGE         38                        32      6       21

PRECIPITATION (IN)
  YESTERDAY        0.00          2.13 1917   0.12  -0.12     0.00
  MONTH TO DATE    1.78                      2.57  -0.79     1.66
  SINCE MAR 1      1.78                      2.57  -0.79     1.66
  SINCE JAN 1      5.01                      7.68  -2.67     6.85

SNOWFALL (IN)
  YESTERDAY       MM            MM      MM  MM     MM       MM
  MONTH TO DATE   MM                        MM     MM       MM
  SINCE MAR 1     MM                        MM     MM       MM
  SINCE JUL 1     MM                        MM     MM       MM
  SNOW DEPTH      MM

DEGREE DAYS
 HEATING
  YESTERDAY       27                        33     -6       44
  MONTH TO DATE 1117                      1017    100     1257
  SINCE MAR 1   1117                      1017    100     1257
  SINCE JUL 1   7162                      7069     93     7295

 COOLING
  YESTERDAY        0                         0      0        0
  MONTH TO DATE    0                         0      0        0
  SINCE MAR 1      0                         0      0        0
  SINCE JAN 1      0                         0      0        0
..................................................................


WIND (MPH)
  HIGHEST WIND SPEED    15   HIGHEST WIND DIRECTION    NW (310)
  HIGHEST GUST SPEED    17   HIGHEST GUST DIRECTION    NW (310)
  AVERAGE WIND SPEED     5.5


SKY COVER
  POSSIBLE SUNSHINE  MM
  AVERAGE SKY COVER 0.6


WEATHER CONDITIONS
 THE FOLLOWING WEATHER WAS RECORDED YESTERDAY.
  NO SIGNIFICANT WEATHER WAS OBSERVED.


RELATIVE HUMIDITY (PERCENT)
 HIGHEST    92           100 AM
 LOWEST     41           400 PM
 AVERAGE    67

..........................................................


THE MILLINOCKET ME CLIMATE NORMALS FOR TODAY
                         NORMAL    RECORD    YEAR
 MAXIMUM TEMPERATURE (F)   42        67      1993
 MINIMUM TEMPERATURE (F)   22         0      1974


SUNRISE AND SUNSET
MARCH 28 2015.........SUNRISE   623 AM EDT   SUNSET   657 PM EDT
MARCH 29 2015.........SUNRISE   621 AM EDT   SUNSET   659 PM EDT


-  INDICATES NEGATIVE NUMBERS.
R  INDICATES RECORD WAS SET OR TIED.
MM INDICATES DATA IS MISSING.
T  INDICATES TRACE AMOUNT.




$$
