000
CDUS41 KCAR 312030
CLIMLT


CLIMATE REPORT
NATIONAL WEATHER SERVICE CARIBOU, ME
429 PM EDT TUE MAY 31 2016


...................................

...THE MILLINOCKET ME CLIMATE SUMMARY FOR MAY 31 2016...
VALID TODAY AS OF 0400 PM LOCAL TIME.

CLIMATE NORMAL PERIOD 1981 TO 2010
CLIMATE RECORD PERIOD 1903 TO 2016


WEATHER ITEM   OBSERVED TIME   RECORD YEAR NORMAL DEPARTURE LAST
                VALUE   (LST)  VALUE       VALUE  FROM      YEAR
                                                  NORMAL
..................................................................
TEMPERATURE (F)
 TODAY
  MAXIMUM         82    234 PM  95    1937  69     13       69
  MINIMUM         56    430 AM  27    1923  47      9       49
  AVERAGE         69                        58     11       59

PRECIPITATION (IN)
  TODAY            0.00          1.75 1908   0.13  -0.13     0.28
  MONTH TO DATE    2.28                      3.34  -1.06     4.54
  SINCE MAR 1      8.30                      9.96  -1.66     8.46
  SINCE JAN 1     13.61                     15.07  -1.46    11.69

SNOWFALL (IN)
  TODAY           MM            MM      MM  MM     MM       MM
  MONTH TO DATE   MM                        MM     MM       MM
  SINCE MAR 1     MM                        MM     MM       MM
  SINCE JUL 1     MM                        MM     MM       MM
  SNOW DEPTH      MM

DEGREE DAYS
 HEATING
  TODAY            0                         8     -8        6
  MONTH TO DATE  321                       370    -49      237
  SINCE MAR 1   2195                      2238    -43     2244
  SINCE JUL 1   7159                      8290  -1131     8289

 COOLING
  TODAY            4                         0      4        0
  MONTH TO DATE    6                         6      0       34
  SINCE MAR 1      6                         6      0       34
  SINCE JAN 1      6                         6      0       34
..................................................................


WIND (MPH)
  HIGHEST WIND SPEED    15   HIGHEST WIND DIRECTION    NW (310)
  HIGHEST GUST SPEED    22   HIGHEST GUST DIRECTION     W (270)
  AVERAGE WIND SPEED     4.5


SKY COVER
  POSSIBLE SUNSHINE  MM
  AVERAGE SKY COVER 0.4


WEATHER CONDITIONS
 THE FOLLOWING WEATHER WAS RECORDED TODAY.
  FOG
  FOG W/VISIBILITY <= 1/4 MILE


RELATIVE HUMIDITY (PERCENT)
 HIGHEST   100           300 AM
 LOWEST     28           200 PM
 AVERAGE    64

..........................................................


THE MILLINOCKET ME CLIMATE NORMALS FOR TOMORROW
                         NORMAL    RECORD    YEAR
 MAXIMUM TEMPERATURE (F)   69        92      1937
 MINIMUM TEMPERATURE (F)   47        28      1905


SUNRISE AND SUNSET
MAY 31 2016...........SUNRISE   449 AM EDT   SUNSET   816 PM EDT
JUNE  1 2016..........SUNRISE   449 AM EDT   SUNSET   817 PM EDT


-  INDICATES NEGATIVE NUMBERS.
R  INDICATES RECORD WAS SET OR TIED.
MM INDICATES DATA IS MISSING.
T  INDICATES TRACE AMOUNT.




$$
