000
CDUS41 KCAR 230526
CLIMLT


CLIMATE REPORT
NATIONAL WEATHER SERVICE CARIBOU, ME
126 AM EDT SUN JUL 23 2017


...................................

...THE MILLINOCKET ME CLIMATE SUMMARY FOR JULY 22 2017...

CLIMATE NORMAL PERIOD 1981 TO 2010
CLIMATE RECORD PERIOD 1903 TO 2017


WEATHER ITEM   OBSERVED TIME   RECORD YEAR NORMAL DEPARTURE LAST
                VALUE   (LST)  VALUE       VALUE  FROM      YEAR
                                                  NORMAL
..................................................................
TEMPERATURE (F)
 YESTERDAY
  MAXIMUM         76    340 PM  93    1994  79     -3       90
  MINIMUM         52   1159 PM  42    1905  58     -6       65
  AVERAGE         64                        68     -4       78

PRECIPITATION (IN)
  YESTERDAY        0.00          1.68 1983   0.12  -0.12      T
  MONTH TO DATE    1.38                      2.84  -1.46     2.08
  SINCE JUN 1      7.54                      6.91   0.63     5.00
  SINCE JAN 1     23.22                     21.98   1.24    18.61

SNOWFALL (IN)
  YESTERDAY       MM            MM      MM  MM     MM       MM
  MONTH TO DATE   MM                        MM     MM       MM
  SINCE JUN 1     MM                        MM     MM       MM
  SINCE JUL 1     MM                        MM     MM       MM
  SNOW DEPTH      MM

DEGREE DAYS
 HEATING
  YESTERDAY        1                         1      0        0
  MONTH TO DATE   14                        22     -8       33
  SINCE JUN 1    134                       138     -4      149
  SINCE JUL 1     14                        22     -8       33

 COOLING
  YESTERDAY        0                         4     -4       13
  MONTH TO DATE   84                        85     -1       92
  SINCE JUN 1    136                       134      2      118
  SINCE JAN 1    145                       140      5      124
..................................................................


WIND (MPH)
  HIGHEST WIND SPEED    20   HIGHEST WIND DIRECTION    NW (310)
  HIGHEST GUST SPEED    29   HIGHEST GUST DIRECTION    NW (310)
  AVERAGE WIND SPEED     7.1


SKY COVER
  POSSIBLE SUNSHINE  MM
  AVERAGE SKY COVER 0.1


WEATHER CONDITIONS
 THE FOLLOWING WEATHER WAS RECORDED YESTERDAY.
  NO SIGNIFICANT WEATHER WAS OBSERVED.


RELATIVE HUMIDITY (PERCENT)
 HIGHEST   100          1200 AM
 LOWEST     29           400 PM
 AVERAGE    65

..........................................................


THE MILLINOCKET ME CLIMATE NORMALS FOR TODAY
                         NORMAL    RECORD    YEAR
 MAXIMUM TEMPERATURE (F)   79        98      1952
 MINIMUM TEMPERATURE (F)   58        43      1923


SUNRISE AND SUNSET
JULY 23 2017..........SUNRISE   508 AM EDT   SUNSET   813 PM EDT
JULY 24 2017..........SUNRISE   509 AM EDT   SUNSET   812 PM EDT


-  INDICATES NEGATIVE NUMBERS.
R  INDICATES RECORD WAS SET OR TIED.
MM INDICATES DATA IS MISSING.
T  INDICATES TRACE AMOUNT.




$$
