000
CDUS44 KSHV 160840
CLIMLU


CLIMATE REPORT
NATIONAL WEATHER SERVICE SHREVEPORT, LA
235 AM CST MON JAN 16 2017


...................................

...THE MONROE CLIMATE SUMMARY FOR JANUARY 15 2017...

CLIMATE NORMAL PERIOD 1981 TO 2010
CLIMATE RECORD PERIOD 1930 TO 2017


WEATHER ITEM   OBSERVED TIME   RECORD YEAR NORMAL DEPARTURE LAST
                VALUE   (LST)  VALUE       VALUE  FROM      YEAR
                                                  NORMAL
..................................................................
TEMPERATURE (F)
 YESTERDAY
  MAXIMUM         73    443 PM  79    1952  57     16       69
  MINIMUM         53    835 AM  14    1963  35     18       46
  AVERAGE         63                        46     17       58

PRECIPITATION (IN)
  YESTERDAY        0.00          1.16 2007   0.15  -0.15     0.00
  MONTH TO DATE    1.57                      2.40  -0.83     1.48
  SINCE DEC 1      6.40                      7.69  -1.29     7.87
  SINCE JAN 1      1.57                      2.40  -0.83     1.48

SNOWFALL (IN)
  YESTERDAY        0.0
  MONTH TO DATE    0.2
  SINCE DEC 1      0.2
  SINCE JUL 1      0.2
  SNOW DEPTH       0

DEGREE DAYS
 HEATING
  YESTERDAY        2                        19    -17        7
  MONTH TO DATE  200                       285    -85      288
  SINCE DEC 1    648                       815   -167      596
  SINCE JUL 1    861                      1187   -326      784

 COOLING
  YESTERDAY        0                         0      0        0
  MONTH TO DATE   13                         0     13        0
  SINCE DEC 1     33                         7     26       53
  SINCE JAN 1     13                         0     13        0
..................................................................


WIND (MPH)
  HIGHEST WIND SPEED    13   HIGHEST WIND DIRECTION     S (170)
  HIGHEST GUST SPEED    16   HIGHEST GUST DIRECTION     S (170)
  AVERAGE WIND SPEED     5.4


SKY COVER
  POSSIBLE SUNSHINE  MM
  AVERAGE SKY COVER 0.5


WEATHER CONDITIONS
 THE FOLLOWING WEATHER WAS RECORDED YESTERDAY.
  FOG
  FOG W/VISIBILITY <= 1/4 MILE


RELATIVE HUMIDITY (PERCENT)
 HIGHEST   100           400 AM
 LOWEST     61           200 PM
 AVERAGE    81

..........................................................


THE MONROE CLIMATE NORMALS FOR TODAY
                         NORMAL    RECORD    YEAR
 MAXIMUM TEMPERATURE (F)   57        79      1936
 MINIMUM TEMPERATURE (F)   35        13      1963


SUNRISE AND SUNSET
JANUARY 16 2017.......SUNRISE   710 AM CST   SUNSET   527 PM CST
JANUARY 17 2017.......SUNRISE   709 AM CST   SUNSET   527 PM CST


-  INDICATES NEGATIVE NUMBERS.
R  INDICATES RECORD WAS SET OR TIED.
MM INDICATES DATA IS MISSING.
T  INDICATES TRACE AMOUNT.




$$
