000
CDUS44 KSHV 040823
CLIMLU


CLIMATE REPORT
NATIONAL WEATHER SERVICE SHREVEPORT, LA
312 AM CDT SAT JUL 4 2015


...................................

...THE MONROE CLIMATE SUMMARY FOR JULY 3 2015...

CLIMATE NORMAL PERIOD 1981 TO 2010
CLIMATE RECORD PERIOD 1930 TO 2015


WEATHER ITEM   OBSERVED TIME   RECORD YEAR NORMAL DEPARTURE LAST
                VALUE   (LST)  VALUE       VALUE  FROM      YEAR
                                                  NORMAL
..................................................................
TEMPERATURE (F)
 YESTERDAY
  MAXIMUM         92    141 PM 103    1933  94     -2       89
  MINIMUM         75    523 AM  63    2013  72      3       70
  AVERAGE         84                        83      1       80

PRECIPITATION (IN)
  YESTERDAY        T             1.55 1935   0.15  -0.15     0.00
  MONTH TO DATE    T                         0.43  -0.43     0.09
  SINCE DEC 1     34.44                     34.45  -0.01    33.19
  SINCE JAN 1     29.96                     29.16   0.80    29.93

SNOWFALL (IN)
  YESTERDAY        0.0
  MONTH TO DATE    0.0
  SINCE JUN 1      0.0
  SINCE JUL 1      0.0
  SNOW DEPTH       0

DEGREE DAYS
 HEATING
  YESTERDAY        0                         0      0        0
  MONTH TO DATE    0                         0      0        0
  SINCE JUN 1      0                         0      0        0
  SINCE JUL 1      0                         0      0        0

 COOLING
  YESTERDAY       19                        18      1       15
  MONTH TO DATE   53                        54     -1       52
  SINCE JUN 1    529                       520      9      528
  SINCE JAN 1    951                       955     -4      858
..................................................................


WIND (MPH)
  HIGHEST WIND SPEED    22   HIGHEST WIND DIRECTION    SW (230)
  HIGHEST GUST SPEED    26   HIGHEST GUST DIRECTION    SW (220)
  AVERAGE WIND SPEED     8.8


SKY COVER
  POSSIBLE SUNSHINE  MM
  AVERAGE SKY COVER 0.2


WEATHER CONDITIONS
 THE FOLLOWING WEATHER WAS RECORDED YESTERDAY.
  HAZE


RELATIVE HUMIDITY (PERCENT)
 HIGHEST    97          1000 PM
 LOWEST     59           200 PM
 AVERAGE    78

..........................................................


THE MONROE CLIMATE NORMALS FOR TODAY
                         NORMAL    RECORD    YEAR
 MAXIMUM TEMPERATURE (F)   94       102      1933
 MINIMUM TEMPERATURE (F)   72        63      2013


SUNRISE AND SUNSET
JULY  4 2015..........SUNRISE   606 AM CDT   SUNSET   819 PM CDT
JULY  5 2015..........SUNRISE   606 AM CDT   SUNSET   819 PM CDT


-  INDICATES NEGATIVE NUMBERS.
R  INDICATES RECORD WAS SET OR TIED.
MM INDICATES DATA IS MISSING.
T  INDICATES TRACE AMOUNT.




$$
