000
CDUS44 KSHV 022212
CLIMLU


CLIMATE REPORT
NATIONAL WEATHER SERVICE SHREVEPORT, LA
512 PM CDT MON MAY 2 2016


...................................

...THE MONROE CLIMATE SUMMARY FOR MAY 2 2016...
VALID TODAY AS OF 0500 PM LOCAL TIME.

CLIMATE NORMAL PERIOD 1981 TO 2010
CLIMATE RECORD PERIOD 1930 TO 2016


WEATHER ITEM   OBSERVED TIME   RECORD YEAR NORMAL DEPARTURE LAST
                VALUE   (LST)  VALUE       VALUE  FROM      YEAR
                                                  NORMAL
..................................................................
TEMPERATURE (F)
 TODAY
  MAXIMUM         72   1243 AM  91    2002  82    -10       82
  MINIMUM         60   1122 AM  45    1976  59      1       50
  AVERAGE         66                        70     -4       66

PRECIPITATION (IN)
  TODAY            0.48          1.46 1973   0.17   0.31     0.00
  MONTH TO DATE    0.49                      0.33   0.16     0.00
  SINCE DEC 1     48.19                     24.48  23.71    22.95
  SINCE JAN 1     41.80                     19.19  22.61    18.47

DEGREE DAYS
 HEATING
  TODAY            0                         1     -1        0
  MONTH TO DATE    0                         2     -2        0
  SINCE MAR 1    166                       332   -166      308
  SINCE JUL 1   1594                      2226   -632     2512

 COOLING
  TODAY            1                         6     -5        1
  MONTH TO DATE   13                        12      1        3
  SINCE MAR 1    154                       148      6      147
  SINCE JAN 1    162                       159      3      147
..................................................................


WIND (MPH)
  HIGHEST WIND SPEED    26   HIGHEST WIND DIRECTION     N (350)
  HIGHEST GUST SPEED    30   HIGHEST GUST DIRECTION     N (340)
  AVERAGE WIND SPEED     6.2


SKY COVER
  POSSIBLE SUNSHINE  MM
  AVERAGE SKY COVER 0.7


WEATHER CONDITIONS
 THE FOLLOWING WEATHER WAS RECORDED TODAY.
  HEAVY RAIN
  RAIN
  LIGHT RAIN
  FOG


RELATIVE HUMIDITY (PERCENT)
 HIGHEST    97           200 AM
 LOWEST     81           200 PM
 AVERAGE    89

..........................................................


THE MONROE CLIMATE NORMALS FOR TOMORROW
                         NORMAL    RECORD    YEAR
 MAXIMUM TEMPERATURE (F)   82        91      2010
 MINIMUM TEMPERATURE (F)   59        41      2013


SUNRISE AND SUNSET
MAY  2 2016...........SUNRISE   620 AM CDT   SUNSET   751 PM CDT
MAY  3 2016...........SUNRISE   619 AM CDT   SUNSET   751 PM CDT


-  INDICATES NEGATIVE NUMBERS.
R  INDICATES RECORD WAS SET OR TIED.
MM INDICATES DATA IS MISSING.
T  INDICATES TRACE AMOUNT.




$$
