000
CDUS44 KSHV 052249
CLIMLU


CLIMATE REPORT
NATIONAL WEATHER SERVICE SHREVEPORT, LA
448 PM CST THU MAR 5 2015


...................................

...THE MONROE CLIMATE SUMMARY FOR MARCH 5 2015...
VALID TODAY AS OF 0400 PM LOCAL TIME.

CLIMATE NORMAL PERIOD 1981 TO 2010
CLIMATE RECORD PERIOD 1930 TO 2015


WEATHER ITEM   OBSERVED TIME   RECORD YEAR NORMAL DEPARTURE LAST
                VALUE   (LST)  VALUE       VALUE  FROM      YEAR
                                                  NORMAL
..................................................................
TEMPERATURE (F)
 TODAY
  MAXIMUM         40    404 PM  84    1955  66    -26       53
  MINIMUM         27   1017 AM  19    1978  44    -17       29
  AVERAGE         34                        55    -21       41

PRECIPITATION (IN)
  TODAY            0.23          2.70 1935   0.17   0.06     0.03
  MONTH TO DATE    0.62                      0.84  -0.22     0.52
  SINCE DEC 1     14.86                     15.77  -0.91     8.21
  SINCE JAN 1     10.38                     10.48  -0.10     4.95

SNOWFALL (IN)
  TODAY           MM
  MONTH TO DATE    0.0
  SINCE MAR 1      0.0
  SINCE JUL 1      3.5
  SNOW DEPTH      MM

DEGREE DAYS
 HEATING
  TODAY           31                        11     20       24
  MONTH TO DATE   88                        55     33      102
  SINCE MAR 1     88                        55     33      102
  SINCE JUL 1   2292                      1949    343     2428

 COOLING
  TODAY            0                         1     -1        0
  MONTH TO DATE    0                         3     -3        1
  SINCE MAR 1      0                         3     -3        1
  SINCE JAN 1      0                        14    -14        3
..................................................................


WIND (MPH)
  HIGHEST WIND SPEED    29   HIGHEST WIND DIRECTION     N (350)
  HIGHEST GUST SPEED    36   HIGHEST GUST DIRECTION     N (10)
  AVERAGE WIND SPEED    17.6


SKY COVER
  POSSIBLE SUNSHINE  MM
  AVERAGE SKY COVER 0.7


WEATHER CONDITIONS
 THE FOLLOWING WEATHER WAS RECORDED TODAY.
  RAIN
  LIGHT RAIN
  FREEZING RAIN
  LT FREEZING RAIN
  LIGHT SNOW
  FOG


RELATIVE HUMIDITY (PERCENT)
 HIGHEST   100           300 AM
 LOWEST     44           400 PM
 AVERAGE    72

..........................................................


THE MONROE CLIMATE NORMALS FOR TOMORROW
                         NORMAL    RECORD    YEAR
 MAXIMUM TEMPERATURE (F)   67        88      1956
 MINIMUM TEMPERATURE (F)   44        26      1963


SUNRISE AND SUNSET
MARCH  5 2015.........SUNRISE   631 AM CST   SUNSET   608 PM CST
MARCH  6 2015.........SUNRISE   630 AM CST   SUNSET   609 PM CST


-  INDICATES NEGATIVE NUMBERS.
R  INDICATES RECORD WAS SET OR TIED.
MM INDICATES DATA IS MISSING.
T  INDICATES TRACE AMOUNT.




$$
