883
CDUS44 KSHV 280850
CLIMLU


CLIMATE REPORT
NATIONAL WEATHER SERVICE SHREVEPORT, LA
249 AM CST TUE FEB 28 2017


...................................

...THE MONROE CLIMATE SUMMARY FOR FEBRUARY 27 2017...

CLIMATE NORMAL PERIOD 1981 TO 2010
CLIMATE RECORD PERIOD 1930 TO 2017


WEATHER ITEM   OBSERVED TIME   RECORD YEAR NORMAL DEPARTURE LAST
                VALUE   (LST)  VALUE       VALUE  FROM      YEAR
                                                  NORMAL
..................................................................
TEMPERATURE (F)
 YESTERDAY
  MAXIMUM         65   1105 PM  85    2011  65      0       68
  MINIMUM         54    749 AM  22    2002  42     12       32
  AVERAGE         60                        54      6       50

PRECIPITATION (IN)
  YESTERDAY        1.09          3.45 2001   0.16   0.93     0.00
  MONTH TO DATE    3.89                      4.46  -0.57     2.69
  SINCE DEC 1     14.23                     14.76  -0.53    13.80
  SINCE JAN 1      9.40                      9.47  -0.07     7.41

SNOWFALL (IN)
  YESTERDAY        0.0
  MONTH TO DATE    0.0
  SINCE DEC 1      0.2
  SINCE JUL 1      0.2
  SNOW DEPTH       0

DEGREE DAYS
 HEATING
  YESTERDAY        5                        12     -7       15
  MONTH TO DATE  199                       400   -201      334
  SINCE DEC 1    983                      1509   -526     1230
  SINCE JUL 1   1196                      1881   -685     1418

 COOLING
  YESTERDAY        0                         0      0        0
  MONTH TO DATE   34                         0     34        5
  SINCE DEC 1     71                        11     60       61
  SINCE JAN 1     51                         4     47        8
..................................................................


WIND (MPH)
  HIGHEST WIND SPEED    23   HIGHEST WIND DIRECTION    NW (320)
  HIGHEST GUST SPEED    30   HIGHEST GUST DIRECTION    NW (320)
  AVERAGE WIND SPEED     6.5


SKY COVER
  POSSIBLE SUNSHINE  MM
  AVERAGE SKY COVER 0.9


WEATHER CONDITIONS
 THE FOLLOWING WEATHER WAS RECORDED YESTERDAY.
  THUNDERSTORM
  HEAVY RAIN
  RAIN
  LIGHT RAIN
  FOG


RELATIVE HUMIDITY (PERCENT)
 HIGHEST   100           500 AM
 LOWEST     69          1200 AM
 AVERAGE    85

..........................................................


THE MONROE CLIMATE NORMALS FOR TODAY
                         NORMAL    RECORD    YEAR
 MAXIMUM TEMPERATURE (F)   65        85      1932
 MINIMUM TEMPERATURE (F)   43        20      2002


SUNRISE AND SUNSET
FEBRUARY 28 2017......SUNRISE   637 AM CST   SUNSET   605 PM CST
MARCH  1 2017.........SUNRISE   635 AM CST   SUNSET   606 PM CST


-  INDICATES NEGATIVE NUMBERS.
R  INDICATES RECORD WAS SET OR TIED.
MM INDICATES DATA IS MISSING.
T  INDICATES TRACE AMOUNT.




$$
