462
CDUS44 KSHV 280732
CLIMLU


CLIMATE REPORT
NATIONAL WEATHER SERVICE SHREVEPORT, LA
232 AM CDT FRI JUL 28 2017


...................................

...THE MONROE CLIMATE SUMMARY FOR JULY 27 2017...

CLIMATE NORMAL PERIOD 1981 TO 2010
CLIMATE RECORD PERIOD 1930 TO 2017


WEATHER ITEM   OBSERVED TIME   RECORD YEAR NORMAL DEPARTURE LAST
                VALUE   (LST)  VALUE       VALUE  FROM      YEAR
                                                  NORMAL
..................................................................
TEMPERATURE (F)
 YESTERDAY
  MAXIMUM         95    409 PM 104    1934  95      0       90
                                      1918
  MINIMUM         76    601 AM  60    1911  72      4       75
  AVERAGE         86                        83      3       83

PRECIPITATION (IN)
  YESTERDAY        0.00          2.40 2001   0.10  -0.10     0.66
                                      1920
  MONTH TO DATE    2.21                      3.18  -0.97     2.80
  SINCE DEC 1     42.01                     37.20   4.81    57.34
  SINCE JAN 1     37.18                     31.91   5.27    50.95

SNOWFALL (IN)
  YESTERDAY        0.0
  MONTH TO DATE    0.0
  SINCE JUN 1      0.0
  SINCE JUL 1      0.0
  SNOW DEPTH       0

DEGREE DAYS
 HEATING
  YESTERDAY        0                         0      0        0
  MONTH TO DATE    0                         0      0        0
  SINCE JUN 1      0                         0      0        0
  SINCE JUL 1      0                         0      0        0

 COOLING
  YESTERDAY       21                        18      3       18
  MONTH TO DATE  511                       486     25      534
  SINCE JUN 1    921                       952    -31     1025
  SINCE JAN 1   1439                      1387     52     1406
..................................................................


WIND (MPH)
  HIGHEST WIND SPEED    13   HIGHEST WIND DIRECTION     W (250)
  HIGHEST GUST SPEED    16   HIGHEST GUST DIRECTION     W (280)
  AVERAGE WIND SPEED     5.8


SKY COVER
  POSSIBLE SUNSHINE  MM
  AVERAGE SKY COVER 0.2


WEATHER CONDITIONS
 THE FOLLOWING WEATHER WAS RECORDED YESTERDAY.
  NO SIGNIFICANT WEATHER WAS OBSERVED.


RELATIVE HUMIDITY (PERCENT)
 HIGHEST    94           600 AM
 LOWEST     46           300 PM
 AVERAGE    70

..........................................................


THE MONROE CLIMATE NORMALS FOR TODAY
                         NORMAL    RECORD    YEAR
 MAXIMUM TEMPERATURE (F)   95       105      1930
 MINIMUM TEMPERATURE (F)   72        63      2004


SUNRISE AND SUNSET
JULY 28 2017..........SUNRISE   620 AM CDT   SUNSET   809 PM CDT
JULY 29 2017..........SUNRISE   621 AM CDT   SUNSET   808 PM CDT


-  INDICATES NEGATIVE NUMBERS.
R  INDICATES RECORD WAS SET OR TIED.
MM INDICATES DATA IS MISSING.
T  INDICATES TRACE AMOUNT.




$$
