000
CDUS44 KSHV 200838
CLIMLU


CLIMATE REPORT
NATIONAL WEATHER SERVICE SHREVEPORT, LA
238 AM CST TUE FEB 20 2018


...................................

...THE MONROE CLIMATE SUMMARY FOR FEBRUARY 19 2018...

CLIMATE NORMAL PERIOD 1981 TO 2010
CLIMATE RECORD PERIOD 1893 TO 2018


WEATHER ITEM   OBSERVED TIME   RECORD YEAR NORMAL DEPARTURE LAST
                VALUE   (LST)  VALUE       VALUE  FROM      YEAR
                                                  NORMAL
..................................................................
TEMPERATURE (F)
 YESTERDAY
  MAXIMUM         82R   348 PM  81    1986  63     19       80
                                      1956
  MINIMUM         61    306 AM  17    1910  40     21       50
  AVERAGE         72                        51     21       65

PRECIPITATION (IN)
  YESTERDAY        0.00          1.67 1924   0.18  -0.18     0.00
  MONTH TO DATE    4.56                      3.10   1.46     0.85
  SINCE DEC 1     10.35                     13.40  -3.05    11.19
  SINCE JAN 1      6.83                      8.11  -1.28     6.36

SNOWFALL (IN)
  YESTERDAY        0.0
  MONTH TO DATE    0.0
  SINCE DEC 1      1.3
  SINCE JUL 1      1.3
  SNOW DEPTH       0

DEGREE DAYS
 HEATING
  YESTERDAY        0                        14    -14        0
  MONTH TO DATE  274                       298    -24      165
  SINCE DEC 1   1447                      1407     40      949
  SINCE JUL 1   1751                      1779    -28     1162

 COOLING
  YESTERDAY        7                         0      7        0
  MONTH TO DATE   15                         0     15       25
  SINCE DEC 1     26                        11     15       62
  SINCE JAN 1     15                         4     11       42
..................................................................


WIND (MPH)
  HIGHEST WIND SPEED    23   HIGHEST WIND DIRECTION     S (200)
  HIGHEST GUST SPEED    31   HIGHEST GUST DIRECTION     S (170)
  AVERAGE WIND SPEED     9.3


SKY COVER
  POSSIBLE SUNSHINE  MM
  AVERAGE SKY COVER 0.5


WEATHER CONDITIONS
 THE FOLLOWING WEATHER WAS RECORDED YESTERDAY.
  FOG
  HAZE


RELATIVE HUMIDITY (PERCENT)
 HIGHEST   100           200 AM
 LOWEST     49           300 PM
 AVERAGE    75

..........................................................


THE MONROE CLIMATE NORMALS FOR TODAY
                         NORMAL    RECORD    YEAR
 MAXIMUM TEMPERATURE (F)   63        82      1986
 MINIMUM TEMPERATURE (F)   41        23      1978


SUNRISE AND SUNSET
FEBRUARY 20 2018......SUNRISE   646 AM CST   SUNSET   558 PM CST
FEBRUARY 21 2018......SUNRISE   645 AM CST   SUNSET   559 PM CST


-  INDICATES NEGATIVE NUMBERS.
R  INDICATES RECORD WAS SET OR TIED.
MM INDICATES DATA IS MISSING.
T  INDICATES TRACE AMOUNT.




$$
