000
CDUS46 KMFR 201142
CLIMMV


CLIMATE REPORT
NATIONAL WEATHER SERVICE PORTLAND OREGON
441 AM PDT SUN APR 20 2014


...................................

...THE MCMINNVILLE OR CLIMATE SUMMARY FOR APRIL 19 2014...

CLIMATE NORMAL PERIOD 1981 TO 2010
CLIMATE RECORD PERIOD 1894 TO 2014


WEATHER ITEM   OBSERVED TIME   RECORD YEAR NORMAL DEPARTURE LAST
                VALUE   (LST)  VALUE       VALUE  FROM      YEAR
                                                  NORMAL
..................................................................
TEMPERATURE (F)
 YESTERDAY
  MAXIMUM         60    120 PM  81    1956  61     -1       60
  MINIMUM         37    503 AM  27    1977  39     -2       46
  AVERAGE         49                        50     -1       53

PRECIPITATION (IN)
  YESTERDAY        0.06          0.98 1965   0.09  -0.03     0.11
  MONTH TO DATE    1.28                      2.02  -0.74     1.69
  SINCE OCT 1     21.85                     32.62 -10.77    27.43
  SINCE JAN 1     16.89                     16.59   0.30     6.29

DEGREE DAYS
 HEATING
  YESTERDAY       16                        15      1       12
  MONTH TO DATE  244                       299    -55      286
  SINCE JUL 1   4175                      4250    -75     3902

 COOLING
  YESTERDAY        0                         0      0        0
  MONTH TO DATE    0                         0      0        0
  SINCE JAN 1      0                         0      0        0
..................................................................


WIND (MPH)
  HIGHEST WIND SPEED    23   HIGHEST WIND DIRECTION     W (250)
  HIGHEST GUST SPEED    MM   HIGHEST GUST DIRECTION    MM
  AVERAGE WIND SPEED     7.9


SKY COVER
  POSSIBLE SUNSHINE  MM
  AVERAGE SKY COVER 0.6


WEATHER CONDITIONS
 THE FOLLOWING WEATHER WAS RECORDED YESTERDAY.
  LIGHT RAIN
  FOG


RELATIVE HUMIDITY (PERCENT)
 HIGHEST   100           200 AM
 LOWEST     61           500 PM
 AVERAGE    81

..........................................................


THE MCMINNVILLE OR CLIMATE NORMALS FOR TODAY
                         NORMAL    RECORD    YEAR
 MAXIMUM TEMPERATURE (F)   62        90      1906
 MINIMUM TEMPERATURE (F)   40        27      1952


SUNRISE AND SUNSET
APRIL 20 2014.........SUNRISE   519 AM PST   SUNSET   705 PM PST
APRIL 21 2014.........SUNRISE   517 AM PST   SUNSET   706 PM PST


-  INDICATES NEGATIVE NUMBERS.
R  INDICATES RECORD WAS SET OR TIED.
MM INDICATES DATA IS MISSING.
T  INDICATES TRACE AMOUNT.




$$
