169
CDUS46 KPQR 210228
CLIMMV


CLIMATE REPORT
NATIONAL WEATHER SERVICE PORTLAND OREGON
728 PM PDT SUN AUG 20 2017


...................................

...THE MCMINNVILLE OR CLIMATE SUMMARY FOR AUGUST 20 2017...
VALID TODAY AS OF 0700 PM LOCAL TIME.

CLIMATE NORMAL PERIOD 1981 TO 2010
CLIMATE RECORD PERIOD 1894 TO 2017


WEATHER ITEM   OBSERVED TIME   RECORD YEAR NORMAL DEPARTURE LAST
                VALUE   (LST)  VALUE       VALUE  FROM      YEAR
                                                  NORMAL
..................................................................
TEMPERATURE (F)
 TODAY
  MAXIMUM         85    434 PM 101    1951  82      3       99
  MINIMUM         49    542 AM  34    1899  50     -1       58
  AVERAGE         67                        66      1       79

PRECIPITATION (IN)
  TODAY            0.00                      0.02  -0.02     0.00
  MONTH TO DATE    0.19                      0.31  -0.12     0.26
  SINCE OCT 1     53.51                     38.09  15.42    49.80
  SINCE JAN 1     29.70                     22.06   7.64    24.73

DEGREE DAYS
 HEATING
  TODAY            0                                         0
  MONTH TO DATE    4                                        13
  SINCE JUN 1    109                                       131
  SINCE JUL 1      9                                        30

 COOLING
  TODAY            2                                        14
  MONTH TO DATE  140                                       124
  SINCE JUN 1    314                                       285
  SINCE JAN 1    338                                       304
..................................................................


WIND (MPH)
  HIGHEST WIND SPEED    18   HIGHEST WIND DIRECTION     N (20)
  HIGHEST GUST SPEED    25   HIGHEST GUST DIRECTION     N (20)
  AVERAGE WIND SPEED     5.0


SKY COVER
  POSSIBLE SUNSHINE  MM
  AVERAGE SKY COVER 0.0


WEATHER CONDITIONS
 THE FOLLOWING WEATHER WAS RECORDED TODAY.
  NO SIGNIFICANT WEATHER WAS OBSERVED.


RELATIVE HUMIDITY (PERCENT)
 HIGHEST    93          1200 AM
 LOWEST     32           400 PM
 AVERAGE    63

..........................................................


THE MCMINNVILLE OR CLIMATE NORMALS FOR TOMORROW
                         NORMAL    RECORD    YEAR
 MAXIMUM TEMPERATURE (F)   82        99      1961
 MINIMUM TEMPERATURE (F)   50        32      1899


SUNRISE AND SUNSET
AUGUST 20 2017........SUNRISE   520 AM PST   SUNSET   710 PM PST
AUGUST 21 2017........SUNRISE   522 AM PST   SUNSET   709 PM PST


-  INDICATES NEGATIVE NUMBERS.
R  INDICATES RECORD WAS SET OR TIED.
MM INDICATES DATA IS MISSING.
T  INDICATES TRACE AMOUNT.




$$
