061
CDUS46 KPQR 231148
CLIMMV


CLIMATE REPORT
NATIONAL WEATHER SERVICE PORTLAND OREGON
448 AM PDT MON OCT 23 2017


...................................

...THE MCMINNVILLE OR CLIMATE SUMMARY FOR OCTOBER 22 2017...

CLIMATE NORMAL PERIOD 1981 TO 2010
CLIMATE RECORD PERIOD 1894 TO 2017


WEATHER ITEM   OBSERVED TIME   RECORD YEAR NORMAL DEPARTURE LAST
                VALUE   (LST)  VALUE       VALUE  FROM      YEAR
                                                  NORMAL
..................................................................
TEMPERATURE (F)
 YESTERDAY
  MAXIMUM         64    242 PM  83    1929  60      4       60
  MINIMUM         47   1159 PM  29    1905  40      7       46
  AVERAGE         56                        50      6       53

PRECIPITATION (IN)
  YESTERDAY        1.14          2.10 1943   0.13   1.01     0.05
  MONTH TO DATE    4.11                      2.02   2.09     8.15
  SINCE OCT 1      4.11                      2.02   2.09     8.15
  SINCE JAN 1     35.85                     25.73  10.12    33.42

DEGREE DAYS
 HEATING
  YESTERDAY        9                        15     -6       12
  MONTH TO DATE  265                       260      5      211
  SINCE JUL 1    365                       476   -111      369

 COOLING
  YESTERDAY        0                         0      0        0
  MONTH TO DATE    0                         0      0        0
  SINCE JAN 1    507                       214    293      363
..................................................................


WIND (MPH)
  HIGHEST WIND SPEED    23   HIGHEST WIND DIRECTION    SW (220)
  HIGHEST GUST SPEED    30   HIGHEST GUST DIRECTION    SW (240)
  AVERAGE WIND SPEED     8.7


SKY COVER
  POSSIBLE SUNSHINE  MM
  AVERAGE SKY COVER 0.4


WEATHER CONDITIONS
 THE FOLLOWING WEATHER WAS RECORDED YESTERDAY.
  HEAVY RAIN
  RAIN
  LIGHT RAIN
  FOG


RELATIVE HUMIDITY (PERCENT)
 HIGHEST   100          1200 AM
 LOWEST     60           300 PM
 AVERAGE    80

..........................................................


THE MCMINNVILLE OR CLIMATE NORMALS FOR TODAY
                         NORMAL    RECORD    YEAR
 MAXIMUM TEMPERATURE (F)   60        86      1929
 MINIMUM TEMPERATURE (F)   40        28      1945


SUNRISE AND SUNSET
OCTOBER 23 2017.......SUNRISE   640 AM PST   SUNSET   513 PM PST
OCTOBER 24 2017.......SUNRISE   641 AM PST   SUNSET   512 PM PST


-  INDICATES NEGATIVE NUMBERS.
R  INDICATES RECORD WAS SET OR TIED.
MM INDICATES DATA IS MISSING.
T  INDICATES TRACE AMOUNT.




$$
