271
CDUS46 KPQR 211145
CLIMMV


CLIMATE REPORT
NATIONAL WEATHER SERVICE PORTLAND OREGON
344 AM PST SUN JAN 21 2018


...................................

...THE MCMINNVILLE OR CLIMATE SUMMARY FOR JANUARY 20 2018...

CLIMATE NORMAL PERIOD 1981 TO 2010
CLIMATE RECORD PERIOD 1894 TO 2018


WEATHER ITEM   OBSERVED TIME   RECORD YEAR NORMAL DEPARTURE LAST
                VALUE   (LST)  VALUE       VALUE  FROM      YEAR
                                                  NORMAL
..................................................................
TEMPERATURE (F)
 YESTERDAY
  MAXIMUM         49    352 PM  58    1968  48      1       48
  MINIMUM         40    536 AM  13    1962  34      6       40
  AVERAGE         45                        41      4       44

PRECIPITATION (IN)
  YESTERDAY        0.03          2.40 1972   0.20  -0.17     0.07
  MONTH TO DATE    3.20                      4.19  -0.99     3.34
  SINCE OCT 1     18.74                     20.22  -1.48    27.15
  SINCE JAN 1      3.20                      4.19  -0.99     3.34

DEGREE DAYS
 HEATING
  YESTERDAY       20                        24     -4       21
  MONTH TO DATE  373                       492   -119      649
  SINCE JUL 1   2119                      2497   -378     2418

 COOLING
  YESTERDAY        0                         0      0        0
  MONTH TO DATE    0                         0      0        0
  SINCE JAN 1      0                         0      0        0
..................................................................


WIND (MPH)
  HIGHEST WIND SPEED    24   HIGHEST WIND DIRECTION     S (180)
  HIGHEST GUST SPEED    32   HIGHEST GUST DIRECTION     S (190)
  AVERAGE WIND SPEED    11.8


SKY COVER
  POSSIBLE SUNSHINE  MM
  AVERAGE SKY COVER 0.8


WEATHER CONDITIONS
 THE FOLLOWING WEATHER WAS RECORDED YESTERDAY.
  LIGHT RAIN


RELATIVE HUMIDITY (PERCENT)
 HIGHEST    93           500 AM
 LOWEST     71           900 PM
 AVERAGE    82

..........................................................


THE MCMINNVILLE OR CLIMATE NORMALS FOR TODAY
                         NORMAL    RECORD    YEAR
 MAXIMUM TEMPERATURE (F)   48        63      1926
 MINIMUM TEMPERATURE (F)   34        12      1962


SUNRISE AND SUNSET
JANUARY 21 2018.......SUNRISE   744 AM PST   SUNSET   505 PM PST
JANUARY 22 2018.......SUNRISE   743 AM PST   SUNSET   506 PM PST


-  INDICATES NEGATIVE NUMBERS.
R  INDICATES RECORD WAS SET OR TIED.
MM INDICATES DATA IS MISSING.
T  INDICATES TRACE AMOUNT.




$$
