624
CDUS46 KPQR 091149
CLIMMV


CLIMATE REPORT
NATIONAL WEATHER SERVICE PORTLAND OREGON
348 AM PST TUE FEB 9 2016


...................................

...THE MCMINNVILLE OR CLIMATE SUMMARY FOR FEBRUARY 8 2016...

CLIMATE NORMAL PERIOD 1981 TO 2010
CLIMATE RECORD PERIOD 1894 TO 2016


WEATHER ITEM   OBSERVED TIME   RECORD YEAR NORMAL DEPARTURE LAST
                VALUE   (LST)  VALUE       VALUE  FROM      YEAR
                                                  NORMAL
..................................................................
TEMPERATURE (F)
 YESTERDAY
  MAXIMUM         66R   352 PM  62    1970  50     16       55
  MINIMUM         40    651 AM  20    1929  35      5       47
  AVERAGE         53                        42     11       51

PRECIPITATION (IN)
  YESTERDAY        0.00          2.40 1996   0.17  -0.17     0.23
  MONTH TO DATE    0.98                      1.58  -0.60     3.73
  SINCE OCT 1     34.56                     23.71  10.85    23.28
  SINCE JAN 1      9.49                      7.68   1.81     7.04

DEGREE DAYS
 HEATING
  YESTERDAY       12                        23    -11       14
  MONTH TO DATE  148                       184    -36      120
  SINCE JUL 1   2426                      2939   -513     2153

 COOLING
  YESTERDAY        0                         0      0        0
  MONTH TO DATE    0                         0      0        0
  SINCE JAN 1      0                         0      0        0
..................................................................


WIND (MPH)
  HIGHEST WIND SPEED    10   HIGHEST WIND DIRECTION     N (350)
  HIGHEST GUST SPEED    14   HIGHEST GUST DIRECTION     N (350)
  AVERAGE WIND SPEED     6.9


SKY COVER
  POSSIBLE SUNSHINE  MM
  AVERAGE SKY COVER 0.0


WEATHER CONDITIONS
 THE FOLLOWING WEATHER WAS RECORDED YESTERDAY.
  NO SIGNIFICANT WEATHER WAS OBSERVED.


RELATIVE HUMIDITY (PERCENT)
 HIGHEST    92          1200 AM
 LOWEST     48           100 PM
 AVERAGE    70

..........................................................


THE MCMINNVILLE OR CLIMATE NORMALS FOR TODAY
                         NORMAL    RECORD    YEAR
 MAXIMUM TEMPERATURE (F)   50        63      1963
 MINIMUM TEMPERATURE (F)   35        16      1929


SUNRISE AND SUNSET
FEBRUARY  9 2016......SUNRISE   723 AM PST   SUNSET   531 PM PST
FEBRUARY 10 2016......SUNRISE   722 AM PST   SUNSET   532 PM PST


-  INDICATES NEGATIVE NUMBERS.
R  INDICATES RECORD WAS SET OR TIED.
MM INDICATES DATA IS MISSING.
T  INDICATES TRACE AMOUNT.




$$
