060
CDUS46 KPQR 301141
CLIMMV


CLIMATE REPORT
NATIONAL WEATHER SERVICE PORTLAND OREGON
440 AM PDT SAT APR 30 2016


...................................

...THE MCMINNVILLE OR CLIMATE SUMMARY FOR APRIL 29 2016...

CLIMATE NORMAL PERIOD 1981 TO 2010
CLIMATE RECORD PERIOD 1894 TO 2016


WEATHER ITEM   OBSERVED TIME   RECORD YEAR NORMAL DEPARTURE LAST
                VALUE   (LST)  VALUE       VALUE  FROM      YEAR
                                                  NORMAL
..................................................................
TEMPERATURE (F)
 YESTERDAY
  MAXIMUM         61    241 PM  89    1931  64     -3       65
  MINIMUM         46   1159 PM  30    1982  41      5       36
  AVERAGE         54                        52      2       51

PRECIPITATION (IN)
  YESTERDAY        0.21          0.70 1913   0.06   0.15     0.00
  MONTH TO DATE    2.90                      2.84   0.06     1.54
  SINCE OCT 1     46.76                     33.44  13.32    30.88
  SINCE JAN 1     21.69                     17.41   4.28    14.64

DEGREE DAYS
 HEATING
  YESTERDAY       11                        13     -2       14
  MONTH TO DATE  270                       435   -165      426
  SINCE JUL 1   3518                      4386   -868     3336

 COOLING
  YESTERDAY        0                         0      0        0
  MONTH TO DATE   11                         0     11        0
  SINCE JAN 1     11                         0     11        0
..................................................................


WIND (MPH)
  HIGHEST WIND SPEED    16   HIGHEST WIND DIRECTION    NW (320)
  HIGHEST GUST SPEED    21   HIGHEST GUST DIRECTION    NW (300)
  AVERAGE WIND SPEED     4.0


SKY COVER
  POSSIBLE SUNSHINE  MM
  AVERAGE SKY COVER 0.7


WEATHER CONDITIONS
 THE FOLLOWING WEATHER WAS RECORDED YESTERDAY.
  HEAVY RAIN
  RAIN
  LIGHT RAIN
  FOG


RELATIVE HUMIDITY (PERCENT)
 HIGHEST    93          1000 PM
 LOWEST     60           600 PM
 AVERAGE    77

..........................................................


THE MCMINNVILLE OR CLIMATE NORMALS FOR TODAY
                         NORMAL    RECORD    YEAR
 MAXIMUM TEMPERATURE (F)   64        85      2014
 MINIMUM TEMPERATURE (F)   41        27      1964


SUNRISE AND SUNSET
APRIL 30 2016.........SUNRISE   502 AM PST   SUNSET   718 PM PST
MAY  1 2016...........SUNRISE   500 AM PST   SUNSET   719 PM PST


-  INDICATES NEGATIVE NUMBERS.
R  INDICATES RECORD WAS SET OR TIED.
MM INDICATES DATA IS MISSING.
T  INDICATES TRACE AMOUNT.




$$
