000
CDUS46 KPQR 291142
CLIMMV


CLIMATE REPORT
NATIONAL WEATHER SERVICE PORTLAND OREGON
342 AM PST MON DEC 29 2014


...................................

...THE MCMINNVILLE OR CLIMATE SUMMARY FOR DECEMBER 28 2014...

CLIMATE NORMAL PERIOD 1981 TO 2010
CLIMATE RECORD PERIOD 1894 TO 2014


WEATHER ITEM   OBSERVED TIME   RECORD YEAR NORMAL DEPARTURE LAST
                VALUE   (LST)  VALUE       VALUE  FROM      YEAR
                                                  NORMAL
..................................................................
TEMPERATURE (F)
 YESTERDAY
  MAXIMUM         49    206 PM  62    1917  46      3       45
  MINIMUM         37   1150 PM  18    1978  33      4       28
  AVERAGE         43                        39      4       37

PRECIPITATION (IN)
  YESTERDAY        0.01          1.54 2010   0.18  -0.17     0.00
  MONTH TO DATE    5.99                      5.58   0.41     1.27
  SINCE OCT 1     16.19                     15.52   0.67     4.91
  SINCE JAN 1     39.97                     39.23   0.74    22.16

DEGREE DAYS
 HEATING
  YESTERDAY       22                        26     -4       28
  MONTH TO DATE  509                       706   -197      834
  SINCE JUL 1   1296                      1928   -632     1962

 COOLING
  YESTERDAY        0                         0      0        0
  MONTH TO DATE    0                         0      0        0
  SINCE JAN 1    529                       215    314      405
..................................................................


WIND (MPH)
  HIGHEST WIND SPEED    15   HIGHEST WIND DIRECTION     W (250)
  HIGHEST GUST SPEED    21   HIGHEST GUST DIRECTION    SW (210)
  AVERAGE WIND SPEED     8.4


SKY COVER
  POSSIBLE SUNSHINE  MM
  AVERAGE SKY COVER 0.6


WEATHER CONDITIONS
 THE FOLLOWING WEATHER WAS RECORDED YESTERDAY.
  LIGHT RAIN


RELATIVE HUMIDITY (PERCENT)
 HIGHEST    92           800 AM
 LOWEST     71          1200 PM
 AVERAGE    82

..........................................................


THE MCMINNVILLE OR CLIMATE NORMALS FOR TODAY
                         NORMAL    RECORD    YEAR
 MAXIMUM TEMPERATURE (F)   46        66      1929
 MINIMUM TEMPERATURE (F)   33        20      1916


SUNRISE AND SUNSET
DECEMBER 29 2014......SUNRISE   751 AM PST   SUNSET   438 PM PST
DECEMBER 30 2014......SUNRISE   751 AM PST   SUNSET   439 PM PST


-  INDICATES NEGATIVE NUMBERS.
R  INDICATES RECORD WAS SET OR TIED.
MM INDICATES DATA IS MISSING.
T  INDICATES TRACE AMOUNT.




$$
