000
CDUS46 KPQR 281141
CLIMMV


CLIMATE REPORT
NATIONAL WEATHER SERVICE PORTLAND OREGON
340 AM PST SAT FEB 28 2015


...................................

...THE MCMINNVILLE OR CLIMATE SUMMARY FOR FEBRUARY 27 2015...

CLIMATE NORMAL PERIOD 1981 TO 2010
CLIMATE RECORD PERIOD 1894 TO 2015


WEATHER ITEM   OBSERVED TIME   RECORD YEAR NORMAL DEPARTURE LAST
                VALUE   (LST)  VALUE       VALUE  FROM      YEAR
                                                  NORMAL
..................................................................
TEMPERATURE (F)
 YESTERDAY
  MAXIMUM         55    149 PM  70    1968  53      2       47
  MINIMUM         46   1142 PM  16    1962  35     11       41
  AVERAGE         51                        44      7       44

PRECIPITATION (IN)
  YESTERDAY        1.03          1.81 1972   0.17   0.86     0.15
  MONTH TO DATE    5.97                      4.27   1.70     5.58
  SINCE OCT 1     25.52                     26.40  -0.88    13.23
  SINCE JAN 1      9.28                     10.37  -1.09     8.27

DEGREE DAYS
 HEATING
  YESTERDAY       14                        21     -7       21
  MONTH TO DATE  426                       604   -178      640
  SINCE JUL 1   2459                      3359   -900     3411

 COOLING
  YESTERDAY        0                         0      0        0
  MONTH TO DATE    0                         0      0        0
  SINCE JAN 1      0                         0      0        0
..................................................................


WIND (MPH)
  HIGHEST WIND SPEED    14   HIGHEST WIND DIRECTION     S (200)
  HIGHEST GUST SPEED    17   HIGHEST GUST DIRECTION    SW (230)
  AVERAGE WIND SPEED     7.1


SKY COVER
  POSSIBLE SUNSHINE  MM
  AVERAGE SKY COVER 1.0


WEATHER CONDITIONS
 THE FOLLOWING WEATHER WAS RECORDED YESTERDAY.
  HEAVY RAIN
  RAIN
  LIGHT RAIN
  FOG


RELATIVE HUMIDITY (PERCENT)
 HIGHEST    93           300 AM
 LOWEST     66           200 PM
 AVERAGE    80

..........................................................


THE MCMINNVILLE OR CLIMATE NORMALS FOR TODAY
                         NORMAL    RECORD    YEAR
 MAXIMUM TEMPERATURE (F)   53        72      1968
 MINIMUM TEMPERATURE (F)   35        24      1951


SUNRISE AND SUNSET
FEBRUARY 28 2015......SUNRISE   653 AM PST   SUNSET   558 PM PST
MARCH  1 2015.........SUNRISE   651 AM PST   SUNSET   600 PM PST


-  INDICATES NEGATIVE NUMBERS.
R  INDICATES RECORD WAS SET OR TIED.
MM INDICATES DATA IS MISSING.
T  INDICATES TRACE AMOUNT.




$$
