398
CDUS46 KPQR 271147
CLIMMV


CLIMATE REPORT
NATIONAL WEATHER SERVICE PORTLAND OREGON
446 AM PDT FRI MAY 27 2016


...................................

...THE MCMINNVILLE OR CLIMATE SUMMARY FOR MAY 26 2016...

CLIMATE NORMAL PERIOD 1981 TO 2010
CLIMATE RECORD PERIOD 1894 TO 2016


WEATHER ITEM   OBSERVED TIME   RECORD YEAR NORMAL DEPARTURE LAST
                VALUE   (LST)  VALUE       VALUE  FROM      YEAR
                                                  NORMAL
..................................................................
TEMPERATURE (F)
 YESTERDAY
  MAXIMUM         62    524 PM  91    2005  69     -7       72
  MINIMUM         48   1159 PM  32    1940  45      3       54
  AVERAGE         55                        57     -2       63

PRECIPITATION (IN)
  YESTERDAY        0.00          0.55 1953   0.08  -0.08     0.00
  MONTH TO DATE    0.74                      1.89  -1.15     0.89
  SINCE OCT 1     47.50                     35.40  12.10    31.77
  SINCE JAN 1     22.43                     19.37   3.06    15.53

DEGREE DAYS
 HEATING
  YESTERDAY       10                         8      2        2
  MONTH TO DATE  146                       264   -118      182
  SINCE JUL 1   3675                      4662   -987     3528

 COOLING
  YESTERDAY        0                         0      0        0
  MONTH TO DATE    5                         0      5        0
  SINCE JAN 1     16                         0     16        0
..................................................................


WIND (MPH)
  HIGHEST WIND SPEED    14   HIGHEST WIND DIRECTION     W (250)
  HIGHEST GUST SPEED    17   HIGHEST GUST DIRECTION     W (250)
  AVERAGE WIND SPEED     5.6


SKY COVER
  POSSIBLE SUNSHINE  MM
  AVERAGE SKY COVER 0.8


WEATHER CONDITIONS
 THE FOLLOWING WEATHER WAS RECORDED YESTERDAY.
  FOG


RELATIVE HUMIDITY (PERCENT)
 HIGHEST    89           400 AM
 LOWEST     55           500 PM
 AVERAGE    72

..........................................................


THE MCMINNVILLE OR CLIMATE NORMALS FOR TODAY
                         NORMAL    RECORD    YEAR
 MAXIMUM TEMPERATURE (F)   69        91      2005
 MINIMUM TEMPERATURE (F)   45        28      1966


SUNRISE AND SUNSET
MAY 27 2016...........SUNRISE   431 AM PST   SUNSET   749 PM PST
MAY 28 2016...........SUNRISE   430 AM PST   SUNSET   750 PM PST


-  INDICATES NEGATIVE NUMBERS.
R  INDICATES RECORD WAS SET OR TIED.
MM INDICATES DATA IS MISSING.
T  INDICATES TRACE AMOUNT.




$$
