189
CDUS44 KMOB 290645
CLIMOB


CLIMATE REPORT
NATIONAL WEATHER SERVICE MOBILE AL
145 AM CDT MON AUG 29 2016


...................................

...THE MOBILE CLIMATE SUMMARY FOR AUGUST 28 2016...

CLIMATE NORMAL PERIOD 1981 TO 2010
CLIMATE RECORD PERIOD 1842 TO 2016


WEATHER ITEM   OBSERVED TIME   RECORD YEAR NORMAL DEPARTURE LAST
                VALUE   (LST)  VALUE       VALUE  FROM      YEAR
                                                  NORMAL
..................................................................
TEMPERATURE (F)
 YESTERDAY
  MAXIMUM         90   1236 PM  97    2000  90      0       90
                                      1954
                                      1909
  MINIMUM         74   1057 PM  66    2015  72      2       66
                                      2013
                                      1992
  AVERAGE         82                        81      1       78

PRECIPITATION (IN)
  YESTERDAY        0.14          4.15 2012   0.18  -0.04     0.00
  MONTH TO DATE    4.59                      6.42  -1.83     3.21
  SINCE MAR 1     37.52                     35.85   1.67    41.02
  SINCE JAN 1     46.97                     46.62   0.35    47.07

DEGREE DAYS
 COOLING
  YESTERDAY       17                        16      1       13
  MONTH TO DATE  492                       471     21      478
  SINCE JUN 1   1535                      1437     98     1534
  SINCE JAN 1   1994                      1882    112     2134
..................................................................


WIND (MPH)
  HIGHEST WIND SPEED    23   HIGHEST WIND DIRECTION    SE (140)
  HIGHEST GUST SPEED    28   HIGHEST GUST DIRECTION    SE (130)
  AVERAGE WIND SPEED     5.3


SKY COVER
  POSSIBLE SUNSHINE  MM
  AVERAGE SKY COVER 0.4


WEATHER CONDITIONS
 THE FOLLOWING WEATHER WAS RECORDED YESTERDAY.
  THUNDERSTORM
  HEAVY RAIN
  RAIN
  LIGHT RAIN
  FOG


RELATIVE HUMIDITY (PERCENT)
 HIGHEST   100           600 PM
 LOWEST     59          1200 PM
 AVERAGE    80

..........................................................


THE MOBILE CLIMATE NORMALS FOR TODAY
                         NORMAL    RECORD    YEAR
 MAXIMUM TEMPERATURE (F)   90       105      2000
 MINIMUM TEMPERATURE (F)   72        61      1992


SUNRISE AND SUNSET
AUGUST 29 2016........SUNRISE   628 AM CDT   SUNSET   719 PM CDT
AUGUST 30 2016........SUNRISE   629 AM CDT   SUNSET   718 PM CDT


-  INDICATES NEGATIVE NUMBERS.
R  INDICATES RECORD WAS SET OR TIED.
MM INDICATES DATA IS MISSING.
T  INDICATES TRACE AMOUNT.




$$
