000
CDUS44 KMOB 202332
CLIMOB


CLIMATE REPORT
NATIONAL WEATHER SERVICE MOBILE AL
531 PM CST MON NOV 20 2017


...................................

...THE MOBILE CLIMATE SUMMARY FOR NOVEMBER 20 2017...
VALID TODAY AS OF 0500 PM LOCAL TIME.

CLIMATE NORMAL PERIOD 1981 TO 2010
CLIMATE RECORD PERIOD 1842 TO 2017


WEATHER ITEM   OBSERVED TIME   RECORD YEAR NORMAL DEPARTURE LAST
                VALUE   (LST)  VALUE       VALUE  FROM      YEAR
                                                  NORMAL
..................................................................
TEMPERATURE (F)
 TODAY
  MAXIMUM         59    209 PM  84    1973  69    -10       63
  MINIMUM         33    612 AM  27    1937  47    -14       35
  AVERAGE         46                        58    -12       49

PRECIPITATION (IN)
  TODAY            0.00          2.35 1999   0.18  -0.18     0.00
  MONTH TO DATE    0.32                      3.46  -3.14     0.51
  SINCE MAR 1     67.04                     48.65  18.39    43.27
  SINCE JAN 1     79.25                     59.42  19.83    52.72

DEGREE DAYS
 HEATING
  TODAY           19                         8     11       16
  MONTH TO DATE   74                       112    -38       63
  SINCE SEP 1    132                       167    -35       74
  SINCE JUL 1    132                       167    -35       74

 COOLING
  TODAY            0                         1     -1        0
  MONTH TO DATE   56                        32     24       43
  SINCE SEP 1    689                       567    122      741
  SINCE JAN 1   2775                      2494    281     2791
..................................................................


WIND (MPH)
  HIGHEST WIND SPEED    10   HIGHEST WIND DIRECTION     E (100)
  HIGHEST GUST SPEED    14   HIGHEST GUST DIRECTION     E (100)
  AVERAGE WIND SPEED     4.3


SKY COVER
  POSSIBLE SUNSHINE  MM
  AVERAGE SKY COVER 0.5


WEATHER CONDITIONS
 THE FOLLOWING WEATHER WAS RECORDED TODAY.
  NO SIGNIFICANT WEATHER WAS OBSERVED.


RELATIVE HUMIDITY (PERCENT)
 HIGHEST    89           500 AM
 LOWEST     36           200 PM
 AVERAGE    63

..........................................................


THE MOBILE CLIMATE NORMALS FOR TOMORROW
                         NORMAL    RECORD    YEAR
 MAXIMUM TEMPERATURE (F)   69        82      1994
 MINIMUM TEMPERATURE (F)   47        25      1887


SUNRISE AND SUNSET
NOVEMBER 20 2017......SUNRISE   624 AM CST   SUNSET   453 PM CST
NOVEMBER 21 2017......SUNRISE   625 AM CST   SUNSET   453 PM CST


-  INDICATES NEGATIVE NUMBERS.
R  INDICATES RECORD WAS SET OR TIED.
MM INDICATES DATA IS MISSING.
T  INDICATES TRACE AMOUNT.




$$
