000
CDUS44 KMOB 020645
CLIMOB


CLIMATE REPORT
NATIONAL WEATHER SERVICE MOBILE AL
145 AM CDT TUE JUN 2 2015


...................................

...THE MOBILE CLIMATE SUMMARY FOR JUNE 1 2015...

CLIMATE NORMAL PERIOD 1981 TO 2010
CLIMATE RECORD PERIOD 1842 TO 2015


WEATHER ITEM   OBSERVED TIME   RECORD YEAR NORMAL DEPARTURE LAST
                VALUE   (LST)  VALUE       VALUE  FROM      YEAR
                                                  NORMAL
..................................................................
TEMPERATURE (F)
 YESTERDAY
  MAXIMUM         84    131 PM 101    2011  88     -4       84
  MINIMUM         68    447 AM  49    1984  68      0       68
  AVERAGE         76                        78     -2       76

PRECIPITATION (IN)
  YESTERDAY        0.77          2.01 1981   0.19   0.58      T
  MONTH TO DATE    0.77                      0.19   0.58      T
  SINCE MAR 1     26.68                     16.26  10.42    34.38
  SINCE JAN 1     32.73                     27.03   5.70    41.50

DEGREE DAYS
 COOLING
  YESTERDAY       11                        13     -2       11
  MONTH TO DATE   11                        13     -2       11
  SINCE JUN 1     11                        13     -2       11
  SINCE JAN 1    611                       458    153      349
..................................................................


WIND (MPH)
  HIGHEST WIND SPEED    23   HIGHEST WIND DIRECTION     E (110)
  HIGHEST GUST SPEED    28   HIGHEST GUST DIRECTION    SE (120)
  AVERAGE WIND SPEED     4.6


SKY COVER
  POSSIBLE SUNSHINE  MM
  AVERAGE SKY COVER 0.5


WEATHER CONDITIONS
 THE FOLLOWING WEATHER WAS RECORDED YESTERDAY.
  THUNDERSTORM
  HEAVY RAIN
  LIGHT RAIN
  FOG


RELATIVE HUMIDITY (PERCENT)
 HIGHEST   100           800 PM
 LOWEST     63          1200 PM
 AVERAGE    82

..........................................................


THE MOBILE CLIMATE NORMALS FOR TODAY
                         NORMAL    RECORD    YEAR
 MAXIMUM TEMPERATURE (F)   88        98      2011
 MINIMUM TEMPERATURE (F)   68        54      1984
                                             1894


SUNRISE AND SUNSET
JUNE  2 2015..........SUNRISE   551 AM CDT   SUNSET   752 PM CDT
JUNE  3 2015..........SUNRISE   550 AM CDT   SUNSET   752 PM CDT


-  INDICATES NEGATIVE NUMBERS.
R  INDICATES RECORD WAS SET OR TIED.
MM INDICATES DATA IS MISSING.
T  INDICATES TRACE AMOUNT.




$$
