000
CDUS44 KMOB 212227
CLIMOB


CLIMATE REPORT
NATIONAL WEATHER SERVICE MOBILE AL
527 PM CDT THU SEP 21 2017


...................................

...THE MOBILE CLIMATE SUMMARY FOR SEPTEMBER 21 2017...
VALID TODAY AS OF 0500 PM LOCAL TIME.

CLIMATE NORMAL PERIOD 1981 TO 2010
CLIMATE RECORD PERIOD 1842 TO 2017


WEATHER ITEM   OBSERVED TIME   RECORD YEAR NORMAL DEPARTURE LAST
                VALUE   (LST)  VALUE       VALUE  FROM      YEAR
                                                  NORMAL
..................................................................
TEMPERATURE (F)
 TODAY
  MAXIMUM         92    232 PM  99    1925  86      6       93
  MINIMUM         71    607 AM  51    1918  67      4       69
  AVERAGE         82                        76      6       81

PRECIPITATION (IN)
  TODAY            0.00          2.44 1898   0.17  -0.17     0.04
  MONTH TO DATE    1.13                      3.64  -2.51     3.63
  SINCE MAR 1     51.38                     40.03  11.35    41.15
  SINCE JAN 1     63.59                     50.80  12.79    50.60

DEGREE DAYS
 COOLING
  TODAY           17                        11      6       16
  MONTH TO DATE  257                       288    -31      342
  SINCE SEP 1    257                       288    -31      342
  SINCE JAN 1   2343                      2215    128     2392
..................................................................


WIND (MPH)
  HIGHEST WIND SPEED    13   HIGHEST WIND DIRECTION     N (20)
  HIGHEST GUST SPEED    15   HIGHEST GUST DIRECTION     N (10)
  AVERAGE WIND SPEED     5.1


SKY COVER
  POSSIBLE SUNSHINE  MM
  AVERAGE SKY COVER 0.3


WEATHER CONDITIONS
 THE FOLLOWING WEATHER WAS RECORDED TODAY.
  THUNDERSTORM
  FOG


RELATIVE HUMIDITY (PERCENT)
 HIGHEST    93          1200 AM
 LOWEST     49           200 PM
 AVERAGE    71

..........................................................


THE MOBILE CLIMATE NORMALS FOR TOMORROW
                         NORMAL    RECORD    YEAR
 MAXIMUM TEMPERATURE (F)   86        98      1925
 MINIMUM TEMPERATURE (F)   66        47      1983


SUNRISE AND SUNSET
SEPTEMBER 21 2017.....SUNRISE   641 AM CDT   SUNSET   650 PM CDT
SEPTEMBER 22 2017.....SUNRISE   641 AM CDT   SUNSET   649 PM CDT


-  INDICATES NEGATIVE NUMBERS.
R  INDICATES RECORD WAS SET OR TIED.
MM INDICATES DATA IS MISSING.
T  INDICATES TRACE AMOUNT.




$$
