000
CDUS44 KMOB 230640
CLIMOB


CLIMATE REPORT
NATIONAL WEATHER SERVICE MOBILE AL
139 AM CDT TUE SEP 23 2014


...................................

...THE MOBILE CLIMATE SUMMARY FOR SEPTEMBER 22 2014...

CLIMATE NORMAL PERIOD 1981 TO 2010
CLIMATE RECORD PERIOD 1842 TO 2014


WEATHER ITEM   OBSERVED TIME   RECORD YEAR NORMAL DEPARTURE LAST
                VALUE   (LST)  VALUE       VALUE  FROM      YEAR
                                                  NORMAL
..................................................................
TEMPERATURE (F)
 YESTERDAY
  MAXIMUM         88   1132 AM  98    1925  86      2       81
  MINIMUM         64   1148 PM  47    1983  66     -2       68
  AVERAGE         76                        76      0       75

PRECIPITATION (IN)
  YESTERDAY        0.02          5.17 1920   0.16  -0.14     0.06
  MONTH TO DATE    4.64                      3.80   0.84     3.20
  SINCE MAR 1     54.92                     40.19  14.73    40.72
  SINCE JAN 1     62.04                     50.96  11.08    54.90

DEGREE DAYS
 HEATING
  YESTERDAY        0                         0      0        0
  MONTH TO DATE    0                         0      0        0
  SINCE SEP 1      0                         0      0        0
  SINCE JUL 1      0                         0      0        0

 COOLING
  YESTERDAY       11                        11      0       10
  MONTH TO DATE  342                       299     43      354
  SINCE SEP 1    342                       299     43      354
  SINCE JAN 1   2090                      2226   -136     2184
..................................................................


WIND (MPH)
  HIGHEST WIND SPEED    16   HIGHEST WIND DIRECTION     N (360)
  HIGHEST GUST SPEED    22   HIGHEST GUST DIRECTION     N (360)
  AVERAGE WIND SPEED     6.3


SKY COVER
  POSSIBLE SUNSHINE  MM
  AVERAGE SKY COVER 0.2


WEATHER CONDITIONS
 THE FOLLOWING WEATHER WAS RECORDED YESTERDAY.
  FOG


RELATIVE HUMIDITY (PERCENT)
 HIGHEST   100          1200 AM
 LOWEST     55          1100 AM
 AVERAGE    78

..........................................................


THE MOBILE CLIMATE NORMALS FOR TODAY
                         NORMAL    RECORD    YEAR
 MAXIMUM TEMPERATURE (F)   85        96      1921
 MINIMUM TEMPERATURE (F)   66        49      1983


SUNRISE AND SUNSET
SEPTEMBER 23 2014.....SUNRISE   642 AM CDT   SUNSET   648 PM CDT
SEPTEMBER 24 2014.....SUNRISE   642 AM CDT   SUNSET   647 PM CDT


-  INDICATES NEGATIVE NUMBERS.
R  INDICATES RECORD WAS SET OR TIED.
MM INDICATES DATA IS MISSING.
T  INDICATES TRACE AMOUNT.




$$
