000
CDUS44 KMOB 292225
CLIMOB


CLIMATE REPORT
NATIONAL WEATHER SERVICE MOBILE AL
525 PM CDT MON MAY 29 2017


...................................

...THE MOBILE CLIMATE SUMMARY FOR MAY 29 2017...
VALID TODAY AS OF 0500 PM LOCAL TIME.

CLIMATE NORMAL PERIOD 1981 TO 2010
CLIMATE RECORD PERIOD 1842 TO 2017


WEATHER ITEM   OBSERVED TIME   RECORD YEAR NORMAL DEPARTURE LAST
                VALUE   (LST)  VALUE       VALUE  FROM      YEAR
                                                  NORMAL
..................................................................
TEMPERATURE (F)
 TODAY
  MAXIMUM         88    148 PM  95    2012  87      1       91
                                      2006
  MINIMUM         74    803 AM  56    1984  67      7       65
  AVERAGE         81                        77      4       78

PRECIPITATION (IN)
  TODAY            0.10          5.62 1883   0.18  -0.08     0.00
  MONTH TO DATE   10.39                      4.78   5.61     2.48
  SINCE MAR 1     19.29                     15.71   3.58    18.53
  SINCE JAN 1     31.50                     26.48   5.02    27.98

DEGREE DAYS
 COOLING
  TODAY           16                        12      4       13
  MONTH TO DATE  244                       262    -18      243
  SINCE MAR 1    504                       405     99      415
  SINCE JAN 1    579                       421    158      429
..................................................................


WIND (MPH)
  HIGHEST WIND SPEED    13   HIGHEST WIND DIRECTION    SW (210)
  HIGHEST GUST SPEED    17   HIGHEST GUST DIRECTION    SE (120)
  AVERAGE WIND SPEED     5.2


SKY COVER
  POSSIBLE SUNSHINE  MM
  AVERAGE SKY COVER 0.7


WEATHER CONDITIONS
 THE FOLLOWING WEATHER WAS RECORDED TODAY.
  THUNDERSTORM
  RAIN
  LIGHT RAIN
  FOG


RELATIVE HUMIDITY (PERCENT)
 HIGHEST    94          1200 AM
 LOWEST     50           300 PM
 AVERAGE    72

..........................................................


THE MOBILE CLIMATE NORMALS FOR TOMORROW
                         NORMAL    RECORD    YEAR
 MAXIMUM TEMPERATURE (F)   87        97      1911
 MINIMUM TEMPERATURE (F)   67        48      1984


SUNRISE AND SUNSET
MAY 29 2017...........SUNRISE   552 AM CDT   SUNSET   750 PM CDT
MAY 30 2017...........SUNRISE   551 AM CDT   SUNSET   750 PM CDT


-  INDICATES NEGATIVE NUMBERS.
R  INDICATES RECORD WAS SET OR TIED.
MM INDICATES DATA IS MISSING.
T  INDICATES TRACE AMOUNT.




$$
