000
CDUS44 KMOB 170645
CLIMOB


CLIMATE REPORT
NATIONAL WEATHER SERVICE MOBILE AL
1245 AM CST WED DEC 17 2014


...................................

...THE MOBILE CLIMATE SUMMARY FOR DECEMBER 16 2014...

CLIMATE NORMAL PERIOD 1981 TO 2010
CLIMATE RECORD PERIOD 1842 TO 2014


WEATHER ITEM   OBSERVED TIME   RECORD YEAR NORMAL DEPARTURE LAST
                VALUE   (LST)  VALUE       VALUE  FROM      YEAR
                                                  NORMAL
..................................................................
TEMPERATURE (F)
 YESTERDAY
  MAXIMUM         66    235 PM  81    1971  62      4       60
  MINIMUM         43   1159 PM  16    1901  42      1       30
  AVERAGE         55                        52      3       45

PRECIPITATION (IN)
  YESTERDAY        0.23          2.48 1902   0.15   0.08     0.00
  MONTH TO DATE    0.42                      2.53  -2.11     1.11
  SINCE MAR 1     60.74                     52.85   7.89    48.84
  SINCE JAN 1     67.86                     63.62   4.24    63.02

SNOWFALL (IN)
  YESTERDAY       MM             0.0  2001   0.0   MM        0.0
                                      2000
  MONTH TO DATE    0.0                       0.0    0.0      0.0
  SINCE MAR 1      0.0                       0.1   -0.1      0.0
  SINCE JUL 1      0.0                       0.0    0.0      0.0
  SNOW DEPTH       0

DEGREE DAYS
 HEATING
  YESTERDAY       10                        13     -3       20
  MONTH TO DATE  140                       190    -50      168
  SINCE DEC 1    140                       190    -50      168
  SINCE JUL 1    533                       448     85      452

 COOLING
  YESTERDAY        0                         0      0        0
  MONTH TO DATE    1                         8     -7       19
  SINCE DEC 1      1                         8     -7       19
  SINCE JAN 1   2305                      2511   -206     2514
..................................................................


WIND (MPH)
  HIGHEST WIND SPEED    14   HIGHEST WIND DIRECTION     W (290)
  HIGHEST GUST SPEED    21   HIGHEST GUST DIRECTION    NW (300)
  AVERAGE WIND SPEED     7.4


SKY COVER
  POSSIBLE SUNSHINE  MM
  AVERAGE SKY COVER 0.4


WEATHER CONDITIONS
 THE FOLLOWING WEATHER WAS RECORDED YESTERDAY.
  HEAVY RAIN
  LIGHT RAIN
  FOG


RELATIVE HUMIDITY (PERCENT)
 HIGHEST    93          1200 AM
 LOWEST     37           100 PM
 AVERAGE    65

..........................................................


THE MOBILE CLIMATE NORMALS FOR TODAY
                         NORMAL    RECORD    YEAR
 MAXIMUM TEMPERATURE (F)   62        78      2008
                                             1971
 MINIMUM TEMPERATURE (F)   42        25      1963


SUNRISE AND SUNSET
DECEMBER 17 2014......SUNRISE   644 AM CST   SUNSET   454 PM CST
DECEMBER 18 2014......SUNRISE   645 AM CST   SUNSET   455 PM CST


-  INDICATES NEGATIVE NUMBERS.
R  INDICATES RECORD WAS SET OR TIED.
MM INDICATES DATA IS MISSING.
T  INDICATES TRACE AMOUNT.




$$
