000
CDUS46 KSTO 290049
CLIMOD


CLIMATE REPORT
NATIONAL WEATHER SERVICE SACRAMENTO, CA
549 PM PDT SAT MAY 28 2016


...................................

...THE MODESTO CA CLIMATE SUMMARY FOR MAY 28 2016...
VALID TODAY AS OF 0500 PM LOCAL TIME.

CLIMATE NORMAL PERIOD 1981 TO 2010
CLIMATE RECORD PERIOD 1931 TO 2016


WEATHER ITEM   OBSERVED TIME   RECORD YEAR NORMAL DEPARTURE LAST
                VALUE   (LST)  VALUE       VALUE  FROM      YEAR
                                                  NORMAL
..................................................................
TEMPERATURE (F)
 TODAY
  MAXIMUM         92    346 PM 105    1984  86      6       86
  MINIMUM         67    529 AM  43    1969  57     10       56
  AVERAGE         80

PRECIPITATION (IN)
  TODAY            0.00          0.77 1990   0.01  -0.01     0.00
  MONTH TO DATE    0.25                      0.59  -0.34     0.27
  SINCE OCT 1     15.61                     12.67   2.94    10.25
  SINCE JAN 1     11.20                      8.59   2.61     2.85

SNOWFALL (IN)
  TODAY            0.0          MM      MM
  MONTH TO DATE    0.0
  SINCE MAR 1      0.0
  SINCE JUL 1      0.0

DEGREE DAYS
 HEATING
  TODAY            0                         0      0        0
  MONTH TO DATE   16                        33    -17       23
  SINCE MAR 1    242                       399   -157      200
  SINCE JUL 1   1834                      2167   -333     1612

 COOLING
  TODAY           15                         7      8        6
  MONTH TO DATE  150                       134     16       68
  SINCE MAR 1    204                       178     26      151
  SINCE JAN 1    204                       178     26      151
..................................................................


WIND (MPH)
  RESULTANT WIND SPEED  10   RESULTANT WIND DIRECTION  NW (300)
  HIGHEST WIND SPEED    18   HIGHEST WIND DIRECTION    NW (300)
  HIGHEST GUST SPEED    26   HIGHEST GUST DIRECTION    NW (300)


SKY COVER
  POSSIBLE SUNSHINE  MM
  AVERAGE SKY COVER 0.0


WEATHER CONDITIONS
 THE FOLLOWING WEATHER WAS RECORDED TODAY.
  NO SIGNIFICANT WEATHER WAS OBSERVED.


RELATIVE HUMIDITY (PERCENT)
 HIGHEST    56           400 AM
 LOWEST     16           200 PM
 AVERAGE    36

..........................................................


THE MODESTO CA CLIMATE NORMALS FOR TOMORROW
                         NORMAL    RECORD    YEAR
 MAXIMUM TEMPERATURE (F)   86       104      1984
 MINIMUM TEMPERATURE (F)   57        44      1961


SUNRISE AND SUNSET
MAY 28 2016...........SUNRISE   545 AM PDT   SUNSET   817 PM PDT
MAY 29 2016...........SUNRISE   545 AM PDT   SUNSET   818 PM PDT


-  INDICATES NEGATIVE NUMBERS.
R  INDICATES RECORD WAS SET OR TIED.
MM INDICATES DATA IS MISSING.
T  INDICATES TRACE AMOUNT.




$$
