000
CDUS46 KSTO 190849
CLIMOD


CLIMATE REPORT
NATIONAL WEATHER SERVICE SACRAMENTO, CA
1249 AM PST FRI JAN 19 2018


...................................

...THE MODESTO CA CLIMATE SUMMARY FOR JANUARY 18 2018...

CLIMATE NORMAL PERIOD 1981 TO 2010
CLIMATE RECORD PERIOD 1931 TO 2018


WEATHER ITEM   OBSERVED TIME   RECORD YEAR NORMAL DEPARTURE LAST
                VALUE   (LST)  VALUE       VALUE  FROM      YEAR
                                                  NORMAL
..................................................................
TEMPERATURE (F)
 YESTERDAY
  MAXIMUM         57    349 PM  70    1994  55      2       52
  MINIMUM         50   1127 AM  26    2002  40     10       43
                                      1963
  AVERAGE         54

PRECIPITATION (IN)
  YESTERDAY        0.11          1.28 2016   0.08   0.03     0.74
  MONTH TO DATE    2.33                      1.49   0.84     4.02
  SINCE OCT 1      3.36                      5.57  -2.21     9.05
  SINCE JAN 1      2.33                      1.49   0.84     4.02

SNOWFALL (IN)
  YESTERDAY        0.0           0.0  2002
  MONTH TO DATE    0.0
  SINCE DEC 1      0.0
  SINCE JUL 1      0.0
  SNOW DEPTH       0

DEGREE DAYS
 HEATING
  YESTERDAY       11                        17     -6       17
  MONTH TO DATE  215                       323   -108      294
  SINCE DEC 1    740                       859   -119      810
  SINCE JUL 1   1007                      1220   -213     1023

 COOLING
  YESTERDAY        0                         0      0        0
  MONTH TO DATE    0                         0      0        0
  SINCE DEC 1      0                         0      0        0
  SINCE JAN 1      0                         0      0        0
..................................................................


WIND (MPH)
  RESULTANT WIND SPEED   3   RESULTANT WIND DIRECTION  SE (120)
  HIGHEST WIND SPEED    17   HIGHEST WIND DIRECTION    NW (300)
  HIGHEST GUST SPEED    22   HIGHEST GUST DIRECTION     W (290)


SKY COVER
  POSSIBLE SUNSHINE  MM
  AVERAGE SKY COVER 0.8


WEATHER CONDITIONS
 THE FOLLOWING WEATHER WAS RECORDED YESTERDAY.
  LIGHT RAIN
  FOG
  HAZE


RELATIVE HUMIDITY (PERCENT)
 HIGHEST   100          1200 AM
 LOWEST     77           300 PM
 AVERAGE    89

..........................................................


THE MODESTO CA CLIMATE NORMALS FOR TODAY
                         NORMAL    RECORD    YEAR
 MAXIMUM TEMPERATURE (F)   56        74      1981
 MINIMUM TEMPERATURE (F)   40        26      1947


SUNRISE AND SUNSET
JANUARY 19 2018.......SUNRISE   716 AM PST   SUNSET   514 PM PST
JANUARY 20 2018.......SUNRISE   715 AM PST   SUNSET   515 PM PST


-  INDICATES NEGATIVE NUMBERS.
R  INDICATES RECORD WAS SET OR TIED.
MM INDICATES DATA IS MISSING.
T  INDICATES TRACE AMOUNT.




$$
