000
CDUS46 KSTO 300843
CLIMOD


CLIMATE REPORT
NATIONAL WEATHER SERVICE SACRAMENTO, CA
143 AM PDT SUN APR 30 2017


...................................

...THE MODESTO CA CLIMATE SUMMARY FOR APRIL 29 2017...

CLIMATE NORMAL PERIOD 1981 TO 2010
CLIMATE RECORD PERIOD 1931 TO 2017


WEATHER ITEM   OBSERVED TIME   RECORD YEAR NORMAL DEPARTURE LAST
                VALUE   (LST)  VALUE       VALUE  FROM      YEAR
                                                  NORMAL
..................................................................
TEMPERATURE (F)
 YESTERDAY
  MAXIMUM         82    406 PM  97    1981  79      3       81
  MINIMUM         51    547 AM  35    1942  52     -1       51
  AVERAGE         67

PRECIPITATION (IN)
  YESTERDAY        0.00          0.34 1948   0.02  -0.02      T
  MONTH TO DATE    1.48                      0.94   0.54     1.57
  SINCE OCT 1     16.78                     12.05   4.73    15.36
  SINCE JAN 1     11.75                      7.97   3.78    10.95

SNOWFALL (IN)
  YESTERDAY        0.0          MM      MM
  MONTH TO DATE    0.0
  SINCE MAR 1      0.0
  SINCE JUL 1      0.0
  SNOW DEPTH       0

DEGREE DAYS
 HEATING
  YESTERDAY        0                         2     -2        0
  MONTH TO DATE   90                       128    -38       51
  SINCE MAR 1    270                       365    -95      226
  SINCE JUL 1   1786                      2133   -347     1818

 COOLING
  YESTERDAY        2                         3     -1        1
  MONTH TO DATE    8                        36    -28       49
  SINCE MAR 1     14                        41    -27       49
  SINCE JAN 1     14                        41    -27       49
..................................................................


WIND (MPH)
  RESULTANT WIND SPEED   5   RESULTANT WIND DIRECTION  NW (310)
  HIGHEST WIND SPEED    15   HIGHEST WIND DIRECTION    NW (300)
  HIGHEST GUST SPEED    21   HIGHEST GUST DIRECTION    NW (310)


SKY COVER
  POSSIBLE SUNSHINE  MM
  AVERAGE SKY COVER 0.0


WEATHER CONDITIONS
 THE FOLLOWING WEATHER WAS RECORDED YESTERDAY.
  NO SIGNIFICANT WEATHER WAS OBSERVED.


RELATIVE HUMIDITY (PERCENT)
 HIGHEST    67          1100 PM
 LOWEST     13           200 PM
 AVERAGE    40

..........................................................


THE MODESTO CA CLIMATE NORMALS FOR TODAY
                         NORMAL    RECORD    YEAR
 MAXIMUM TEMPERATURE (F)   79       100      1981
 MINIMUM TEMPERATURE (F)   52        36      1967


SUNRISE AND SUNSET
APRIL 30 2017.........SUNRISE   609 AM PDT   SUNSET   753 PM PDT
MAY  1 2017...........SUNRISE   608 AM PDT   SUNSET   754 PM PDT


-  INDICATES NEGATIVE NUMBERS.
R  INDICATES RECORD WAS SET OR TIED.
MM INDICATES DATA IS MISSING.
T  INDICATES TRACE AMOUNT.




$$
