000
CDUS46 KSTO 230840
CLIMOD


CLIMATE REPORT
NATIONAL WEATHER SERVICE SACRAMENTO, CA
139 AM PDT MON OCT 23 2017


...................................

...THE MODESTO CA CLIMATE SUMMARY FOR OCTOBER 22 2017...

CLIMATE NORMAL PERIOD 1981 TO 2010
CLIMATE RECORD PERIOD 1931 TO 2017


WEATHER ITEM   OBSERVED TIME   RECORD YEAR NORMAL DEPARTURE LAST
                VALUE   (LST)  VALUE       VALUE  FROM      YEAR
                                                  NORMAL
..................................................................
TEMPERATURE (F)
 YESTERDAY
  MAXIMUM         76    225 PM  90    1939  77     -1       81
  MINIMUM         48    520 AM  35    1949  51     -3       51
  AVERAGE         62

PRECIPITATION (IN)
  YESTERDAY        0.00          0.58 1973   0.02  -0.02     0.00
  MONTH TO DATE    0.12                      0.40  -0.28     0.23
  SINCE OCT 1      0.12                      0.40  -0.28     0.23
  SINCE JAN 1     12.02                      9.43   2.59    11.43

SNOWFALL (IN)
  YESTERDAY        0.0           0.0  2002
                                      2001
  MONTH TO DATE    0.0
  SINCE SEP 1      0.0
  SINCE JUL 1      0.0
  SNOW DEPTH       0

DEGREE DAYS
 HEATING
  YESTERDAY        3                         3      0        0
  MONTH TO DATE   33                        26      7       13
  SINCE SEP 1     36                        29      7       16
  SINCE JUL 1     36                        29      7       16

 COOLING
  YESTERDAY        0                         1     -1        1
  MONTH TO DATE   29                        77    -48       46
  SINCE SEP 1    362                       353      9      341
  SINCE JAN 1   2097                      1689    408     1958
..................................................................


WIND (MPH)
  RESULTANT WIND SPEED   6   RESULTANT WIND DIRECTION  NW (310)
  HIGHEST WIND SPEED    18   HIGHEST WIND DIRECTION    NW (310)
  HIGHEST GUST SPEED    23   HIGHEST GUST DIRECTION    NW (310)


SKY COVER
  POSSIBLE SUNSHINE  MM
  AVERAGE SKY COVER 0.0


WEATHER CONDITIONS
 THE FOLLOWING WEATHER WAS RECORDED YESTERDAY.
  NO SIGNIFICANT WEATHER WAS OBSERVED.


RELATIVE HUMIDITY (PERCENT)
 HIGHEST    93           400 AM
 LOWEST     35          1200 PM
 AVERAGE    64

..........................................................


THE MODESTO CA CLIMATE NORMALS FOR TODAY
                         NORMAL    RECORD    YEAR
 MAXIMUM TEMPERATURE (F)   76        92      1965
 MINIMUM TEMPERATURE (F)   51        31      1949


SUNRISE AND SUNSET
OCTOBER 23 2017.......SUNRISE   720 AM PDT   SUNSET   615 PM PDT
OCTOBER 24 2017.......SUNRISE   721 AM PDT   SUNSET   614 PM PDT


-  INDICATES NEGATIVE NUMBERS.
R  INDICATES RECORD WAS SET OR TIED.
MM INDICATES DATA IS MISSING.
T  INDICATES TRACE AMOUNT.




$$
