000
CDUS46 KSTO 160840
CLIMOD


CLIMATE REPORT
NATIONAL WEATHER SERVICE SACRAMENTO, CA
139 AM PDT WED AUG 16 2017


...................................

...THE MODESTO CA CLIMATE SUMMARY FOR AUGUST 15 2017...

CLIMATE NORMAL PERIOD 1981 TO 2010
CLIMATE RECORD PERIOD 1931 TO 2017


WEATHER ITEM   OBSERVED TIME   RECORD YEAR NORMAL DEPARTURE LAST
                VALUE   (LST)  VALUE       VALUE  FROM      YEAR
                                                  NORMAL
..................................................................
TEMPERATURE (F)
 YESTERDAY
  MAXIMUM         87    325 PM 105    2008  94     -7       96
  MINIMUM         60    537 AM  49    1949  62     -2       66
  AVERAGE         74

PRECIPITATION (IN)
  YESTERDAY        0.00          0.29 1976   0.00   0.00     0.00
  MONTH TO DATE    T                         0.01  -0.01     0.00
  SINCE OCT 1     16.93                     12.84   4.09    15.61
  SINCE JAN 1     11.90                      8.76   3.14    11.20

SNOWFALL (IN)
  YESTERDAY        0.0          MM      MM
  MONTH TO DATE    0.0
  SINCE JUN 1      0.0
  SINCE JUL 1      0.0
  SNOW DEPTH       0

DEGREE DAYS
 HEATING
  YESTERDAY        0                         0      0        0
  MONTH TO DATE    0                         0      0        0
  SINCE JUN 1      6                         3      3        2
  SINCE JUL 1      0                         0      0        0

 COOLING
  YESTERDAY        9                        13     -4       16
  MONTH TO DATE  263                       204     59      222
  SINCE JUN 1   1236                       940    296     1151
  SINCE JAN 1   1458                      1139    319     1399
..................................................................


WIND (MPH)
  RESULTANT WIND SPEED   5   RESULTANT WIND DIRECTION  NW (330)
  HIGHEST WIND SPEED    17   HIGHEST WIND DIRECTION    NW (300)
  HIGHEST GUST SPEED    21   HIGHEST GUST DIRECTION    NW (300)


SKY COVER
  POSSIBLE SUNSHINE  MM
  AVERAGE SKY COVER 0.0


WEATHER CONDITIONS
 THE FOLLOWING WEATHER WAS RECORDED YESTERDAY.
  NO SIGNIFICANT WEATHER WAS OBSERVED.


RELATIVE HUMIDITY (PERCENT)
 HIGHEST    84           400 AM
 LOWEST     37           200 PM
 AVERAGE    61

..........................................................


THE MODESTO CA CLIMATE NORMALS FOR TODAY
                         NORMAL    RECORD    YEAR
 MAXIMUM TEMPERATURE (F)   94       104      2015
                                             1992
 MINIMUM TEMPERATURE (F)   62        49      1949


SUNRISE AND SUNSET
AUGUST 16 2017........SUNRISE   621 AM PDT   SUNSET   755 PM PDT
AUGUST 17 2017........SUNRISE   622 AM PDT   SUNSET   753 PM PDT


-  INDICATES NEGATIVE NUMBERS.
R  INDICATES RECORD WAS SET OR TIED.
MM INDICATES DATA IS MISSING.
T  INDICATES TRACE AMOUNT.




$$
