000
CDUS43 KBIS 020742
CLIMOT


CLIMATE REPORT
NATIONAL WEATHER SERVICE BISMARCK ND
141 AM CST MON MAR 2 2015


...................................

...THE MINOT ND CLIMATE SUMMARY FOR MARCH 1 2015...

CLIMATE NORMAL PERIOD 1981 TO 2010
CLIMATE RECORD PERIOD 1905 TO 2015


WEATHER ITEM   OBSERVED TIME   RECORD YEAR NORMAL DEPARTURE LAST
                VALUE   (LST)  VALUE       VALUE  FROM      YEAR
                                                  NORMAL
..................................................................
TEMPERATURE (F)
 YESTERDAY
  MAXIMUM         22    421 PM  66    1992  30     -8      -11
  MINIMUM          4   1206 AM -29    1962  13     -9      -24
  AVERAGE         13                        22     -9      -17

PRECIPITATION (IN)
  YESTERDAY        T             0.36 1976   0.02  -0.02     0.00
  MONTH TO DATE    T                         0.02  -0.02     0.00
  SINCE MAR 1      T                         0.02  -0.02     0.00
  SINCE JAN 1      0.47                      0.93  -0.46     0.36

DEGREE DAYS
 HEATING
  YESTERDAY       52                        43      9       82
  MONTH TO DATE   52                        43      9       82
  SINCE MAR 1     52                        43      9       82
  SINCE JUL 1   6740                      6619    121     7315
..................................................................


WIND (MPH)
  HIGHEST WIND SPEED    21   HIGHEST WIND DIRECTION     W (290)
  HIGHEST GUST SPEED    24   HIGHEST GUST DIRECTION     W (280)
  AVERAGE WIND SPEED    13.3


SKY COVER
  POSSIBLE SUNSHINE  MM
  AVERAGE SKY COVER 0.3


WEATHER CONDITIONS
 THE FOLLOWING WEATHER WAS RECORDED YESTERDAY.
  LIGHT SNOW
  HAZE


RELATIVE HUMIDITY (PERCENT)
 HIGHEST    80           600 AM
 LOWEST     52           400 PM
 AVERAGE    66

..........................................................


THE MINOT ND CLIMATE NORMALS FOR TODAY
                         NORMAL    RECORD    YEAR
 MAXIMUM TEMPERATURE (F)   30        52      1934
 MINIMUM TEMPERATURE (F)   14       -24      1919


SUNRISE AND SUNSET
MARCH  2 2015.........SUNRISE   725 AM CST   SUNSET   630 PM CST
MARCH  3 2015.........SUNRISE   723 AM CST   SUNSET   632 PM CST


-  INDICATES NEGATIVE NUMBERS.
R  INDICATES RECORD WAS SET OR TIED.
MM INDICATES DATA IS MISSING.
T  INDICATES TRACE AMOUNT.




$$
