000
CDUS43 KBIS 260725
CLIMOT


CLIMATE REPORT
NATIONAL WEATHER SERVICE BISMARCK ND
224 AM CDT SUN OCT 26 2014


...................................

...THE MINOT ND CLIMATE SUMMARY FOR OCTOBER 25 2014...

CLIMATE NORMAL PERIOD 1981 TO 2010
CLIMATE RECORD PERIOD 1905 TO 2014


WEATHER ITEM   OBSERVED TIME   RECORD YEAR NORMAL DEPARTURE LAST
                VALUE   (LST)  VALUE       VALUE  FROM      YEAR
                                                  NORMAL
..................................................................
TEMPERATURE (F)
 YESTERDAY
  MAXIMUM         61    359 PM  78    1924  50     11       60
  MINIMUM         35    736 AM   3    1942  30      5       32
  AVERAGE         48                        40      8       46

PRECIPITATION (IN)
  YESTERDAY        0.00          0.40 2011   0.03  -0.03     0.00
  MONTH TO DATE    0.27                      0.98  -0.71     2.32
  SINCE SEP 1      1.12                      2.44  -1.32     4.48
  SINCE JAN 1     15.76                     15.88  -0.12    24.66

DEGREE DAYS
 HEATING
  YESTERDAY       17                        25     -8       19
  MONTH TO DATE  391                       480    -89      518
  SINCE SEP 1    603                       729   -126      640
  SINCE JUL 1    671                       800   -129      709

 COOLING
  YESTERDAY        0                         0      0        0
  MONTH TO DATE    0                         0      0        0
  SINCE SEP 1     36                        33      3       50
  SINCE JAN 1    341                       444   -103      421
..................................................................


WIND (MPH)
  HIGHEST WIND SPEED    13   HIGHEST WIND DIRECTION     W (270)
  HIGHEST GUST SPEED    15   HIGHEST GUST DIRECTION     W (260)
  AVERAGE WIND SPEED     7.2


SKY COVER
  POSSIBLE SUNSHINE  MM
  AVERAGE SKY COVER 0.0


WEATHER CONDITIONS
 THE FOLLOWING WEATHER WAS RECORDED YESTERDAY.
  NO SIGNIFICANT WEATHER WAS OBSERVED.


RELATIVE HUMIDITY (PERCENT)
 HIGHEST    75           700 AM
 LOWEST     24          1200 PM
 AVERAGE    50

..........................................................


THE MINOT ND CLIMATE NORMALS FOR TODAY
                         NORMAL    RECORD    YEAR
 MAXIMUM TEMPERATURE (F)   50        77      1955
 MINIMUM TEMPERATURE (F)   30       -16      1919


SUNRISE AND SUNSET
OCTOBER 26 2014.......SUNRISE   821 AM CDT   SUNSET   636 PM CDT
OCTOBER 27 2014.......SUNRISE   823 AM CDT   SUNSET   634 PM CDT


-  INDICATES NEGATIVE NUMBERS.
R  INDICATES RECORD WAS SET OR TIED.
MM INDICATES DATA IS MISSING.
T  INDICATES TRACE AMOUNT.




$$
