000
CDUS43 KBIS 190728
CLIMOT


CLIMATE REPORT
NATIONAL WEATHER SERVICE BISMARCK ND
127 AM CST THU JAN 19 2017


...................................

...THE MINOT ND CLIMATE SUMMARY FOR JANUARY 18 2017...

CLIMATE NORMAL PERIOD 1981 TO 2010
CLIMATE RECORD PERIOD 1897 TO 2017


WEATHER ITEM   OBSERVED TIME   RECORD YEAR NORMAL DEPARTURE LAST
                VALUE   (LST)  VALUE       VALUE  FROM      YEAR
                                                  NORMAL
..................................................................
TEMPERATURE (F)
 YESTERDAY
  MAXIMUM         44    243 PM  55    1914  21     23       11
  MINIMUM         29   1147 PM -34    1950   3     26       -3
  AVERAGE         37                        12     25        4

PRECIPITATION (IN)
  YESTERDAY        0.00          0.30 1920   0.02  -0.02      T
  MONTH TO DATE    0.05                      0.32  -0.27     0.12
  SINCE DEC 1      0.67                      0.70  -0.03     0.43
  SINCE JAN 1      0.05                      0.32  -0.27     0.12

DEGREE DAYS
 HEATING
  YESTERDAY       28                        53    -25       61
  MONTH TO DATE 1082                       954    128      954
  SINCE DEC 1   2726                      2491    235     2199
  SINCE JUL 1   4241                      4549   -308     3900
..................................................................


WIND (MPH)
  HIGHEST WIND SPEED    22   HIGHEST WIND DIRECTION    SW (220)
  HIGHEST GUST SPEED    26   HIGHEST GUST DIRECTION    SW (220)
  AVERAGE WIND SPEED    13.8


SKY COVER
  POSSIBLE SUNSHINE  MM
  AVERAGE SKY COVER 0.0


WEATHER CONDITIONS
 THE FOLLOWING WEATHER WAS RECORDED YESTERDAY.
  NO SIGNIFICANT WEATHER WAS OBSERVED.


RELATIVE HUMIDITY (PERCENT)
 HIGHEST    75           400 AM
 LOWEST     53           200 PM
 AVERAGE    64

..........................................................


THE MINOT ND CLIMATE NORMALS FOR TODAY
                         NORMAL    RECORD    YEAR
 MAXIMUM TEMPERATURE (F)   21        49      1942
 MINIMUM TEMPERATURE (F)    3       -34      1996


SUNRISE AND SUNSET
JANUARY 19 2017.......SUNRISE   828 AM CST   SUNSET   525 PM CST
JANUARY 20 2017.......SUNRISE   827 AM CST   SUNSET   526 PM CST


-  INDICATES NEGATIVE NUMBERS.
R  INDICATES RECORD WAS SET OR TIED.
MM INDICATES DATA IS MISSING.
T  INDICATES TRACE AMOUNT.




$$
