000
CDUS43 KBIS 220727
CLIMOT


CLIMATE REPORT
NATIONAL WEATHER SERVICE BISMARCK ND
226 AM CDT MON MAY 22 2017


...................................

...THE MINOT ND CLIMATE SUMMARY FOR MAY 21 2017...

CLIMATE NORMAL PERIOD 1981 TO 2010
CLIMATE RECORD PERIOD 1897 TO 2017


WEATHER ITEM   OBSERVED TIME   RECORD YEAR NORMAL DEPARTURE LAST
                VALUE   (LST)  VALUE       VALUE  FROM      YEAR
                                                  NORMAL
..................................................................
TEMPERATURE (F)
 YESTERDAY
  MAXIMUM         70    357 PM  96    1980  68      2       83
  MINIMUM         41    504 AM  26    1963  45     -4       49
  AVERAGE         56                        56      0       66

PRECIPITATION (IN)
  YESTERDAY        0.00          1.60 2005   0.09  -0.09      T
  MONTH TO DATE    0.52                      1.58  -1.06     0.33
  SINCE MAR 1      1.12                      3.56  -2.44     2.91
  SINCE JAN 1      1.25                      4.47  -3.22     3.49

DEGREE DAYS
 COOLING
  YESTERDAY        0                         0      0        1
  MONTH TO DATE    3                         0      3       28
  SINCE MAR 1      3                         1      2       28
  SINCE JAN 1      3                         1      2       28
..................................................................


WIND (MPH)
  HIGHEST WIND SPEED    23   HIGHEST WIND DIRECTION     N (350)
  HIGHEST GUST SPEED    29   HIGHEST GUST DIRECTION    NW (330)
  AVERAGE WIND SPEED     8.4


SKY COVER
  POSSIBLE SUNSHINE  MM
  AVERAGE SKY COVER 0.1


WEATHER CONDITIONS
 THE FOLLOWING WEATHER WAS RECORDED YESTERDAY.
  NO SIGNIFICANT WEATHER WAS OBSERVED.


RELATIVE HUMIDITY (PERCENT)
 HIGHEST    82           600 AM
 LOWEST     23           200 PM
 AVERAGE    53

..........................................................


THE MINOT ND CLIMATE NORMALS FOR TODAY
                         NORMAL    RECORD    YEAR
 MAXIMUM TEMPERATURE (F)   68       100      1928
 MINIMUM TEMPERATURE (F)   45        26      1917


SUNRISE AND SUNSET
MAY 22 2017...........SUNRISE   557 AM CDT   SUNSET   927 PM CDT
MAY 23 2017...........SUNRISE   556 AM CDT   SUNSET   928 PM CDT


-  INDICATES NEGATIVE NUMBERS.
R  INDICATES RECORD WAS SET OR TIED.
MM INDICATES DATA IS MISSING.
T  INDICATES TRACE AMOUNT.




$$
