000
CDUS43 KBIS 240728
CLIMOT


CLIMATE REPORT
NATIONAL WEATHER SERVICE BISMARCK ND
227 AM CDT SAT JUN 24 2017


...................................

...THE MINOT ND CLIMATE SUMMARY FOR JUNE 23 2017...

CLIMATE NORMAL PERIOD 1981 TO 2010
CLIMATE RECORD PERIOD 1897 TO 2017


WEATHER ITEM   OBSERVED TIME   RECORD YEAR NORMAL DEPARTURE LAST
                VALUE   (LST)  VALUE       VALUE  FROM      YEAR
                                                  NORMAL
..................................................................
TEMPERATURE (F)
 YESTERDAY
  MAXIMUM         64    433 PM 100    1988  77    -13       80
  MINIMUM         49   1159 PM  28    1942  55     -6       53
  AVERAGE         57                        66     -9       67

PRECIPITATION (IN)
  YESTERDAY        0.03          2.00 1898   0.12  -0.09     0.00
  MONTH TO DATE    1.23                      2.78  -1.55     2.43
  SINCE JUN 1      1.23                      2.78  -1.55     2.43
  SINCE JAN 1      2.59                      8.17  -5.58     7.58

DEGREE DAYS
 COOLING
  YESTERDAY        0                         3     -3        2
  MONTH TO DATE   79                        48     31      100
  SINCE JUN 1     79                        48     31      100
  SINCE JAN 1     82                        64     18      140
..................................................................


WIND (MPH)
  HIGHEST WIND SPEED    31   HIGHEST WIND DIRECTION    NW (310)
  HIGHEST GUST SPEED    39   HIGHEST GUST DIRECTION    NW (300)
  AVERAGE WIND SPEED    20.8


SKY COVER
  POSSIBLE SUNSHINE  MM
  AVERAGE SKY COVER 0.7


WEATHER CONDITIONS
 THE FOLLOWING WEATHER WAS RECORDED YESTERDAY.
  NO SIGNIFICANT WEATHER WAS OBSERVED.


RELATIVE HUMIDITY (PERCENT)
 HIGHEST    77           100 AM
 LOWEST     34           500 PM
 AVERAGE    56

..........................................................


THE MINOT ND CLIMATE NORMALS FOR TODAY
                         NORMAL    RECORD    YEAR
 MAXIMUM TEMPERATURE (F)   77       102      1936
 MINIMUM TEMPERATURE (F)   55        35      1902


SUNRISE AND SUNSET
JUNE 24 2017..........SUNRISE   545 AM CDT   SUNSET   950 PM CDT
JUNE 25 2017..........SUNRISE   546 AM CDT   SUNSET   950 PM CDT


-  INDICATES NEGATIVE NUMBERS.
R  INDICATES RECORD WAS SET OR TIED.
MM INDICATES DATA IS MISSING.
T  INDICATES TRACE AMOUNT.




$$
