000
CDUS43 KBIS 010720
CLIMOT


CLIMATE REPORT
NATIONAL WEATHER SERVICE BISMARCK ND
219 AM CDT FRI AUG 1 2014


...................................

...THE MINOT ND CLIMATE SUMMARY FOR JULY 31 2014...

CLIMATE NORMAL PERIOD 1981 TO 2010
CLIMATE RECORD PERIOD 1905 TO 2014


WEATHER ITEM   OBSERVED TIME   RECORD YEAR NORMAL DEPARTURE LAST
                VALUE   (LST)  VALUE       VALUE  FROM      YEAR
                                                  NORMAL
..................................................................
TEMPERATURE (F)
 YESTERDAY
  MAXIMUM         82    528 PM 104    1926  83     -1       76
  MINIMUM         56    253 AM  37    1915  58     -2       50
  AVERAGE         69                        71     -2       63

PRECIPITATION (IN)
  YESTERDAY        0.00          1.73 1956   0.06  -0.06     0.00
  MONTH TO DATE    1.72                      2.43  -0.71     4.44
  SINCE JUN 1      7.06                      6.01   1.05     9.04
  SINCE JAN 1     10.87                     11.40  -0.53    17.41

DEGREE DAYS
 COOLING
  YESTERDAY        4                         6     -2        0
  MONTH TO DATE  109                       169    -60      123
  SINCE JUN 1    131                       242   -111      187
  SINCE JAN 1    172                       258    -86      197
..................................................................


WIND (MPH)
  HIGHEST WIND SPEED    10   HIGHEST WIND DIRECTION    SW (230)
  HIGHEST GUST SPEED    12   HIGHEST GUST DIRECTION    NE (60)
  AVERAGE WIND SPEED     3.4


SKY COVER
  POSSIBLE SUNSHINE  MM
  AVERAGE SKY COVER 0.0


WEATHER CONDITIONS
 THE FOLLOWING WEATHER WAS RECORDED YESTERDAY.
  NO SIGNIFICANT WEATHER WAS OBSERVED.


RELATIVE HUMIDITY (PERCENT)
 HIGHEST    86           600 AM
 LOWEST     36           100 PM
 AVERAGE    61

..........................................................


THE MINOT ND CLIMATE NORMALS FOR TODAY
                         NORMAL    RECORD    YEAR
 MAXIMUM TEMPERATURE (F)   83        99      1989
 MINIMUM TEMPERATURE (F)   58        33      1923


SUNRISE AND SUNSET
AUGUST  1 2014........SUNRISE   620 AM CDT   SUNSET   921 PM CDT
AUGUST  2 2014........SUNRISE   622 AM CDT   SUNSET   920 PM CDT


-  INDICATES NEGATIVE NUMBERS.
R  INDICATES RECORD WAS SET OR TIED.
MM INDICATES DATA IS MISSING.
T  INDICATES TRACE AMOUNT.




$$
