000
CDUS41 KPHI 200547
CLIMPO


CLIMATE REPORT
NATIONAL WEATHER SERVICE MOUNT HOLLY NJ
147 AM EDT SUN AUG 20 2017


...................................

...THE MOUNT POCONO PA CLIMATE SUMMARY FOR AUGUST 19 2017...

CLIMATE NORMAL PERIOD 1981 TO 2010
CLIMATE RECORD PERIOD 1901 TO 2017


WEATHER ITEM   OBSERVED TIME   RECORD YEAR NORMAL DEPARTURE LAST
                VALUE   (LST)  VALUE       VALUE  FROM      YEAR
                                                  NORMAL
..................................................................
TEMPERATURE (F)
 YESTERDAY
  MAXIMUM         77    433 PM  90    1914  76      1       81
  MINIMUM         60   1159 PM  36    1907  57      3       57
  AVERAGE         69                        67      2       69

PRECIPITATION (IN)
  YESTERDAY        0.02         10.63 1955   0.16  -0.14     0.00
  MONTH TO DATE    4.08                      2.93   1.15     3.07
  SINCE JUN 1     13.52                     11.95   1.57    11.30
  SINCE JAN 1     30.42                     29.45   0.97    28.73

DEGREE DAYS
 HEATING
  YESTERDAY        0                         1     -1        0
  MONTH TO DATE   30                        19     11        1
  SINCE JUN 1    169                       141     28      109
  SINCE JUL 1     42                        41      1       17

 COOLING
  YESTERDAY        4                         3      1        4
  MONTH TO DATE   35                        71    -36      100
  SINCE JUN 1    200                       254    -54      287
  SINCE JAN 1    218                       273    -55      316
..................................................................


WIND (MPH)
  HIGHEST WIND SPEED    17   HIGHEST WIND DIRECTION    NW (300)
  HIGHEST GUST SPEED    26   HIGHEST GUST DIRECTION    NW (300)
  AVERAGE WIND SPEED     8.4


SKY COVER
  POSSIBLE SUNSHINE  MM
  AVERAGE SKY COVER 0.5


WEATHER CONDITIONS
 THE FOLLOWING WEATHER WAS RECORDED YESTERDAY.
  THUNDERSTORM
  RAIN
  LIGHT RAIN


RELATIVE HUMIDITY (PERCENT)
 HIGHEST   100           100 AM
 LOWEST     60           100 PM
 AVERAGE    80

..........................................................


THE MOUNT POCONO PA CLIMATE NORMALS FOR TODAY
                         NORMAL    RECORD    YEAR
 MAXIMUM TEMPERATURE (F)   76        89      1955
 MINIMUM TEMPERATURE (F)   57        36      1941


SUNRISE AND SUNSET
AUGUST 20 2017........SUNRISE   616 AM EDT   SUNSET   753 PM EDT
AUGUST 21 2017........SUNRISE   617 AM EDT   SUNSET   751 PM EDT


-  INDICATES NEGATIVE NUMBERS.
R  INDICATES RECORD WAS SET OR TIED.
MM INDICATES DATA IS MISSING.
T  INDICATES TRACE AMOUNT.




$$
