000
CDUS41 KPHI 280630
CLIMPO


CLIMATE REPORT
NATIONAL WEATHER SERVICE MOUNT HOLLY NJ
229 AM EDT WED SEP 28 2016


...................................

...THE MOUNT POCONO PA CLIMATE SUMMARY FOR SEPTEMBER 27 2016...

CLIMATE NORMAL PERIOD 1981 TO 2010
CLIMATE RECORD PERIOD 1901 TO 2016


WEATHER ITEM   OBSERVED TIME   RECORD YEAR NORMAL DEPARTURE LAST
                VALUE   (LST)  VALUE       VALUE  FROM      YEAR
                                                  NORMAL
..................................................................
TEMPERATURE (F)
 YESTERDAY
  MAXIMUM         67    226 PM  80    2014  63      4       67
                                      1929
  MINIMUM         42   1159 PM  25    1957  45     -3       48
  AVERAGE         55                        54      1       58

PRECIPITATION (IN)
  YESTERDAY        0.08          3.10 1942   0.22  -0.14     0.00
  MONTH TO DATE    1.40                      4.75  -3.35     3.05
  SINCE SEP 1      1.40                      4.75  -3.35     3.05
  SINCE JAN 1     30.99                     35.73  -4.74    31.07

SNOWFALL (IN)
  YESTERDAY       MM            MM      MM  MM     MM       MM
  MONTH TO DATE   MM                        MM     MM       MM
  SINCE SEP 1     MM                        MM     MM       MM
  SINCE JUL 1     MM                        MM     MM       MM
  SNOW DEPTH      MM

DEGREE DAYS
 HEATING
  YESTERDAY       10                        11     -1        7
  MONTH TO DATE  108                       170    -62       86
  SINCE SEP 1    108                       170    -62       86
  SINCE JUL 1    140                       233    -93      127

 COOLING
  YESTERDAY        0                         0      0        0
  MONTH TO DATE   51                        13     38       59
  SINCE SEP 1     51                        13     38       59
  SINCE JAN 1    397                       309     88      399
..................................................................


WIND (MPH)
  HIGHEST WIND SPEED    14   HIGHEST WIND DIRECTION     S (190)
  HIGHEST GUST SPEED    16   HIGHEST GUST DIRECTION     S (200)
  AVERAGE WIND SPEED     5.2


SKY COVER
  POSSIBLE SUNSHINE  MM
  AVERAGE SKY COVER 0.3


WEATHER CONDITIONS
 THE FOLLOWING WEATHER WAS RECORDED YESTERDAY.
  RAIN
  LIGHT RAIN
  FOG


RELATIVE HUMIDITY (PERCENT)
 HIGHEST   100           300 AM
 LOWEST     45           200 PM
 AVERAGE    73

..........................................................


THE MOUNT POCONO PA CLIMATE NORMALS FOR TODAY
                         NORMAL    RECORD    YEAR
 MAXIMUM TEMPERATURE (F)   63        82      1998
 MINIMUM TEMPERATURE (F)   45        26      1957


SUNRISE AND SUNSET
SEPTEMBER 28 2016.....SUNRISE   656 AM EDT   SUNSET   648 PM EDT
SEPTEMBER 29 2016.....SUNRISE   657 AM EDT   SUNSET   646 PM EDT


-  INDICATES NEGATIVE NUMBERS.
R  INDICATES RECORD WAS SET OR TIED.
MM INDICATES DATA IS MISSING.
T  INDICATES TRACE AMOUNT.




$$
