000
CDUS41 KPHI 200630
CLIMPO


CLIMATE REPORT
NATIONAL WEATHER SERVICE MOUNT HOLLY NJ
130 AM EST FRI JAN 20 2017


...................................

...THE MOUNT POCONO PA CLIMATE SUMMARY FOR JANUARY 19 2017...

CLIMATE NORMAL PERIOD 1981 TO 2010
CLIMATE RECORD PERIOD 1901 TO 2017


WEATHER ITEM   OBSERVED TIME   RECORD YEAR NORMAL DEPARTURE LAST
                VALUE   (LST)  VALUE       VALUE  FROM      YEAR
                                                  NORMAL
..................................................................
TEMPERATURE (F)
 YESTERDAY
  MAXIMUM         36   1226 PM  54    1951  31      5       20
  MINIMUM         31   1159 PM -24    1904  15     16        5
  AVERAGE         34                        23     11       13

PRECIPITATION (IN)
  YESTERDAY        0.00          1.72 1999   0.08  -0.08      T
  MONTH TO DATE    1.56                      1.95  -0.39     2.72
  SINCE DEC 1      3.75                      5.82  -2.07     6.55
  SINCE JAN 1      1.56                      1.95  -0.39     2.72

DEGREE DAYS
 HEATING
  YESTERDAY       31                        42    -11       52
  MONTH TO DATE  755                       794    -39      769
  SINCE DEC 1   1905                      1952    -47     1480
  SINCE JUL 1   3298                      3531   -233     2747

 COOLING
  YESTERDAY        0                         0      0        0
  MONTH TO DATE    0                         0      0        0
  SINCE DEC 1      0                         0      0        0
  SINCE JAN 1      0                         0      0        0
..................................................................


WIND (MPH)
  HIGHEST WIND SPEED    15   HIGHEST WIND DIRECTION    NW (310)
  HIGHEST GUST SPEED    22   HIGHEST GUST DIRECTION    NW (330)
  AVERAGE WIND SPEED     7.2


SKY COVER
  POSSIBLE SUNSHINE  MM
  AVERAGE SKY COVER 1.0


WEATHER CONDITIONS
 THE FOLLOWING WEATHER WAS RECORDED YESTERDAY.
  FOG


RELATIVE HUMIDITY (PERCENT)
 HIGHEST   100          1200 AM
 LOWEST     82           100 PM
 AVERAGE    91

..........................................................


THE MOUNT POCONO PA CLIMATE NORMALS FOR TODAY
                         NORMAL    RECORD    YEAR
 MAXIMUM TEMPERATURE (F)   31        59      1951
 MINIMUM TEMPERATURE (F)   15       -16      1970


SUNRISE AND SUNSET
JANUARY 20 2017.......SUNRISE   722 AM EST   SUNSET   504 PM EST
JANUARY 21 2017.......SUNRISE   721 AM EST   SUNSET   505 PM EST


-  INDICATES NEGATIVE NUMBERS.
R  INDICATES RECORD WAS SET OR TIED.
MM INDICATES DATA IS MISSING.
T  INDICATES TRACE AMOUNT.




$$
