000
CDUS41 KPHI 260634
CLIMPO


CLIMATE REPORT
NATIONAL WEATHER SERVICE MOUNT HOLLY NJ
233 AM EDT FRI AUG 26 2016


...................................

...THE MOUNT POCONO PA CLIMATE SUMMARY FOR AUGUST 25 2016...

CLIMATE NORMAL PERIOD 1981 TO 2010
CLIMATE RECORD PERIOD 1901 TO 2016


WEATHER ITEM   OBSERVED TIME   RECORD YEAR NORMAL DEPARTURE LAST
                VALUE   (LST)  VALUE       VALUE  FROM      YEAR
                                                  NORMAL
..................................................................
TEMPERATURE (F)
 YESTERDAY
  MAXIMUM         74    547 PM  89    1948  75     -1       75
  MINIMUM         62    558 AM  33    1987  56      6       55
  AVERAGE         68                        66      2       65

PRECIPITATION (IN)
  YESTERDAY        T             1.75 1967   0.14  -0.14     0.39
  MONTH TO DATE    3.92                      3.82   0.10     5.14
  SINCE JUN 1     12.15                     12.84  -0.69    16.97
  SINCE JAN 1     29.58                     30.34  -0.76    27.97

SNOWFALL (IN)
  YESTERDAY       MM            MM      MM  MM     MM       MM
  MONTH TO DATE   MM                        MM     MM       MM
  SINCE JUN 1     MM                        MM     MM       MM
  SINCE JUL 1     MM                        MM     MM       MM
  SNOW DEPTH      MM

DEGREE DAYS
 HEATING
  YESTERDAY        0                         2     -2        0
  MONTH TO DATE   15                        27    -12       12
  SINCE JUN 1    123                       149    -26      109
  SINCE JUL 1     31                        49    -18       25

 COOLING
  YESTERDAY        3                         2      1        0
  MONTH TO DATE  110                        86     24       77
  SINCE JUN 1    297                       269     28      271
  SINCE JAN 1    326                       288     38      328
..................................................................


WIND (MPH)
  HIGHEST WIND SPEED    14   HIGHEST WIND DIRECTION    SW (240)
  HIGHEST GUST SPEED    21   HIGHEST GUST DIRECTION    SW (220)
  AVERAGE WIND SPEED     7.8


SKY COVER
  POSSIBLE SUNSHINE  MM
  AVERAGE SKY COVER 0.3


WEATHER CONDITIONS
 THE FOLLOWING WEATHER WAS RECORDED YESTERDAY.
  LIGHT RAIN
  FOG


RELATIVE HUMIDITY (PERCENT)
 HIGHEST   100           900 PM
 LOWEST     73          1100 AM
 AVERAGE    87

..........................................................


THE MOUNT POCONO PA CLIMATE NORMALS FOR TODAY
                         NORMAL    RECORD    YEAR
 MAXIMUM TEMPERATURE (F)   75        93      1948
 MINIMUM TEMPERATURE (F)   56        39      1977


SUNRISE AND SUNSET
AUGUST 26 2016........SUNRISE   623 AM EDT   SUNSET   743 PM EDT
AUGUST 27 2016........SUNRISE   624 AM EDT   SUNSET   741 PM EDT


-  INDICATES NEGATIVE NUMBERS.
R  INDICATES RECORD WAS SET OR TIED.
MM INDICATES DATA IS MISSING.
T  INDICATES TRACE AMOUNT.




$$
