000
CDUS41 KPHI 182131
CLIMPO


CLIMATE REPORT
NATIONAL WEATHER SERVICE MOUNT HOLLY NJ
530 PM EDT WED OCT 18 2017


...................................

...THE MOUNT POCONO PA CLIMATE SUMMARY FOR OCTOBER 18 2017...
VALID TODAY AS OF 0500 PM LOCAL TIME.

CLIMATE NORMAL PERIOD 1981 TO 2010
CLIMATE RECORD PERIOD 1901 TO 2017


WEATHER ITEM   OBSERVED TIME   RECORD YEAR NORMAL DEPARTURE LAST
                VALUE   (LST)  VALUE       VALUE  FROM      YEAR
                                                  NORMAL
..................................................................
TEMPERATURE (F)
 TODAY
  MAXIMUM         66    323 PM  84    1908  57      9       76
  MINIMUM         39    636 AM  15    1939  38      1       52
  AVERAGE         53                        48      5       64

PRECIPITATION (IN)
  TODAY            0.00          1.58 1975   0.13  -0.13     0.00
  MONTH TO DATE    3.08                      2.58   0.50     0.33
  SINCE SEP 1      5.90                      7.94  -2.04     3.93
  SINCE JAN 1     36.51                     38.92  -2.41    33.52

DEGREE DAYS
 HEATING
  TODAY           12                        17     -5        1
  MONTH TO DATE  152                       270   -118      222
  SINCE SEP 1    304                       475   -171      372
  SINCE JUL 1    402                       538   -136      404

 COOLING
  TODAY            0                         0      0        0
  MONTH TO DATE   12                         0     12        0
  SINCE SEP 1     58                        17     41       51
  SINCE JAN 1    287                       313    -26      397
..................................................................


WIND (MPH)
  HIGHEST WIND SPEED    13   HIGHEST WIND DIRECTION     W (280)
  HIGHEST GUST SPEED    19   HIGHEST GUST DIRECTION     W (280)
  AVERAGE WIND SPEED     7.9


SKY COVER
  POSSIBLE SUNSHINE  MM
  AVERAGE SKY COVER 0.0


WEATHER CONDITIONS
 THE FOLLOWING WEATHER WAS RECORDED TODAY.
  NO SIGNIFICANT WEATHER WAS OBSERVED.


RELATIVE HUMIDITY (PERCENT)
 HIGHEST    86           700 AM
 LOWEST     40           400 PM
 AVERAGE    63

..........................................................


THE MOUNT POCONO PA CLIMATE NORMALS FOR TOMORROW
                         NORMAL    RECORD    YEAR
 MAXIMUM TEMPERATURE (F)   57        80      1963
 MINIMUM TEMPERATURE (F)   38        18      1974


SUNRISE AND SUNSET
OCTOBER 18 2017.......SUNRISE   717 AM EDT   SUNSET   616 PM EDT
OCTOBER 19 2017.......SUNRISE   718 AM EDT   SUNSET   614 PM EDT


-  INDICATES NEGATIVE NUMBERS.
R  INDICATES RECORD WAS SET OR TIED.
MM INDICATES DATA IS MISSING.
T  INDICATES TRACE AMOUNT.




$$
