922
CDUS41 KBTV 170535
CLIMPV


CLIMATE REPORT
NATIONAL WEATHER SERVICE BURLINGTON VT
132 AM EDT TUE OCT 17 2017


...................................

...THE MONTPELIER VT CLIMATE SUMMARY FOR OCTOBER 16 2017...

CLIMATE NORMAL PERIOD 1981 TO 2010
CLIMATE RECORD PERIOD 1948 TO 2017


WEATHER ITEM   OBSERVED TIME   RECORD YEAR NORMAL DEPARTURE LAST
                VALUE   (LST)  VALUE       VALUE  FROM      YEAR
                                                  NORMAL
..................................................................
TEMPERATURE (F)
 YESTERDAY
  MAXIMUM         63   1200 AM  81    1956  56      7       71
  MINIMUM         36   1158 PM  22    1950  35      1       36
  AVERAGE         50                        46      4       54

PRECIPITATION (IN)
  YESTERDAY        T             0.90        0.11  -0.11     0.08
  MONTH TO DATE    1.02                      1.88  -0.86     0.17
  SINCE SEP 1      3.51                      5.00  -1.49     1.95
  SINCE JAN 1     35.13                     29.80   5.33    26.51

DEGREE DAYS
 HEATING
  YESTERDAY       15                        20     -5       11
  MONTH TO DATE  157                       270   -113      222
  SINCE SEP 1    315                       517   -202      384
  SINCE JUL 1    461                       625   -164      438

 COOLING
  YESTERDAY        0                         0      0        0
  MONTH TO DATE    0                         0      0        0
  SINCE SEP 1     47                        19     28       28
  SINCE JAN 1    243                       263    -20      300
..................................................................


WIND (MPH)
  HIGHEST WIND SPEED    25   HIGHEST WIND DIRECTION    NW (310)
  HIGHEST GUST SPEED    38   HIGHEST GUST DIRECTION    NW (310)
  AVERAGE WIND SPEED    10.2


SKY COVER
  AVERAGE SKY COVER 1.0


WEATHER CONDITIONS
 THE FOLLOWING WEATHER WAS RECORDED YESTERDAY.
  NO SIGNIFICANT WEATHER WAS OBSERVED.


RELATIVE HUMIDITY (PERCENT)
 HIGHEST    96           500 AM
 LOWEST     67           100 AM
 AVERAGE    82

..........................................................


THE MONTPELIER VT CLIMATE NORMALS FOR TODAY
                         NORMAL    RECORD    YEAR
 MAXIMUM TEMPERATURE (F)   56        78      1968
 MINIMUM TEMPERATURE (F)   35        20      2009
                                             1978


SUNRISE AND SUNSET
OCTOBER 17 2017.......SUNRISE   708 AM EDT   SUNSET   603 PM EDT
OCTOBER 18 2017.......SUNRISE   709 AM EDT   SUNSET   601 PM EDT


-  INDICATES NEGATIVE NUMBERS.
R  INDICATES RECORD WAS SET OR TIED.
MM INDICATES DATA IS MISSING.
T  INDICATES TRACE AMOUNT.




$$
