000
CDUS41 KBTV 270536
CLIMPV


CLIMATE REPORT
NATIONAL WEATHER SERVICE BURLINGTON VT
135 AM EDT WED AUG 27 2014


...................................

...THE MONTPELIER VT CLIMATE SUMMARY FOR AUGUST 26 2014...

CLIMATE NORMAL PERIOD 1981 TO 2010
CLIMATE RECORD PERIOD 1948 TO 2014


WEATHER ITEM   OBSERVED TIME   RECORD YEAR NORMAL DEPARTURE LAST
                VALUE   (LST)  VALUE       VALUE  FROM      YEAR
                                                  NORMAL
..................................................................
TEMPERATURE (F)
 YESTERDAY
  MAXIMUM         83    207 PM  93    1948  75      8       73
  MINIMUM         52    531 AM  35    1986  52      0       60
  AVERAGE         68                        64      4       67

PRECIPITATION (IN)
  YESTERDAY        0.00          1.42        0.11  -0.11     0.11
  MONTH TO DATE    2.73                      3.51  -0.78     2.07
  SINCE JUN 1     12.43                     11.39   1.04    15.76
  SINCE JAN 1     25.03                     24.30   0.73    25.03

DEGREE DAYS
 HEATING
  YESTERDAY        0                         3     -3        0
  MONTH TO DATE   60                        52      8       78
  SINCE JUN 1    203                       213    -10      241
  SINCE JUL 1    103                        92     11       93

 COOLING
  YESTERDAY        3                         2      1        2
  MONTH TO DATE   26                        68    -42       27
  SINCE JUN 1    157                       226    -69      256
  SINCE JAN 1    158                       236    -78      267
..................................................................


WIND (MPH)
  HIGHEST WIND SPEED    16   HIGHEST WIND DIRECTION     S (190)
  HIGHEST GUST SPEED    21   HIGHEST GUST DIRECTION     S (190)
  AVERAGE WIND SPEED     4.6


SKY COVER
  AVERAGE SKY COVER 0.2


WEATHER CONDITIONS
 THE FOLLOWING WEATHER WAS RECORDED YESTERDAY.
  FOG
  FOG W/VISIBILITY <= 1/4 MILE


RELATIVE HUMIDITY (PERCENT)
 HIGHEST   100           100 AM
 LOWEST     34           100 PM
 AVERAGE    67

..........................................................


THE MONTPELIER VT CLIMATE NORMALS FOR TODAY
                         NORMAL    RECORD    YEAR
 MAXIMUM TEMPERATURE (F)   75        91      1952
 MINIMUM TEMPERATURE (F)   52        36      1989


SUNRISE AND SUNSET
AUGUST 27 2014........SUNRISE   607 AM EDT   SUNSET   735 PM EDT
AUGUST 28 2014........SUNRISE   609 AM EDT   SUNSET   734 PM EDT


-  INDICATES NEGATIVE NUMBERS.
R  INDICATES RECORD WAS SET OR TIED.
MM INDICATES DATA IS MISSING.
T  INDICATES TRACE AMOUNT.




$$
