000
CDUS41 KBTV 170540
CLIMPV


CLIMATE REPORT
NATIONAL WEATHER SERVICE BURLINGTON VT
137 AM EDT THU AUG 17 2017


...................................

...THE MONTPELIER VT CLIMATE SUMMARY FOR AUGUST 16 2017...

CLIMATE NORMAL PERIOD 1981 TO 2010
CLIMATE RECORD PERIOD 1948 TO 2017


WEATHER ITEM   OBSERVED TIME   RECORD YEAR NORMAL DEPARTURE LAST
                VALUE   (LST)  VALUE       VALUE  FROM      YEAR
                                                  NORMAL
..................................................................
TEMPERATURE (F)
 YESTERDAY
  MAXIMUM         69    341 PM  89    1959  77     -8       74
  MINIMUM         48   1116 PM  40    1968  54     -6       56
  AVERAGE         59                        66     -7       65

PRECIPITATION (IN)
  YESTERDAY        0.00          2.03        0.13  -0.13     2.03
  MONTH TO DATE    1.78                      2.34  -0.56     4.31
  SINCE JUN 1     15.10                     10.22   4.88    11.09
  SINCE JAN 1     30.30                     23.13   7.17    23.37

DEGREE DAYS
 HEATING
  YESTERDAY        6                         2      4        0
  MONTH TO DATE   21                        28     -7        5
  SINCE JUN 1    213                       189     24      169
  SINCE JUL 1     67                        68     -1       37

 COOLING
  YESTERDAY        0                         3     -3        0
  MONTH TO DATE   31                        48    -17       72
  SINCE JUN 1    164                       206    -42      207
  SINCE JAN 1    181                       216    -35      236
..................................................................


WIND (MPH)
  HIGHEST WIND SPEED    15   HIGHEST WIND DIRECTION     W (290)
  HIGHEST GUST SPEED    22   HIGHEST GUST DIRECTION     W (290)
  AVERAGE WIND SPEED     5.6


SKY COVER
  AVERAGE SKY COVER 0.4


WEATHER CONDITIONS
 THE FOLLOWING WEATHER WAS RECORDED YESTERDAY.
  FOG
  FOG W/VISIBILITY <= 1/4 MILE


RELATIVE HUMIDITY (PERCENT)
 HIGHEST   100          1200 AM
 LOWEST     47           300 PM
 AVERAGE    74

..........................................................


THE MONTPELIER VT CLIMATE NORMALS FOR TODAY
                         NORMAL    RECORD    YEAR
 MAXIMUM TEMPERATURE (F)   77        90      1987
 MINIMUM TEMPERATURE (F)   54        39      1979


SUNRISE AND SUNSET
AUGUST 17 2017........SUNRISE   556 AM EDT   SUNSET   751 PM EDT
AUGUST 18 2017........SUNRISE   557 AM EDT   SUNSET   750 PM EDT


-  INDICATES NEGATIVE NUMBERS.
R  INDICATES RECORD WAS SET OR TIED.
MM INDICATES DATA IS MISSING.
T  INDICATES TRACE AMOUNT.




$$
