000
CDUS41 KBTV 010536
CLIMPV


CLIMATE REPORT
NATIONAL WEATHER SERVICE BURLINGTON VT
133 AM EDT MON JUN 1 2015


...................................

...THE MONTPELIER VT CLIMATE SUMMARY FOR MAY 31 2015...

CLIMATE NORMAL PERIOD 1981 TO 2010
CLIMATE RECORD PERIOD 1948 TO 2015


WEATHER ITEM   OBSERVED TIME   RECORD YEAR NORMAL DEPARTURE LAST
                VALUE   (LST)  VALUE       VALUE  FROM      YEAR
                                                  NORMAL
..................................................................
TEMPERATURE (F)
 YESTERDAY
  MAXIMUM         68    212 AM  87    2013  70     -2       MM
  MINIMUM         45   1019 AM  26    1961  47     -2       MM
  AVERAGE         57                        58     -1       MM

PRECIPITATION (IN)
  YESTERDAY        0.57          0.99        0.12   0.45     0.00
  MONTH TO DATE    4.93                      3.37   1.56     3.14
  SINCE MAR 1      7.83                      8.42  -0.59     8.29
  SINCE JAN 1     10.70                     12.91  -2.21    12.60

DEGREE DAYS
 HEATING
  YESTERDAY        8                         7      1       MM
  MONTH TO DATE  212                       356   -144      319
  SINCE MAR 1   2286                      2152    134     2498
  SINCE JUL 1   8624                      8060    564     8663

 COOLING
  YESTERDAY        0                         1     -1       MM
  MONTH TO DATE   34                         9     25        1
  SINCE MAR 1     34                        10     24        1
  SINCE JAN 1     34                        10     24        1
..................................................................


WIND (MPH)
  HIGHEST WIND SPEED    16   HIGHEST WIND DIRECTION     N (10)
  HIGHEST GUST SPEED    23   HIGHEST GUST DIRECTION     N (10)
  AVERAGE WIND SPEED     7.3


SKY COVER
  AVERAGE SKY COVER 1.0


WEATHER CONDITIONS
 THE FOLLOWING WEATHER WAS RECORDED YESTERDAY.
  HEAVY RAIN
  RAIN
  LIGHT RAIN
  FOG


RELATIVE HUMIDITY (PERCENT)
 HIGHEST   100           800 PM
 LOWEST     80           100 PM
 AVERAGE    90

..........................................................


THE MONTPELIER VT CLIMATE NORMALS FOR TODAY
                         NORMAL    RECORD    YEAR
 MAXIMUM TEMPERATURE (F)   70        88      2013
 MINIMUM TEMPERATURE (F)   47        32      2001
                                             1967


SUNRISE AND SUNSET
JUNE  1 2015..........SUNRISE   510 AM EDT   SUNSET   827 PM EDT
JUNE  2 2015..........SUNRISE   509 AM EDT   SUNSET   827 PM EDT


-  INDICATES NEGATIVE NUMBERS.
R  INDICATES RECORD WAS SET OR TIED.
MM INDICATES DATA IS MISSING.
T  INDICATES TRACE AMOUNT.




$$
