000
CDUS43 KMPX 170644
CLIMPX


CLIMATE REPORT
NATIONAL WEATHER SERVICE CHANHASSEN MN
143 AM CDT THU APR 17 2014


...................................

...THE CHANHASSEN MN CLIMATE SUMMARY FOR APRIL 16 2014...

CLIMATE NORMAL PERIOD 1981 TO 2010
CLIMATE RECORD PERIOD 1995 TO 2014


WEATHER ITEM   OBSERVED NORMAL DEPARTURE LAST
                VALUE   VALUE  FROM      YEAR
                               NORMAL
...............................................
TEMPERATURE (F)
 YESTERDAY
  MAXIMUM         37     58    -21       43
  MINIMUM         27     36     -9       32
  AVERAGE         32     47    -15       38

PRECIPITATION (IN)
  YESTERDAY        0.60   0.10   0.50     0.00
  MONTH TO DATE    1.44   1.54  -0.10     3.29
  SINCE MAR 1      2.13   3.32  -1.19     4.93
  SINCE JAN 1      5.04   5.13  -0.09     6.64

SNOWFALL (IN)
  YESTERDAY        2.1    0.1    2.0      0.0
  MONTH TO DATE   10.8    2.6    8.2      8.7
  SINCE MAR 1     14.2   13.4    0.8     20.2
  SINCE JUL 1     69.5   53.1   16.4     57.8
  SNOW DEPTH       0

DEGREE DAYS
 HEATING
  YESTERDAY       33     18     15       27
  MONTH TO DATE  420    352     68      479
  SINCE MAR 1   1688   1398    290     1724
  SINCE JUL 1   8571   7413   1158     7546

 COOLING
  YESTERDAY        0      0      0        0
  MONTH TO DATE    0      0      0        0
  SINCE MAR 1      0      0      0        0
  SINCE JAN 1      0      0      0        0
...............................................







THE CHANHASSEN MN CLIMATE NORMALS FOR TODAY
                         NORMAL
 MAXIMUM TEMPERATURE (F)   58
 MINIMUM TEMPERATURE (F)   37



-  INDICATES NEGATIVE NUMBERS.
R  INDICATES RECORD WAS SET OR TIED.
MM INDICATES DATA IS MISSING.
T  INDICATES TRACE AMOUNT.




$$
