000
CDUS43 KMPX 250658
CLIMPX


CLIMATE REPORT
NATIONAL WEATHER SERVICE CHANHASSEN MN
1257 AM CST THU DEC 25 2014


...................................

...THE CHANHASSEN MN CLIMATE SUMMARY FOR DECEMBER 24 2014...

CLIMATE NORMAL PERIOD 1981 TO 2010
CLIMATE RECORD PERIOD 1995 TO 2014


WEATHER ITEM   OBSERVED TIME   RECORD YEAR NORMAL DEPARTURE LAST
                VALUE   (LST)  VALUE       VALUE  FROM      YEAR
                                                  NORMAL
..................................................................
TEMPERATURE (F)
 YESTERDAY
  MAXIMUM         34        MM  42    2011  24     10        9
  MINIMUM         30        MM -19    2000   8     22      -18
  AVERAGE         32                        16     16       -4

PRECIPITATION (IN)
  YESTERDAY        T             0.44 2009   0.04  -0.04     0.09
  MONTH TO DATE    0.60                      0.98  -0.38     1.16
  SINCE DEC 1      0.60                      0.98  -0.38     1.16
  SINCE JAN 1     36.06                     30.89   5.17    34.98

SNOWFALL (IN)
  YESTERDAY        T             5.3  2009   0.5   -0.5      1.8
  MONTH TO DATE    1.2                      11.0   -9.8     14.8
  SINCE DEC 1      1.2                      11.0   -9.8     14.8
  SINCE JUL 1      9.3                      16.8   -7.5     16.6
  SNOW DEPTH       0

DEGREE DAYS
 HEATING
  YESTERDAY       33                        49    -16       69
  MONTH TO DATE  934                      1103   -169     1325
  SINCE DEC 1    934                      1103   -169     1325
  SINCE JUL 1   2871                      2810     61     3047

 COOLING
  YESTERDAY        0                         0      0        0
  MONTH TO DATE    0                         0      0        0
  SINCE DEC 1      0                         0      0        0
  SINCE JAN 1    514                       605    -91      667
..................................................................


WIND (MPH)
  HIGHEST WIND SPEED    MM   HIGHEST WIND DIRECTION    MM
  HIGHEST GUST SPEED    MM   HIGHEST GUST DIRECTION    MM
  AVERAGE WIND SPEED    MM


SKY COVER
  POSSIBLE SUNSHINE  MM
  AVERAGE SKY COVER  MM


WEATHER CONDITIONS
 THE FOLLOWING WEATHER WAS RECORDED YESTERDAY.
  NO SIGNIFICANT WEATHER WAS OBSERVED.


RELATIVE HUMIDITY (PERCENT)
 HIGHEST    MM
 LOWEST     MM
 AVERAGE    MM

..........................................................


THE CHANHASSEN MN CLIMATE NORMALS FOR TODAY
                         NORMAL    RECORD    YEAR
 MAXIMUM TEMPERATURE (F)   24        43      1999
 MINIMUM TEMPERATURE (F)    8       -24      2000


SUNRISE AND SUNSET
DECEMBER 25 2014......SUNRISE   751 AM CST   SUNSET   438 PM CST
DECEMBER 26 2014......SUNRISE   751 AM CST   SUNSET   439 PM CST


-  INDICATES NEGATIVE NUMBERS.
R  INDICATES RECORD WAS SET OR TIED.
MM INDICATES DATA IS MISSING.
T  INDICATES TRACE AMOUNT.




$$
