000
CDUS43 KMPX 260842
CLIMPX


CLIMATE REPORT
NATIONAL WEATHER SERVICE CHANHASSEN MN
341 AM CDT THU MAR 26 2015


...................................

...THE CHANHASSEN MN CLIMATE SUMMARY FOR MARCH 25 2015...

CLIMATE NORMAL PERIOD 1981 TO 2010
CLIMATE RECORD PERIOD 1995 TO 2015


WEATHER ITEM   OBSERVED TIME   RECORD YEAR NORMAL DEPARTURE LAST
                VALUE   (LST)  VALUE       VALUE  FROM      YEAR
                                                  NORMAL
..................................................................
TEMPERATURE (F)
 YESTERDAY
  MAXIMUM         36        MM  MM      MM  45     -9       23
  MINIMUM         30        MM  MM      MM  26      4        8
  AVERAGE         33                        36     -3       16

PRECIPITATION (IN)
  YESTERDAY        T            MM      MM   0.08  -0.08      T
  MONTH TO DATE    0.71                      1.33  -0.62     0.31
  SINCE MAR 1      0.71                      1.33  -0.62     0.31
  SINCE JAN 1      1.47                      3.14  -1.67     3.22

SNOWFALL (IN)
  YESTERDAY        T            MM      MM   0.3   -0.3       T
  MONTH TO DATE    8.8                       9.3   -0.5      3.2
  SINCE MAR 1      8.8                       9.3   -0.5      3.2
  SINCE JUL 1     32.9                      49.0  -16.1     58.5
  SNOW DEPTH       3

DEGREE DAYS
 HEATING
  YESTERDAY       32                        29      3       49
  MONTH TO DATE  791                       879    -88     1090
  SINCE MAR 1    791                       879    -88     1090
  SINCE JUL 1   7049                      6894    155     7973

 COOLING
  YESTERDAY        0                         0      0        0
  MONTH TO DATE    0                         0      0        0
  SINCE MAR 1      0                         0      0        0
  SINCE JAN 1      0                         0      0        0
..................................................................


WIND (MPH)
  HIGHEST WIND SPEED    MM   HIGHEST WIND DIRECTION    MM
  HIGHEST GUST SPEED    MM   HIGHEST GUST DIRECTION    MM
  AVERAGE WIND SPEED    MM


SKY COVER
  POSSIBLE SUNSHINE  MM
  AVERAGE SKY COVER  MM


WEATHER CONDITIONS
 THE FOLLOWING WEATHER WAS RECORDED YESTERDAY.
  NO SIGNIFICANT WEATHER WAS OBSERVED.


RELATIVE HUMIDITY (PERCENT)
 HIGHEST    MM
 LOWEST     MM
 AVERAGE    MM

..........................................................


THE CHANHASSEN MN CLIMATE NORMALS FOR TODAY
                         NORMAL    RECORD    YEAR
 MAXIMUM TEMPERATURE (F)   46        MM        MM
 MINIMUM TEMPERATURE (F)   27        MM        MM


SUNRISE AND SUNSET
MARCH 26 2015.........SUNRISE   707 AM CDT   SUNSET   734 PM CDT
MARCH 27 2015.........SUNRISE   705 AM CDT   SUNSET   735 PM CDT


-  INDICATES NEGATIVE NUMBERS.
R  INDICATES RECORD WAS SET OR TIED.
MM INDICATES DATA IS MISSING.
T  INDICATES TRACE AMOUNT.




$$
