000
CDUS43 KMQT 300512
CLIMQT


CLIMATE REPORT
NATIONAL WEATHER SERVICE MARQUETTE MI
111 AM EDT MON MAR 30 2015


...................................

...THE MARQUETTE MI CLIMATE SUMMARY FOR MARCH 29 2015...

CLIMATE NORMAL PERIOD 1981 TO 2010
CLIMATE RECORD PERIOD 1961 TO 2015


WEATHER ITEM   OBSERVED RECORD YEAR NORMAL DEPARTURE LAST
                VALUE   VALUE       VALUE  FROM      YEAR
                                           NORMAL
...........................................................
TEMPERATURE (F)
 YESTERDAY
  MAXIMUM         34     62    1986  39     -5       38
  MINIMUM         27    -11    1970  20      7       14
  AVERAGE         31                 29      2       26

PRECIPITATION (IN)
  YESTERDAY        0.30   1.07 1977   0.10   0.20     0.00
  MONTH TO DATE    1.23               2.83  -1.60     1.94
  SINCE MAR 1      1.23               2.83  -1.60     1.94
  SINCE JAN 1      4.15               7.38  -3.23     5.46

SNOWFALL (IN)
  YESTERDAY        2.4    6.1  1987   0.8    1.6      0.0
  MONTH TO DATE   10.9               33.3  -22.4     30.0
  SINCE MAR 1     10.9               33.3  -22.4     30.0
  SINCE JUL 1    164.9              185.7  -20.8    159.5
  SNOW DEPTH      18

DEGREE DAYS
 HEATING
  YESTERDAY       34                 36     -2       39
  MONTH TO DATE 1177               1193    -16     1469
  SINCE MAR 1   1177               1193    -16     1469
  SINCE JUL 1   8488               7817    671     8791

 COOLING
  YESTERDAY        0                  0      0        0
  MONTH TO DATE    0                  0      0        0
  SINCE MAR 1      0                  0      0        0
  SINCE JAN 1      0                  0      0        0
...........................................................


WIND (MPH)
  RESULTANT WIND SPEED  MM   RESULTANT WIND DIRECTION  MM
  HIGHEST WIND SPEED    MM   HIGHEST WIND DIRECTION    MM
  HIGHEST GUST SPEED    36   HIGHEST GUST DIRECTION     S (180)
  AVERAGE WIND SPEED    MM


SKY COVER
  POSSIBLE SUNSHINE  MM
  AVERAGE SKY COVER  MM


WEATHER CONDITIONS
 THE FOLLOWING WEATHER WAS RECORDED YESTERDAY.
  LT FREEZING RAIN
  LIGHT SNOW
  SLEET


RELATIVE HUMIDITY (PERCENT)
 HIGHEST    MM
 LOWEST     MM
 AVERAGE    MM

..........................................................


THE MARQUETTE MI CLIMATE NORMALS FOR TODAY
                         NORMAL    RECORD    YEAR
 MAXIMUM TEMPERATURE (F)   40        57      2006
                                             2005
                                             1993
 MINIMUM TEMPERATURE (F)   20        -7      1969


SUNRISE AND SUNSET
MARCH 30 2015.........SUNRISE   734 AM EDT   SUNSET   816 PM EDT
MARCH 31 2015.........SUNRISE   732 AM EDT   SUNSET   817 PM EDT


-  INDICATES NEGATIVE NUMBERS.
R  INDICATES RECORD WAS SET OR TIED.
MM INDICATES DATA IS MISSING.
T  INDICATES TRACE AMOUNT.




$$
