123
CDUS43 KMQT 300514
CLIMQT


CLIMATE REPORT
NATIONAL WEATHER SERVICE MARQUETTE MI
113 AM EDT FRI SEP 30 2016


...................................

...THE MARQUETTE MI CLIMATE SUMMARY FOR SEPTEMBER 29 2016...

CLIMATE NORMAL PERIOD 1981 TO 2010
CLIMATE RECORD PERIOD 1961 TO 2016


WEATHER ITEM   OBSERVED RECORD YEAR NORMAL DEPARTURE LAST
                VALUE   VALUE       VALUE  FROM      YEAR
                                           NORMAL
...........................................................
TEMPERATURE (F)
 YESTERDAY
  MAXIMUM         62     77    1983  60      2       53
  MINIMUM         51     28    1993  41     10       31
                               1984
  AVERAGE         57                 50      7       42

PRECIPITATION (IN)
  YESTERDAY        0.00   2.90 2011   0.13  -0.13     0.00
  MONTH TO DATE    5.70               3.59   2.11     1.60
  SINCE SEP 1      5.70               3.59   2.11     1.60
  SINCE JAN 1     33.47              25.96   7.51    19.81

SNOWFALL (IN)
  YESTERDAY        0.0    1.7  1993   0.0    0.0      0.0
  MONTH TO DATE    0.0                0.0    0.0      0.0
  SINCE SEP 1      0.0                0.0    0.0      0.0
  SINCE JUL 1      T                  0.0    0.0      0.0
  SNOW DEPTH       0

DEGREE DAYS
 HEATING
  YESTERDAY        8                 15     -7       23
  MONTH TO DATE  166                282   -116      143
  SINCE SEP 1    166                282   -116      143
  SINCE JUL 1    266                467   -201      311

 COOLING
  YESTERDAY        0                  0      0        0
  MONTH TO DATE   10                 21    -11       65
  SINCE SEP 1     10                 21    -11       65
  SINCE JAN 1    246                241      5      247
...........................................................

WIND (MPH)
  RESULTANT WIND SPEED  MM   RESULTANT WIND DIRECTION  MM
  HIGHEST WIND SPEED    MM   HIGHEST WIND DIRECTION    MM
  HIGHEST GUST SPEED    16   HIGHEST GUST DIRECTION     N (360)
  AVERAGE WIND SPEED    MM

SKY COVER
  POSSIBLE SUNSHINE  MM
  AVERAGE SKY COVER  MM

WEATHER CONDITIONS
 THE FOLLOWING WEATHER WAS RECORDED YESTERDAY.
  FOG

RELATIVE HUMIDITY (PERCENT)
 HIGHEST    MM
 LOWEST     MM
 AVERAGE    MM
..........................................................


THE MARQUETTE MI CLIMATE NORMALS FOR TODAY
                         NORMAL    RECORD    YEAR
 MAXIMUM TEMPERATURE (F)   59        80      2000
 MINIMUM TEMPERATURE (F)   40        24      1993


SUNRISE AND SUNSET
SEPTEMBER 30 2016.....SUNRISE   748 AM EDT   SUNSET   731 PM EDT
OCTOBER  1 2016.......SUNRISE   749 AM EDT   SUNSET   729 PM EDT


-  INDICATES NEGATIVE NUMBERS.
R  INDICATES RECORD WAS SET OR TIED.
MM INDICATES DATA IS MISSING.
T  INDICATES TRACE AMOUNT.




$$
