000
CDUS41 KLWX 260524
CLIMRB


CLIMATE REPORT
NATIONAL WEATHER SERVICE BALTIMORE MD/WASHINGTON DC
123 AM EDT SAT JUL 26 2014


...................................

...THE MARTINSBURG WV CLIMATE SUMMARY FOR JULY 25 2014...

CLIMATE NORMAL PERIOD 1981 TO 2010
CLIMATE RECORD PERIOD 1926 TO 2014


WEATHER ITEM   OBSERVED TIME   RECORD YEAR NORMAL DEPARTURE LAST
                VALUE   (LST)  VALUE       VALUE  FROM      YEAR
                                                  NORMAL
..................................................................
TEMPERATURE (F)
 YESTERDAY
  MAXIMUM         83    337 PM 101    1933  86     -3       78
  MINIMUM         55    537 AM  51    1957  64     -9       58
  AVERAGE         69                        75     -6       68

PRECIPITATION (IN)
  YESTERDAY        0.00          0.65 1992   0.12  -0.12     0.00
  MONTH TO DATE    4.22                      2.93   1.29     2.68
  SINCE JUN 1      6.90                      6.69   0.21     6.68
  SINCE JAN 1     21.77                     22.42  -0.65    17.94

DEGREE DAYS
 HEATING
  YESTERDAY        0                         0      0        0
  MONTH TO DATE    0                         0      0        0
  SINCE JUN 1      2                        24    -22        2
  SINCE JUL 1      0                         0      0        0

 COOLING
  YESTERDAY        4                        10     -6        3
  MONTH TO DATE  263                       246     17      331
  SINCE JUN 1    499                       429     70      559
  SINCE JAN 1    580                       486     94      670
..................................................................


WIND (MPH)
  HIGHEST WIND SPEED    10   HIGHEST WIND DIRECTION    SE (150)
  HIGHEST GUST SPEED    13   HIGHEST GUST DIRECTION    SE (130)
  AVERAGE WIND SPEED     2.0


SKY COVER
  POSSIBLE SUNSHINE  MM
  AVERAGE SKY COVER 0.0


WEATHER CONDITIONS
 THE FOLLOWING WEATHER WAS RECORDED YESTERDAY.
  NO SIGNIFICANT WEATHER WAS OBSERVED.


RELATIVE HUMIDITY (PERCENT)
 HIGHEST    86           200 AM
 LOWEST     35           200 PM
 AVERAGE    61

..........................................................


THE MARTINSBURG WV CLIMATE NORMALS FOR TODAY
                         NORMAL    RECORD    YEAR
 MAXIMUM TEMPERATURE (F)   86       107      1934
 MINIMUM TEMPERATURE (F)   64        52      1976


SUNRISE AND SUNSET
JULY 26 2014..........SUNRISE   606 AM EDT   SUNSET   830 PM EDT
JULY 27 2014..........SUNRISE   607 AM EDT   SUNSET   829 PM EDT


-  INDICATES NEGATIVE NUMBERS.
R  INDICATES RECORD WAS SET OR TIED.
MM INDICATES DATA IS MISSING.
T  INDICATES TRACE AMOUNT.




$$
