000
CDUS41 KLWX 310522
CLIMRB


CLIMATE REPORT
NATIONAL WEATHER SERVICE BALTIMORE MD/WASHINGTON DC
121 AM EDT FRI OCT 31 2014


...................................

...THE MARTINSBURG WV CLIMATE SUMMARY FOR OCTOBER 30 2014...

CLIMATE NORMAL PERIOD 1981 TO 2010
CLIMATE RECORD PERIOD 1926 TO 2014


WEATHER ITEM   OBSERVED TIME   RECORD YEAR NORMAL DEPARTURE LAST
                VALUE   (LST)  VALUE       VALUE  FROM      YEAR
                                                  NORMAL
..................................................................
TEMPERATURE (F)
 YESTERDAY
  MAXIMUM         57   1128 AM  84    1996  61     -4       67
  MINIMUM         40   1205 AM  18    1969  38      2       45
  AVERAGE         49                        50     -1       56

PRECIPITATION (IN)
  YESTERDAY        0.00          1.18 1970   0.09  -0.09     0.05
  MONTH TO DATE    3.28                      2.95   0.33     5.44
  SINCE SEP 1      5.73                      6.52  -0.79     6.68
  SINCE JAN 1     30.20                     32.76  -2.56    29.06

DEGREE DAYS
 HEATING
  YESTERDAY       16                        15      1        9
  MONTH TO DATE  217                       338   -121      292
  SINCE SEP 1    268                       422   -154      388
  SINCE JUL 1    271                       429   -158      392

 COOLING
  YESTERDAY        0                         0      0        0
  MONTH TO DATE    3                         8     -5       40
  SINCE SEP 1    130                       101     29      139
  SINCE JAN 1    958                       893     65     1057
..................................................................


WIND (MPH)
  HIGHEST WIND SPEED    15   HIGHEST WIND DIRECTION    NW (300)
  HIGHEST GUST SPEED    19   HIGHEST GUST DIRECTION     N (350)
  AVERAGE WIND SPEED     4.3


SKY COVER
  POSSIBLE SUNSHINE  MM
  AVERAGE SKY COVER 0.8


WEATHER CONDITIONS
 THE FOLLOWING WEATHER WAS RECORDED YESTERDAY.
  NO SIGNIFICANT WEATHER WAS OBSERVED.


RELATIVE HUMIDITY (PERCENT)
 HIGHEST    82          1200 AM
 LOWEST     43          1200 PM
 AVERAGE    63

..........................................................


THE MARTINSBURG WV CLIMATE NORMALS FOR TODAY
                         NORMAL    RECORD    YEAR
 MAXIMUM TEMPERATURE (F)   61        83      1950
 MINIMUM TEMPERATURE (F)   38        22      1988


SUNRISE AND SUNSET
OCTOBER 31 2014.......SUNRISE   739 AM EDT   SUNSET   612 PM EDT
NOVEMBER  1 2014......SUNRISE   740 AM EDT   SUNSET   611 PM EDT


-  INDICATES NEGATIVE NUMBERS.
R  INDICATES RECORD WAS SET OR TIED.
MM INDICATES DATA IS MISSING.
T  INDICATES TRACE AMOUNT.




$$
