000
CDUS41 KLWX 012133
CLIMRB


CLIMATE REPORT
NATIONAL WEATHER SERVICE BALTIMORE MD/WASHINGTON DC
533 PM EDT FRI AUG 1 2014


...................................

...THE MARTINSBURG WV CLIMATE SUMMARY FOR AUGUST 1 2014...
VALID TODAY AS OF 0500 PM LOCAL TIME.

CLIMATE NORMAL PERIOD 1981 TO 2010
CLIMATE RECORD PERIOD 1926 TO 2014


WEATHER ITEM   OBSERVED TIME   RECORD YEAR NORMAL DEPARTURE LAST
                VALUE   (LST)  VALUE       VALUE  FROM      YEAR
                                                  NORMAL
..................................................................
TEMPERATURE (F)
 TODAY
  MAXIMUM         78    349 PM 102    1933  85     -7       85
  MINIMUM         62    505 AM  51    1966  64     -2       67
  AVERAGE         70                        74     -4       76

PRECIPITATION (IN)
  TODAY            T             2.02 1971   0.11  -0.11     0.17
  MONTH TO DATE    T                         0.11  -0.11     0.17
  SINCE JUN 1      7.37                      7.54  -0.17     7.31
  SINCE JAN 1     22.24                     23.27  -1.03    18.57

DEGREE DAYS
 HEATING
  TODAY            0                         0      0        0
  MONTH TO DATE    0                         0      0        0
  SINCE JUN 1      5                        25    -20        2
  SINCE JUL 1      3                         1      2        0

 COOLING
  TODAY            5                         9     -4       11
  MONTH TO DATE    5                         9     -4       11
  SINCE JUN 1    542                       495     47      598
  SINCE JAN 1    623                       552     71      709
..................................................................


WIND (MPH)
  HIGHEST WIND SPEED    10   HIGHEST WIND DIRECTION    SE (150)
  HIGHEST GUST SPEED    14   HIGHEST GUST DIRECTION     S (160)
  AVERAGE WIND SPEED     2.9


SKY COVER
  POSSIBLE SUNSHINE  MM
  AVERAGE SKY COVER 0.3


WEATHER CONDITIONS
 THE FOLLOWING WEATHER WAS RECORDED TODAY.
  FOG
  HAZE


RELATIVE HUMIDITY (PERCENT)
 HIGHEST    90           300 AM
 LOWEST     60           400 PM
 AVERAGE    75

..........................................................


THE MARTINSBURG WV CLIMATE NORMALS FOR TOMORROW
                         NORMAL    RECORD    YEAR
 MAXIMUM TEMPERATURE (F)   85       103      1991
 MINIMUM TEMPERATURE (F)   63        51      1992


SUNRISE AND SUNSET
AUGUST  1 2014........SUNRISE   612 AM EDT   SUNSET   824 PM EDT
AUGUST  2 2014........SUNRISE   613 AM EDT   SUNSET   823 PM EDT


-  INDICATES NEGATIVE NUMBERS.
R  INDICATES RECORD WAS SET OR TIED.
MM INDICATES DATA IS MISSING.
T  INDICATES TRACE AMOUNT.




$$
