000
CDUS41 KLWX 300527
CLIMRB


CLIMATE REPORT
NATIONAL WEATHER SERVICE BALTIMORE MD/WASHINGTON DC
125 AM EDT SAT APR 30 2016


...................................

...THE MARTINSBURG WV CLIMATE SUMMARY FOR APRIL 29 2016...

CLIMATE NORMAL PERIOD 1981 TO 2010
CLIMATE RECORD PERIOD 1926 TO 2016


WEATHER ITEM   OBSERVED TIME   RECORD YEAR NORMAL DEPARTURE LAST
                VALUE   (LST)  VALUE       VALUE  FROM      YEAR
                                                  NORMAL
..................................................................
TEMPERATURE (F)
 YESTERDAY
  MAXIMUM         52    554 PM  93    1974  68    -16       74
  MINIMUM         44    517 AM  29    1947  45     -1       40
  AVERAGE         48                        56     -8       57

PRECIPITATION (IN)
  YESTERDAY        0.00          1.22 1964   0.12  -0.12     0.00
  MONTH TO DATE    1.01                      3.23  -2.22     2.76
  SINCE MAR 1      2.76                      6.75  -3.99     5.06
  SINCE JAN 1      6.85                     11.53  -4.68     7.35

DEGREE DAYS
 HEATING
  YESTERDAY       17                         9      8        8
  MONTH TO DATE  370                       376     -6      279
  SINCE MAR 1    863                      1090   -227     1021
  SINCE JUL 1   4278                      5046   -768     4944

 COOLING
  YESTERDAY        0                         0      0        0
  MONTH TO DATE   10                         0     10        1
  SINCE MAR 1     12                         1     11        1
  SINCE JAN 1     12                         1     11        1
..................................................................


WIND (MPH)
  HIGHEST WIND SPEED     8   HIGHEST WIND DIRECTION    NE (40)
  HIGHEST GUST SPEED    10   HIGHEST GUST DIRECTION     E (100)
  AVERAGE WIND SPEED     3.1


SKY COVER
  POSSIBLE SUNSHINE  MM
  AVERAGE SKY COVER 1.0


WEATHER CONDITIONS
 THE FOLLOWING WEATHER WAS RECORDED YESTERDAY.
  FOG
  HAZE


RELATIVE HUMIDITY (PERCENT)
 HIGHEST   100          1200 AM
 LOWEST     83           300 PM
 AVERAGE    92

..........................................................


THE MARTINSBURG WV CLIMATE NORMALS FOR TODAY
                         NORMAL    RECORD    YEAR
 MAXIMUM TEMPERATURE (F)   69        91      1974
 MINIMUM TEMPERATURE (F)   45        30      1944


SUNRISE AND SUNSET
APRIL 30 2016.........SUNRISE   614 AM EDT   SUNSET   805 PM EDT
MAY  1 2016...........SUNRISE   613 AM EDT   SUNSET   806 PM EDT


-  INDICATES NEGATIVE NUMBERS.
R  INDICATES RECORD WAS SET OR TIED.
MM INDICATES DATA IS MISSING.
T  INDICATES TRACE AMOUNT.




$$
