302
CDUS41 KLWX 252125
CLIMRB


CLIMATE REPORT
NATIONAL WEATHER SERVICE BALTIMORE MD/WASHINGTON DC
525 PM EDT SUN SEP 25 2016


...................................

...THE MARTINSBURG WV CLIMATE SUMMARY FOR SEPTEMBER 25 2016...
VALID TODAY AS OF 0500 PM LOCAL TIME.

CLIMATE NORMAL PERIOD 1981 TO 2010
CLIMATE RECORD PERIOD 1926 TO 2016


WEATHER ITEM   OBSERVED TIME   RECORD YEAR NORMAL DEPARTURE LAST
                VALUE   (LST)  VALUE       VALUE  FROM      YEAR
                                                  NORMAL
..................................................................
TEMPERATURE (F)
 TODAY
  MAXIMUM         74    315 PM  95    2010  73      1       73
  MINIMUM         51    626 AM  29    1963  50      1       54
  AVERAGE         63                        62      1       64

PRECIPITATION (IN)
  TODAY            0.00          1.86 1975   0.11  -0.11     0.00
  MONTH TO DATE    1.02                      2.97  -1.95     1.72
  SINCE SEP 1      1.02                      2.97  -1.95     1.72
  SINCE JAN 1     17.87                     29.21 -11.34    20.67

DEGREE DAYS
 HEATING
  TODAY            2                         5     -3        1
  MONTH TO DATE    2                        57    -55       23
  SINCE SEP 1      2                        57    -55       23
  SINCE JUL 1      2                        64    -62       23

 COOLING
  TODAY            0                         1     -1        0
  MONTH TO DATE  199                        88    111      131
  SINCE SEP 1    199                        88    111      131
  SINCE JAN 1   1271                       880    391     1100
..................................................................


WIND (MPH)
  HIGHEST WIND SPEED    10   HIGHEST WIND DIRECTION     E (80)
  HIGHEST GUST SPEED    13   HIGHEST GUST DIRECTION    SE (130)
  AVERAGE WIND SPEED     4.2


SKY COVER
  POSSIBLE SUNSHINE  MM
  AVERAGE SKY COVER 0.2


WEATHER CONDITIONS
 THE FOLLOWING WEATHER WAS RECORDED TODAY.
  NO SIGNIFICANT WEATHER WAS OBSERVED.


RELATIVE HUMIDITY (PERCENT)
 HIGHEST    77           500 AM
 LOWEST     38           200 PM
 AVERAGE    58

..........................................................


THE MARTINSBURG WV CLIMATE NORMALS FOR TOMORROW
                         NORMAL    RECORD    YEAR
 MAXIMUM TEMPERATURE (F)   73        93      1998
 MINIMUM TEMPERATURE (F)   50        33      1927


SUNRISE AND SUNSET
SEPTEMBER 25 2016.....SUNRISE   703 AM EDT   SUNSET   703 PM EDT
SEPTEMBER 26 2016.....SUNRISE   704 AM EDT   SUNSET   702 PM EDT


-  INDICATES NEGATIVE NUMBERS.
R  INDICATES RECORD WAS SET OR TIED.
MM INDICATES DATA IS MISSING.
T  INDICATES TRACE AMOUNT.




$$
