000
CDUS41 KLWX 270524
CLIMRB


CLIMATE REPORT
NATIONAL WEATHER SERVICE BALTIMORE MD/WASHINGTON DC
124 AM EDT SAT AUG 27 2016


...................................

...THE MARTINSBURG WV CLIMATE SUMMARY FOR AUGUST 26 2016...

CLIMATE NORMAL PERIOD 1981 TO 2010
CLIMATE RECORD PERIOD 1926 TO 2016


WEATHER ITEM   OBSERVED TIME   RECORD YEAR NORMAL DEPARTURE LAST
                VALUE   (LST)  VALUE       VALUE  FROM      YEAR
                                                  NORMAL
..................................................................
TEMPERATURE (F)
 YESTERDAY
  MAXIMUM         94    326 PM 103    1936  83     11       78
  MINIMUM         71   1148 PM  43    1927  60     11       56
  AVERAGE         83                        72     11       67

PRECIPITATION (IN)
  YESTERDAY        0.00          2.69 2006   0.10  -0.10     0.00
  MONTH TO DATE    2.19                      2.60  -0.41     1.36
  SINCE JUN 1      5.26                     10.03  -4.77     8.01
  SINCE JAN 1     16.85                     25.76  -8.91    18.95

DEGREE DAYS
 HEATING
  YESTERDAY        0                         0      0        0
  MONTH TO DATE    0                         0      0        0
  SINCE JUN 1      5                        25    -20       15
  SINCE JUL 1      0                         1     -1        0

 COOLING
  YESTERDAY       18                         7     11        2
  MONTH TO DATE  320                       216    104      220
  SINCE JUN 1    939                       702    237      785
  SINCE JAN 1   1012                       759    253      933
..................................................................


WIND (MPH)
  HIGHEST WIND SPEED    13   HIGHEST WIND DIRECTION     N (340)
  HIGHEST GUST SPEED    17   HIGHEST GUST DIRECTION    NW (330)
  AVERAGE WIND SPEED     5.0


SKY COVER
  POSSIBLE SUNSHINE  MM
  AVERAGE SKY COVER 0.1


WEATHER CONDITIONS
 THE FOLLOWING WEATHER WAS RECORDED YESTERDAY.
  FOG


RELATIVE HUMIDITY (PERCENT)
 HIGHEST   100          1200 AM
 LOWEST     41           300 PM
 AVERAGE    71

..........................................................


THE MARTINSBURG WV CLIMATE NORMALS FOR TODAY
                         NORMAL    RECORD    YEAR
 MAXIMUM TEMPERATURE (F)   83        98      1948
 MINIMUM TEMPERATURE (F)   60        46      1942


SUNRISE AND SUNSET
AUGUST 27 2016........SUNRISE   636 AM EDT   SUNSET   750 PM EDT
AUGUST 28 2016........SUNRISE   637 AM EDT   SUNSET   748 PM EDT


-  INDICATES NEGATIVE NUMBERS.
R  INDICATES RECORD WAS SET OR TIED.
MM INDICATES DATA IS MISSING.
T  INDICATES TRACE AMOUNT.




$$
