000
CDUS41 KLWX 290529
CLIMRB


CLIMATE REPORT
NATIONAL WEATHER SERVICE BALTIMORE MD/WASHINGTON DC
127 AM EDT FRI MAY 29 2015


...................................

...THE MARTINSBURG WV CLIMATE SUMMARY FOR MAY 28 2015...

CLIMATE NORMAL PERIOD 1981 TO 2010
CLIMATE RECORD PERIOD 1926 TO 2015


WEATHER ITEM   OBSERVED TIME   RECORD YEAR NORMAL DEPARTURE LAST
                VALUE   (LST)  VALUE       VALUE  FROM      YEAR
                                                  NORMAL
..................................................................
TEMPERATURE (F)
 YESTERDAY
  MAXIMUM         88    331 PM  96    1941  76     12       86
  MINIMUM         61    448 AM  36    1994  53      8       62
  AVERAGE         75                        65     10       74

PRECIPITATION (IN)
  YESTERDAY        0.00          1.50 1960   0.13  -0.13     0.05
  MONTH TO DATE    2.23                      3.70  -1.47     5.13
  SINCE MAR 1      7.85                     10.56  -2.71    10.96
  SINCE JAN 1     10.14                     15.34  -5.20    14.71

DEGREE DAYS
 HEATING
  YESTERDAY        0                         3     -3        0
  MONTH TO DATE   65                       161    -96       90
  SINCE MAR 1   1092                      1262   -170     1287
  SINCE JUL 1   5015                      5218   -203     5380

 COOLING
  YESTERDAY       10                         3      7        9
  MONTH TO DATE  114                        43     71       72
  SINCE MAR 1    115                        52     63       79
  SINCE JAN 1    115                        52     63       79
..................................................................


WIND (MPH)
  HIGHEST WIND SPEED    10   HIGHEST WIND DIRECTION    NW (330)
  HIGHEST GUST SPEED    16   HIGHEST GUST DIRECTION     N (340)
  AVERAGE WIND SPEED     2.6


SKY COVER
  POSSIBLE SUNSHINE  MM
  AVERAGE SKY COVER 0.3


WEATHER CONDITIONS
 THE FOLLOWING WEATHER WAS RECORDED YESTERDAY.
  FOG


RELATIVE HUMIDITY (PERCENT)
 HIGHEST    93           300 AM
 LOWEST     42           500 PM
 AVERAGE    68

..........................................................


THE MARTINSBURG WV CLIMATE NORMALS FOR TODAY
                         NORMAL    RECORD    YEAR
 MAXIMUM TEMPERATURE (F)   76        98      1941
 MINIMUM TEMPERATURE (F)   54        38      1936


SUNRISE AND SUNSET
MAY 29 2015...........SUNRISE   548 AM EDT   SUNSET   831 PM EDT
MAY 30 2015...........SUNRISE   548 AM EDT   SUNSET   831 PM EDT


-  INDICATES NEGATIVE NUMBERS.
R  INDICATES RECORD WAS SET OR TIED.
MM INDICATES DATA IS MISSING.
T  INDICATES TRACE AMOUNT.




$$
