000
CDUS41 KLWX 300525
CLIMRB


CLIMATE REPORT
NATIONAL WEATHER SERVICE BALTIMORE MD/WASHINGTON DC
125 AM EDT THU MAR 30 2017


...................................

...THE MARTINSBURG WV CLIMATE SUMMARY FOR MARCH 29 2017...

CLIMATE NORMAL PERIOD 1981 TO 2010
CLIMATE RECORD PERIOD 1926 TO 2017


WEATHER ITEM   OBSERVED TIME   RECORD YEAR NORMAL DEPARTURE LAST
                VALUE   (LST)  VALUE       VALUE  FROM      YEAR
                                                  NORMAL
..................................................................
TEMPERATURE (F)
 YESTERDAY
  MAXIMUM         64    425 PM  87    1945  58      6       58
  MINIMUM         45   1154 PM  17    1959  36      9       39
  AVERAGE         55                        47      8       49

PRECIPITATION (IN)
  YESTERDAY        0.00          1.59 1984   0.12  -0.12     0.00
  MONTH TO DATE    1.98                      3.27  -1.29     1.75
  SINCE MAR 1      1.98                      3.27  -1.29     1.75
  SINCE JAN 1      6.36                      8.05  -1.69     5.84

DEGREE DAYS
 HEATING
  YESTERDAY       10                        19     -9       16
  MONTH TO DATE  643                       679    -36      468
  SINCE MAR 1    643                       679    -36      468
  SINCE JUL 1   3721                      4635   -914     3883

 COOLING
  YESTERDAY        0                         0      0        0
  MONTH TO DATE    3                         0      3        2
  SINCE MAR 1      3                         0      3        2
  SINCE JAN 1      3                         0      3        2
..................................................................


WIND (MPH)
  HIGHEST WIND SPEED    16   HIGHEST WIND DIRECTION     N (350)
  HIGHEST GUST SPEED    24   HIGHEST GUST DIRECTION     N (340)
  AVERAGE WIND SPEED     7.9


SKY COVER
  POSSIBLE SUNSHINE  MM
  AVERAGE SKY COVER 0.4


WEATHER CONDITIONS
 THE FOLLOWING WEATHER WAS RECORDED YESTERDAY.
  NO SIGNIFICANT WEATHER WAS OBSERVED.


RELATIVE HUMIDITY (PERCENT)
 HIGHEST    77           100 AM
 LOWEST     34           300 PM
 AVERAGE    56

..........................................................


THE MARTINSBURG WV CLIMATE NORMALS FOR TODAY
                         NORMAL    RECORD    YEAR
 MAXIMUM TEMPERATURE (F)   58        86      1986
 MINIMUM TEMPERATURE (F)   36        15      1970


SUNRISE AND SUNSET
MARCH 30 2017.........SUNRISE   659 AM EDT   SUNSET   734 PM EDT
MARCH 31 2017.........SUNRISE   657 AM EDT   SUNSET   735 PM EDT


-  INDICATES NEGATIVE NUMBERS.
R  INDICATES RECORD WAS SET OR TIED.
MM INDICATES DATA IS MISSING.
T  INDICATES TRACE AMOUNT.




$$
