000
CDUS41 KLWX 212132
CLIMRB


CLIMATE REPORT
NATIONAL WEATHER SERVICE BALTIMORE MD/WASHINGTON DC
532 PM EDT SAT OCT 21 2017


...................................

...THE MARTINSBURG WV CLIMATE SUMMARY FOR OCTOBER 21 2017...
VALID TODAY AS OF 0500 PM LOCAL TIME.

CLIMATE NORMAL PERIOD 1981 TO 2010
CLIMATE RECORD PERIOD 1926 TO 2017


WEATHER ITEM   OBSERVED TIME   RECORD YEAR NORMAL DEPARTURE LAST
                VALUE   (LST)  VALUE       VALUE  FROM      YEAR
                                                  NORMAL
..................................................................
TEMPERATURE (F)
 TODAY
  MAXIMUM         76    242 PM  87    1979  64     12       73
  MINIMUM         40    651 AM  22    1972  41     -1       53
  AVERAGE         58                        52      6       63

PRECIPITATION (IN)
  TODAY            0.00          1.67 1970   0.09  -0.09     0.06
  MONTH TO DATE    2.52                      2.07   0.45     0.58
  SINCE SEP 1      3.98                      5.64  -1.66     4.87
  SINCE JAN 1     30.92                     31.88  -0.96    21.72

DEGREE DAYS
 HEATING
  TODAY            7                        13     -6        2
  MONTH TO DATE   99                       209   -110      121
  SINCE SEP 1    159                       293   -134      141
  SINCE JUL 1    161                       300   -139      141

 COOLING
  TODAY            0                         0      0        0
  MONTH TO DATE   53                         8     45       21
  SINCE SEP 1    178                       101     77      220
  SINCE JAN 1   1074                       893    181     1292
..................................................................


WIND (MPH)
  HIGHEST WIND SPEED     8   HIGHEST WIND DIRECTION     E (100)
  HIGHEST GUST SPEED    12   HIGHEST GUST DIRECTION    SE (130)
  AVERAGE WIND SPEED     1.1


SKY COVER
  POSSIBLE SUNSHINE  MM
  AVERAGE SKY COVER 0.0


WEATHER CONDITIONS
 THE FOLLOWING WEATHER WAS RECORDED TODAY.
  FOG


RELATIVE HUMIDITY (PERCENT)
 HIGHEST    96           200 AM
 LOWEST     33           200 PM
 AVERAGE    65

..........................................................


THE MARTINSBURG WV CLIMATE NORMALS FOR TOMORROW
                         NORMAL    RECORD    YEAR
 MAXIMUM TEMPERATURE (F)   63        87      1979
 MINIMUM TEMPERATURE (F)   40        26      1974


SUNRISE AND SUNSET
OCTOBER 21 2017.......SUNRISE   728 AM EDT   SUNSET   624 PM EDT
OCTOBER 22 2017.......SUNRISE   729 AM EDT   SUNSET   623 PM EDT


-  INDICATES NEGATIVE NUMBERS.
R  INDICATES RECORD WAS SET OR TIED.
MM INDICATES DATA IS MISSING.
T  INDICATES TRACE AMOUNT.




$$
