000
CDUS41 KLWX 250552
CLIMRB


CLIMATE REPORT
NATIONAL WEATHER SERVICE BALTIMORE MD/WASHINGTON DC
1251 AM EST THU DEC 25 2014


...................................

...THE MARTINSBURG WV CLIMATE SUMMARY FOR DECEMBER 24 2014...

CLIMATE NORMAL PERIOD 1981 TO 2010
CLIMATE RECORD PERIOD 1926 TO 2014


WEATHER ITEM   OBSERVED TIME   RECORD YEAR NORMAL DEPARTURE LAST
                VALUE   (LST)  VALUE       VALUE  FROM      YEAR
                                                  NORMAL
..................................................................
TEMPERATURE (F)
 YESTERDAY
  MAXIMUM         55   1159 PM  66    1955  41     14       38
  MINIMUM         39   1202 AM  -9    1983  24     15       21
  AVERAGE         47                        32     15       30

PRECIPITATION (IN)
  YESTERDAY        0.54          1.44 1986   0.08   0.46      T
  MONTH TO DATE    2.74                      2.21   0.53     3.73
  SINCE DEC 1      2.74                      2.21   0.53     3.73
  SINCE JAN 1     35.13                     38.20  -3.07    34.89

DEGREE DAYS
 HEATING
  YESTERDAY       18                        33    -15       35
  MONTH TO DATE  629                       722    -93      649
  SINCE DEC 1    629                       722    -93      649
  SINCE JUL 1   1588                      1792   -204     1740

 COOLING
  YESTERDAY        0                         0      0        0
  MONTH TO DATE    0                         0      0        0
  SINCE DEC 1      0                         0      0        0
  SINCE JAN 1    958                       895     63     1057
..................................................................


WIND (MPH)
  HIGHEST WIND SPEED    21   HIGHEST WIND DIRECTION     W (280)
  HIGHEST GUST SPEED    27   HIGHEST GUST DIRECTION     W (270)
  AVERAGE WIND SPEED     2.6


SKY COVER
  POSSIBLE SUNSHINE  MM
  AVERAGE SKY COVER 0.9


WEATHER CONDITIONS
 THE FOLLOWING WEATHER WAS RECORDED YESTERDAY.
  RAIN
  LIGHT RAIN
  FOG
  FOG W/VISIBILITY <= 1/4 MILE


RELATIVE HUMIDITY (PERCENT)
 HIGHEST    93           600 PM
 LOWEST     86           500 AM
 AVERAGE    90

..........................................................


THE MARTINSBURG WV CLIMATE NORMALS FOR TODAY
                         NORMAL    RECORD    YEAR
 MAXIMUM TEMPERATURE (F)   41        67      1964
 MINIMUM TEMPERATURE (F)   23       -12      1983


SUNRISE AND SUNSET
DECEMBER 25 2014......SUNRISE   730 AM EST   SUNSET   454 PM EST
DECEMBER 26 2014......SUNRISE   730 AM EST   SUNSET   455 PM EST


-  INDICATES NEGATIVE NUMBERS.
R  INDICATES RECORD WAS SET OR TIED.
MM INDICATES DATA IS MISSING.
T  INDICATES TRACE AMOUNT.




$$
