000
CDUS41 KLWX 292127
CLIMRB


CLIMATE REPORT
NATIONAL WEATHER SERVICE BALTIMORE MD/WASHINGTON DC
427 PM EST THU JAN 29 2015


...................................

...THE MARTINSBURG WV CLIMATE SUMMARY FOR JANUARY 29 2015...
VALID TODAY AS OF 0400 PM LOCAL TIME.

CLIMATE NORMAL PERIOD 1981 TO 2010
CLIMATE RECORD PERIOD 1926 TO 2015


WEATHER ITEM   OBSERVED TIME   RECORD YEAR NORMAL DEPARTURE LAST
                VALUE   (LST)  VALUE       VALUE  FROM      YEAR
                                                  NORMAL
..................................................................
TEMPERATURE (F)
 TODAY
  MAXIMUM         35    320 PM  76    1975  40     -5       22
  MINIMUM         10    521 AM -12    1963  23    -13        6
  AVERAGE         23                        31     -8       14

PRECIPITATION (IN)
  TODAY            T             1.60 1939   0.09  -0.09      T
  MONTH TO DATE    2.05                      2.27  -0.22     1.04
  SINCE DEC 1      4.82                      4.98  -0.16     5.94
  SINCE JAN 1      2.05                      2.27  -0.22     1.04

DEGREE DAYS
 HEATING
  TODAY           42                        34      8       51
  MONTH TO DATE  994                       986      8     1136
  SINCE DEC 1   1804                      1942   -138     1993
  SINCE JUL 1   2763                      3012   -249     3084

 COOLING
  TODAY            0                         0      0        0
  MONTH TO DATE    0                         0      0        0
  SINCE DEC 1      0                         0      0        0
  SINCE JAN 1      0                         0      0        0
..................................................................


WIND (MPH)
  HIGHEST WIND SPEED    15   HIGHEST WIND DIRECTION    SE (150)
  HIGHEST GUST SPEED    19   HIGHEST GUST DIRECTION    SE (130)
  AVERAGE WIND SPEED     1.4


SKY COVER
  POSSIBLE SUNSHINE  MM
  AVERAGE SKY COVER 0.4


WEATHER CONDITIONS
 THE FOLLOWING WEATHER WAS RECORDED TODAY.
  LIGHT RAIN
  LIGHT SNOW


RELATIVE HUMIDITY (PERCENT)
 HIGHEST    76           200 AM
 LOWEST     38          1200 PM
 AVERAGE    57

..........................................................


THE MARTINSBURG WV CLIMATE NORMALS FOR TOMORROW
                         NORMAL    RECORD    YEAR
 MAXIMUM TEMPERATURE (F)   40        70      2013
                                             1947
 MINIMUM TEMPERATURE (F)   23        -2      2014


SUNRISE AND SUNSET
JANUARY 29 2015.......SUNRISE   722 AM EST   SUNSET   528 PM EST
JANUARY 30 2015.......SUNRISE   721 AM EST   SUNSET   530 PM EST


-  INDICATES NEGATIVE NUMBERS.
R  INDICATES RECORD WAS SET OR TIED.
MM INDICATES DATA IS MISSING.
T  INDICATES TRACE AMOUNT.




$$
