000
CDUS44 KHUN 010801
CLIMSL


CLIMATE REPORT
NATIONAL WEATHER SERVICE HUNTSVILLE AL
200 AM CST SUN MAR 1 2015


...................................

...THE MUSCLE SHOALS CLIMATE SUMMARY FOR FEBRUARY 28 2015...

CLIMATE NORMAL PERIOD 1981 TO 2010
CLIMATE RECORD PERIOD 1893 TO 2015


WEATHER ITEM   OBSERVED TIME   RECORD YEAR NORMAL DEPARTURE LAST
                VALUE   (LST)  VALUE       VALUE  FROM      YEAR
                                                  NORMAL
..................................................................
TEMPERATURE (F)
 YESTERDAY
  MAXIMUM         53    333 PM  77    1904  59     -6       58
  MINIMUM         29    653 AM  15    1935  38     -9       26
                                      1920
  AVERAGE         41                        49     -8       42

PRECIPITATION (IN)
  YESTERDAY        0.00          1.56 1939   0.17  -0.17     0.10
  MONTH TO DATE    3.11                      4.66  -1.55     3.99
  SINCE DEC 1     12.41                     14.95  -2.54    10.46
  SINCE JAN 1      7.28                      9.27  -1.99     5.69

SNOWFALL (IN)
  YESTERDAY        0.0
  MONTH TO DATE    3.5
  SINCE DEC 1      3.5
  SINCE JUL 1      3.5
  SNOW DEPTH       0

DEGREE DAYS
 HEATING
  YESTERDAY       24                        16      8       23
  MONTH TO DATE  796                       555    241      598
  SINCE DEC 1   2119                      1973    146     2154
  SINCE JUL 1   2771                      2535    236     2771

 COOLING
  YESTERDAY        0                         0      0        0
  MONTH TO DATE    0                         1     -1        0
  SINCE DEC 1      0                         2     -2        8
  SINCE JAN 1      0                         1     -1        0
..................................................................


WIND (MPH)
  HIGHEST WIND SPEED    15   HIGHEST WIND DIRECTION    SE (130)
  HIGHEST GUST SPEED    21   HIGHEST GUST DIRECTION    SE (140)
  AVERAGE WIND SPEED     6.1


SKY COVER
  POSSIBLE SUNSHINE  MM
  AVERAGE SKY COVER 0.6


WEATHER CONDITIONS
 THE FOLLOWING WEATHER WAS RECORDED YESTERDAY.
  NO SIGNIFICANT WEATHER WAS OBSERVED.


RELATIVE HUMIDITY (PERCENT)
 HIGHEST    61           800 PM
 LOWEST     42           200 PM
 AVERAGE    52

..........................................................


THE MUSCLE SHOALS CLIMATE NORMALS FOR TODAY
                         NORMAL    RECORD    YEAR
 MAXIMUM TEMPERATURE (F)   60        82      1997
                                             1918
 MINIMUM TEMPERATURE (F)   39        14      1920


SUNRISE AND SUNSET
MARCH  1 2015.........SUNRISE   620 AM CST   SUNSET   546 PM CST
MARCH  2 2015.........SUNRISE   619 AM CST   SUNSET   547 PM CST


-  INDICATES NEGATIVE NUMBERS.
R  INDICATES RECORD WAS SET OR TIED.
MM INDICATES DATA IS MISSING.
T  INDICATES TRACE AMOUNT.




$$
