000
CDUS44 KHUN 240720
CLIMSL


CLIMATE REPORT
NATIONAL WEATHER SERVICE HUNTSVILLE AL
219 AM CDT WED MAY 24 2017


...................................

...THE MUSCLE SHOALS CLIMATE SUMMARY FOR MAY 23 2017...

CLIMATE NORMAL PERIOD 1981 TO 2010
CLIMATE RECORD PERIOD 1893 TO 2017


WEATHER ITEM   OBSERVED TIME   RECORD YEAR NORMAL DEPARTURE LAST
                VALUE   (LST)  VALUE       VALUE  FROM      YEAR
                                                  NORMAL
..................................................................
TEMPERATURE (F)
 YESTERDAY
  MAXIMUM         82    210 PM  94    1925  83     -1       86
  MINIMUM         62    504 AM  45    1931  61      1       51
  AVERAGE         72                        72      0       69

PRECIPITATION (IN)
  YESTERDAY        0.84          2.63 1900   0.16   0.68     0.00
  MONTH TO DATE    2.68                      3.79  -1.11     1.16
  SINCE MAR 1     11.45                     12.90  -1.45     9.35
  SINCE JAN 1     18.69                     22.17  -3.48    16.48

SNOWFALL (IN)
  YESTERDAY        0.0
  MONTH TO DATE    0.0
  SINCE MAR 1      T
  SINCE JUL 1      T
  SNOW DEPTH       0

DEGREE DAYS
 HEATING
  YESTERDAY        0                         0      0        0
  MONTH TO DATE   33                        29      4       26
  SINCE MAR 1    413                       567   -154      359
  SINCE JUL 1   2093                      3102  -1009     2360

 COOLING
  YESTERDAY        7                         7      0        4
  MONTH TO DATE  123                       115      8       83
  SINCE MAR 1    263                       179     84      167
  SINCE JAN 1    271                       180     91      167
..................................................................


WIND (MPH)
  HIGHEST WIND SPEED    14   HIGHEST WIND DIRECTION     W (290)
  HIGHEST GUST SPEED    18   HIGHEST GUST DIRECTION     W (260)
  AVERAGE WIND SPEED     3.8


SKY COVER
  POSSIBLE SUNSHINE  MM
  AVERAGE SKY COVER 0.6


WEATHER CONDITIONS
 THE FOLLOWING WEATHER WAS RECORDED YESTERDAY.
  HEAVY RAIN
  RAIN
  LIGHT RAIN
  FOG


RELATIVE HUMIDITY (PERCENT)
 HIGHEST    93           100 AM
 LOWEST     45           100 PM
 AVERAGE    69

..........................................................


THE MUSCLE SHOALS CLIMATE NORMALS FOR TODAY
                         NORMAL    RECORD    YEAR
 MAXIMUM TEMPERATURE (F)   83        96      1996
 MINIMUM TEMPERATURE (F)   61        42      1931


SUNRISE AND SUNSET
MAY 24 2017...........SUNRISE   542 AM CDT   SUNSET   753 PM CDT
MAY 25 2017...........SUNRISE   541 AM CDT   SUNSET   754 PM CDT


-  INDICATES NEGATIVE NUMBERS.
R  INDICATES RECORD WAS SET OR TIED.
MM INDICATES DATA IS MISSING.
T  INDICATES TRACE AMOUNT.




$$
