000
CDUS44 KHUN 300702
CLIMSL


CLIMATE REPORT
NATIONAL WEATHER SERVICE HUNTSVILLE AL
202 AM CDT SAT JUL 30 2016


...................................

...THE MUSCLE SHOALS CLIMATE SUMMARY FOR JULY 29 2016...

CLIMATE NORMAL PERIOD 1981 TO 2010
CLIMATE RECORD PERIOD 1893 TO 2016


WEATHER ITEM   OBSERVED TIME   RECORD YEAR NORMAL DEPARTURE LAST
                VALUE   (LST)  VALUE       VALUE  FROM      YEAR
                                                  NORMAL
..................................................................
TEMPERATURE (F)
 YESTERDAY
  MAXIMUM         88    428 PM 108    1930  91     -3       95
  MINIMUM         71    911 PM  55    1937  70      1       76
  AVERAGE         80                        81     -1       86

PRECIPITATION (IN)
  YESTERDAY        0.15          2.17 1898   0.11   0.04     0.54
  MONTH TO DATE    4.92                      4.07   0.85     4.73
  SINCE JUN 1      9.61                      8.83   0.78     7.09
  SINCE JAN 1     26.09                     32.33  -6.24    30.98

SNOWFALL (IN)
  YESTERDAY        0.0
  MONTH TO DATE    0.0
  SINCE JUN 1      0.0
  SINCE JUL 1      0.0
  SNOW DEPTH       0

DEGREE DAYS
 HEATING
  YESTERDAY        0                         0      0        0
  MONTH TO DATE    0                         0      0        0
  SINCE JUN 1      0                         1     -1        0
  SINCE JUL 1      0                         0      0        0

 COOLING
  YESTERDAY       15                        16     -1       21
  MONTH TO DATE  529                       450     79      508
  SINCE JUN 1    981                       812    169      966
  SINCE JAN 1   1248                      1056    192     1220
..................................................................


WIND (MPH)
  HIGHEST WIND SPEED    14   HIGHEST WIND DIRECTION     W (250)
  HIGHEST GUST SPEED    18   HIGHEST GUST DIRECTION     W (270)
  AVERAGE WIND SPEED     6.4


SKY COVER
  POSSIBLE SUNSHINE  MM
  AVERAGE SKY COVER 0.4


WEATHER CONDITIONS
 THE FOLLOWING WEATHER WAS RECORDED YESTERDAY.
  THUNDERSTORM
  RAIN
  LIGHT RAIN
  FOG


RELATIVE HUMIDITY (PERCENT)
 HIGHEST    93          1200 AM
 LOWEST     59           300 PM
 AVERAGE    76

..........................................................


THE MUSCLE SHOALS CLIMATE NORMALS FOR TODAY
                         NORMAL    RECORD    YEAR
 MAXIMUM TEMPERATURE (F)   91       103      1986
 MINIMUM TEMPERATURE (F)   70        55      2014


SUNRISE AND SUNSET
JULY 30 2016..........SUNRISE   559 AM CDT   SUNSET   754 PM CDT
JULY 31 2016..........SUNRISE   600 AM CDT   SUNSET   753 PM CDT


-  INDICATES NEGATIVE NUMBERS.
R  INDICATES RECORD WAS SET OR TIED.
MM INDICATES DATA IS MISSING.
T  INDICATES TRACE AMOUNT.




$$
