000
CDUS44 KHUN 232234
CLIMSL


CLIMATE REPORT
NATIONAL WEATHER SERVICE HUNTSVILLE AL
434 PM CST FRI FEB 23 2018


...................................

...THE MUSCLE SHOALS CLIMATE SUMMARY FOR FEBRUARY 23 2018...
VALID TODAY AS OF 0400 PM LOCAL TIME.

CLIMATE NORMAL PERIOD 1981 TO 2010
CLIMATE RECORD PERIOD 1893 TO 2018


WEATHER ITEM   OBSERVED TIME   RECORD YEAR NORMAL DEPARTURE LAST
                VALUE   (LST)  VALUE       VALUE  FROM      YEAR
                                                  NORMAL
..................................................................
TEMPERATURE (F)
 TODAY
  MAXIMUM         78    359 PM  83    2012  58     20       76
  MINIMUM         63    705 AM  17    1963  37     26       51
                                      1939
  AVERAGE         71                        47     24       64

PRECIPITATION (IN)
  TODAY            0.00          2.72 1977   0.18  -0.18     0.00
  MONTH TO DATE    9.07                      3.81   5.26     1.56
  SINCE DEC 1     16.21                     14.10   2.11    11.62
  SINCE JAN 1     10.85                      8.42   2.43     6.28

SNOWFALL (IN)
  TODAY            0.0
  MONTH TO DATE    0.0
  SINCE DEC 1      0.6
  SINCE JUL 1      0.6
  SNOW DEPTH       0

DEGREE DAYS
 HEATING
  TODAY            0                        18    -18        1
  MONTH TO DATE  307                       471   -164      272
  SINCE DEC 1   1815                      1889    -74     1300
  SINCE JUL 1   2322                      2451   -129     1628

 COOLING
  TODAY            6                         0      6        0
  MONTH TO DATE   22                         0     22        0
  SINCE DEC 1     22                         1     21        6
  SINCE JAN 1     22                         0     22        4
..................................................................


WIND (MPH)
  HIGHEST WIND SPEED    14   HIGHEST WIND DIRECTION     S (170)
  HIGHEST GUST SPEED    22   HIGHEST GUST DIRECTION    SW (210)
  AVERAGE WIND SPEED     7.3


SKY COVER
  POSSIBLE SUNSHINE  MM
  AVERAGE SKY COVER 0.1


WEATHER CONDITIONS
 THE FOLLOWING WEATHER WAS RECORDED TODAY.
  NO SIGNIFICANT WEATHER WAS OBSERVED.


RELATIVE HUMIDITY (PERCENT)
 HIGHEST    84           600 AM
 LOWEST     42           300 PM
 AVERAGE    63

..........................................................


THE MUSCLE SHOALS CLIMATE NORMALS FOR TOMORROW
                         NORMAL    RECORD    YEAR
 MAXIMUM TEMPERATURE (F)   58        81      2017
 MINIMUM TEMPERATURE (F)   37        17      1989
                                             1967


SUNRISE AND SUNSET
FEBRUARY 23 2018......SUNRISE   627 AM CST   SUNSET   541 PM CST
FEBRUARY 24 2018......SUNRISE   626 AM CST   SUNSET   542 PM CST


-  INDICATES NEGATIVE NUMBERS.
R  INDICATES RECORD WAS SET OR TIED.
MM INDICATES DATA IS MISSING.
T  INDICATES TRACE AMOUNT.




$$
