000
CDUS43 KMKX 280044
CLIMSN


CLIMATE REPORT
NATIONAL WEATHER SERVICE IN MILWAUKEE
743 PM CDT FRI MAR 27 2015


...................................

...THE MADISON WI CLIMATE SUMMARY FOR MARCH 27 2015...
VALID TODAY AS OF 0700 PM LOCAL TIME.

CLIMATE NORMAL PERIOD 1981 TO 2010
CLIMATE RECORD PERIOD 1871 TO 2015


WEATHER ITEM   OBSERVED TIME   RECORD YEAR NORMAL DEPARTURE LAST
                VALUE   (LST)  VALUE       VALUE  FROM      YEAR
                                                  NORMAL
..................................................................
TEMPERATURE (F)
 TODAY
  MAXIMUM         35    409 PM  78    1945  48    -13       47
                                      1910
  MINIMUM         16    611 AM   2    1965  29    -13       35
  AVERAGE         26                        38    -12       41

PRECIPITATION (IN)
  TODAY            0.00          1.34 1887   0.08  -0.08     0.44
  MONTH TO DATE    0.68                      1.83  -1.15     1.23
  SINCE MAR 1      0.68                      1.83  -1.15     1.23
  SINCE JAN 1      1.88                      4.51  -2.63     3.12

SNOWFALL (IN)
  TODAY            0.0           8.5  1948   0.2   -0.2       T
  MONTH TO DATE    4.2                       6.3   -2.1      8.2
  SINCE MAR 1      4.2                       6.3   -2.1      8.2
  SINCE JUL 1     33.7                      47.4  -13.7     58.2
  SNOW DEPTH       0

DEGREE DAYS
 HEATING
  TODAY           39                        27     12       24
  MONTH TO DATE  834                       860    -26     1057
  SINCE MAR 1    834                       860    -26     1057
  SINCE JUL 1   6545                      6346    199     7169

 COOLING
  TODAY            0                         0      0        0
  MONTH TO DATE    0                         0      0        0
  SINCE MAR 1      0                         0      0        0
  SINCE JAN 1      0                         0      0        0
..................................................................


WIND (MPH)
  HIGHEST WIND SPEED    22   HIGHEST WIND DIRECTION     N (360)
  HIGHEST GUST SPEED    25   HIGHEST GUST DIRECTION     N (20)
  AVERAGE WIND SPEED     9.4


SKY COVER
  POSSIBLE SUNSHINE  MM
  AVERAGE SKY COVER 0.1


WEATHER CONDITIONS
 THE FOLLOWING WEATHER WAS RECORDED TODAY.
  NO SIGNIFICANT WEATHER WAS OBSERVED.


RELATIVE HUMIDITY (PERCENT)
 HIGHEST    67           600 AM
 LOWEST     26           400 PM
 AVERAGE    47

..........................................................


THE MADISON WI CLIMATE NORMALS FOR TOMORROW
                         NORMAL    RECORD    YEAR
 MAXIMUM TEMPERATURE (F)   49        76      1986
                                             1946
                                             1910
 MINIMUM TEMPERATURE (F)   29         2      1923
                                             1887


SUNRISE AND SUNSET
MARCH 27 2015.........SUNRISE   649 AM CDT   SUNSET   718 PM CDT
MARCH 28 2015.........SUNRISE   647 AM CDT   SUNSET   719 PM CDT


-  INDICATES NEGATIVE NUMBERS.
R  INDICATES RECORD WAS SET OR TIED.
MM INDICATES DATA IS MISSING.
T  INDICATES TRACE AMOUNT.




$$
