000
CDUS43 KMKX 250643
CLIMSN


CLIMATE REPORT
NATIONAL WEATHER SERVICE IN MILWAUKEE
142 AM CDT SUN JUN 25 2017


...................................

...THE MADISON WI CLIMATE SUMMARY FOR JUNE 24 2017...

CLIMATE NORMAL PERIOD 1981 TO 2010
CLIMATE RECORD PERIOD 1871 TO 2017


WEATHER ITEM   OBSERVED TIME   RECORD YEAR NORMAL DEPARTURE LAST
                VALUE   (LST)  VALUE       VALUE  FROM      YEAR
                                                  NORMAL
..................................................................
TEMPERATURE (F)
 YESTERDAY
  MAXIMUM         69    452 PM  96    1923  80    -11       82
  MINIMUM         53   1159 PM  44    1972  59     -6       54
  AVERAGE         61                        70     -9       68

PRECIPITATION (IN)
  YESTERDAY        0.04          1.49 1882   0.15  -0.11     0.00
  MONTH TO DATE    5.08                      3.64   1.44     3.33
  SINCE JUN 1      5.08                      3.64   1.44     3.33
  SINCE JAN 1     20.74                     15.47   5.27    13.12

SNOWFALL (IN)
  YESTERDAY        0.0           0.0    MM   0.0    0.0      0.0
  MONTH TO DATE    0.0                       0.0    0.0      0.0
  SINCE JUN 1      0.0                       0.0    0.0      0.0
  SINCE JUL 1     44.0                      50.9   -6.9     32.7
  SNOW DEPTH       0

DEGREE DAYS
 HEATING
  YESTERDAY        4                         1      3        0
  MONTH TO DATE   13                        57    -44       13
  SINCE JUN 1     13                        57    -44       13
  SINCE JUL 1   6201                      7330  -1129     6197

 COOLING
  YESTERDAY        0                         6     -6        3
  MONTH TO DATE  142                        84     58      114
  SINCE JUN 1    142                        84     58      114
  SINCE JAN 1    157                       114     43      166
..................................................................


WIND (MPH)
  HIGHEST WIND SPEED    22   HIGHEST WIND DIRECTION     W (290)
  HIGHEST GUST SPEED    38   HIGHEST GUST DIRECTION     W (290)
  AVERAGE WIND SPEED     7.9


SKY COVER
  POSSIBLE SUNSHINE  MM
  AVERAGE SKY COVER 0.4


WEATHER CONDITIONS
 THE FOLLOWING WEATHER WAS RECORDED YESTERDAY.
  LIGHT RAIN
  FOG


RELATIVE HUMIDITY (PERCENT)
 HIGHEST    93          1000 PM
 LOWEST     42           300 PM
 AVERAGE    68

..........................................................


THE MADISON WI CLIMATE NORMALS FOR TODAY
                         NORMAL    RECORD    YEAR
 MAXIMUM TEMPERATURE (F)   81        97      1988
 MINIMUM TEMPERATURE (F)   59        36      1979


SUNRISE AND SUNSET
JUNE 25 2017..........SUNRISE   519 AM CDT   SUNSET   841 PM CDT
JUNE 26 2017..........SUNRISE   519 AM CDT   SUNSET   841 PM CDT


-  INDICATES NEGATIVE NUMBERS.
R  INDICATES RECORD WAS SET OR TIED.
MM INDICATES DATA IS MISSING.
T  INDICATES TRACE AMOUNT.




$$
