000
CDUS43 KMKX 200703
CLIMSN


CLIMATE REPORT
NATIONAL WEATHER SERVICE IN MILWAUKEE
201 AM CDT WED AUG 20 2014


...................................

...THE MADISON WI CLIMATE SUMMARY FOR AUGUST 19 2014...

CLIMATE NORMAL PERIOD 1981 TO 2010
CLIMATE RECORD PERIOD 1871 TO 2014


WEATHER ITEM   OBSERVED TIME   RECORD YEAR NORMAL DEPARTURE LAST
                VALUE   (LST)  VALUE       VALUE  FROM      YEAR
                                                  NORMAL
..................................................................
TEMPERATURE (F)
 YESTERDAY
  MAXIMUM         82    347 PM  97    1983  79      3       82
  MINIMUM         64   1158 PM  43    1981  59      5       55
  AVERAGE         73                        69      4       69

PRECIPITATION (IN)
  YESTERDAY        0.58          2.13 2007   0.14   0.44     0.00
  MONTH TO DATE    3.27                      2.69   0.58     0.30
  SINCE JUN 1     13.90                     11.41   2.49    15.16
  SINCE JAN 1     25.65                     23.24   2.41    35.25

SNOWFALL (IN)
  YESTERDAY        0.0           0.0    MM   0.0    0.0      0.0
  MONTH TO DATE    0.0                       0.0    0.0      0.0
  SINCE JUN 1      0.0                       0.0    0.0      0.0
  SINCE JUL 1      0.0                       0.0    0.0      0.0
  SNOW DEPTH       0

DEGREE DAYS
 HEATING
  YESTERDAY        0                         1     -1        0
  MONTH TO DATE    4                        16    -12       12
  SINCE JUN 1     26                        86    -60       82
  SINCE JUL 1     17                        26     -9       30

 COOLING
  YESTERDAY        8                         5      3        4
  MONTH TO DATE   98                       107     -9       56
  SINCE JUN 1    423                       433    -10      424
  SINCE JAN 1    474                       463     11      477
..................................................................


WIND (MPH)
  HIGHEST WIND SPEED    16   HIGHEST WIND DIRECTION     N (350)
  HIGHEST GUST SPEED    23   HIGHEST GUST DIRECTION     N (360)
  AVERAGE WIND SPEED     4.8


SKY COVER
  POSSIBLE SUNSHINE  MM
  AVERAGE SKY COVER 0.5


WEATHER CONDITIONS
 THE FOLLOWING WEATHER WAS RECORDED YESTERDAY.
  THUNDERSTORM
  HEAVY RAIN
  RAIN
  LIGHT RAIN
  FOG


RELATIVE HUMIDITY (PERCENT)
 HIGHEST    93           500 AM
 LOWEST     54           400 PM
 AVERAGE    74

..........................................................


THE MADISON WI CLIMATE NORMALS FOR TODAY
                         NORMAL    RECORD    YEAR
 MAXIMUM TEMPERATURE (F)   79        98      1955
                                             1916
 MINIMUM TEMPERATURE (F)   59        39      1967
                                             1950


SUNRISE AND SUNSET
AUGUST 20 2014........SUNRISE   608 AM CDT   SUNSET   752 PM CDT
AUGUST 21 2014........SUNRISE   610 AM CDT   SUNSET   751 PM CDT


-  INDICATES NEGATIVE NUMBERS.
R  INDICATES RECORD WAS SET OR TIED.
MM INDICATES DATA IS MISSING.
T  INDICATES TRACE AMOUNT.




$$
