000
CDUS45 KMSO 172331
CLIMSO


CLIMATE REPORT
NATIONAL WEATHER SERVICE MISSOULA, MT
431 PM MST FRI NOV 17 2017


...................................

...THE MISSOULA MT CLIMATE SUMMARY FOR NOVEMBER 17 2017...
VALID TODAY AS OF 0400 PM LOCAL TIME.

CLIMATE NORMAL PERIOD 1981 TO 2010
CLIMATE RECORD PERIOD 1893 TO 2017


WEATHER ITEM   OBSERVED TIME   RECORD YEAR NORMAL DEPARTURE LAST
                VALUE   (LST)  VALUE       VALUE  FROM      YEAR
                                                  NORMAL
..................................................................
TEMPERATURE (F)
 TODAY
  MAXIMUM         43    253 PM  65    2009  41      2       39
  MINIMUM         26    749 AM  -6    1955  25      1       25
  AVERAGE         35                        33      2       32

PRECIPITATION (IN)
  TODAY            0.09          0.86 1896   0.04   0.05     0.00
  MONTH TO DATE    0.97                      0.56   0.41     0.26
  SINCE OCT 1      1.56                      1.44   0.12     3.09
  SINCE JAN 1     12.98                     12.64   0.34    12.42

SNOWFALL (IN)
  TODAY            1.2
  MONTH TO DATE    5.7
  SINCE JAN 1     44.3
  SINCE JUL 1      6.1
  SNOW DEPTH       1

DEGREE DAYS
 HEATING
  TODAY           30                        32     -2       33
  MONTH TO DATE  547                       494     53      398
  SINCE SEP 1   1511                      1352    159     1247
  SINCE JUL 1   1512                      1436     76     1345

 COOLING
  TODAY            0                         0      0        0
  MONTH TO DATE    0                         0      0        0
  SINCE SEP 1     34                        15     19        5
  SINCE JAN 1    509                       332    177      287
..................................................................


WIND (MPH)
  HIGHEST WIND SPEED    24   HIGHEST WIND DIRECTION     W (260)
  HIGHEST GUST SPEED    31   HIGHEST GUST DIRECTION     W (250)
  AVERAGE WIND SPEED     7.7


SKY COVER
  POSSIBLE SUNSHINE  MM
  AVERAGE SKY COVER 0.8


WEATHER CONDITIONS
 THE FOLLOWING WEATHER WAS RECORDED TODAY.
  LIGHT SNOW
  FOG
  FOG W/VISIBILITY <= 1/4 MILE


RELATIVE HUMIDITY (PERCENT)
 HIGHEST   100           500 AM
 LOWEST     45           300 PM
 AVERAGE    73

..........................................................


THE MISSOULA MT CLIMATE NORMALS FOR TOMORROW
                         NORMAL    RECORD    YEAR
 MAXIMUM TEMPERATURE (F)   40        62      1895
 MINIMUM TEMPERATURE (F)   24        -5      1903


SUNRISE AND SUNSET
NOVEMBER 17 2017......SUNRISE   743 AM MST   SUNSET   459 PM MST
NOVEMBER 18 2017......SUNRISE   744 AM MST   SUNSET   459 PM MST


-  INDICATES NEGATIVE NUMBERS.
R  INDICATES RECORD WAS SET OR TIED.
MM INDICATES DATA IS MISSING.
T  INDICATES TRACE AMOUNT.




$$
