000
CDUS45 KMSO 210843
CLIMSO


CLIMATE REPORT
NATIONAL WEATHER SERVICE MISSOULA, MT
143 AM MST SAT JAN 21 2017


...................................

...THE MISSOULA MT CLIMATE SUMMARY FOR JANUARY 20 2017...

CLIMATE NORMAL PERIOD 1981 TO 2010
CLIMATE RECORD PERIOD 1893 TO 2017


WEATHER ITEM   OBSERVED TIME   RECORD YEAR NORMAL DEPARTURE LAST
                VALUE   (LST)  VALUE       VALUE  FROM      YEAR
                                                  NORMAL
..................................................................
TEMPERATURE (F)
 YESTERDAY
  MAXIMUM         38    200 PM  48    1909  34      4       39
  MINIMUM         20   1025 PM -22    1960  19      1       30
  AVERAGE         29                        26      3       35

PRECIPITATION (IN)
  YESTERDAY        T             0.26 1894   0.02  -0.02      T
  MONTH TO DATE    0.84                      0.57   0.27     0.35
  SINCE OCT 1      5.50                      3.50   2.00     3.74
  SINCE JAN 1      0.84                      0.57   0.27     0.35

SNOWFALL (IN)
  YESTERDAY        0.0
  MONTH TO DATE   10.8
  SINCE JAN 1     10.8
  SINCE JUL 1     39.9
  SNOW DEPTH      12

DEGREE DAYS
 HEATING
  YESTERDAY       36                        39     -3       30
  MONTH TO DATE 1119                       800    319      868
  SINCE DEC 1   2537                      2076    461     2091
  SINCE JUL 1   4291                      3972    319     3944

 COOLING
  YESTERDAY        0                         0      0        0
  MONTH TO DATE    0                         0      0        0
  SINCE DEC 1      0                         0      0        0
  SINCE JAN 1      0                         0      0        0
..................................................................


WIND (MPH)
  HIGHEST WIND SPEED    12   HIGHEST WIND DIRECTION     S (160)
  HIGHEST GUST SPEED    13   HIGHEST GUST DIRECTION     S (170)
  AVERAGE WIND SPEED     3.1


SKY COVER
  POSSIBLE SUNSHINE  MM
  AVERAGE SKY COVER 0.7


WEATHER CONDITIONS
 THE FOLLOWING WEATHER WAS RECORDED YESTERDAY.
  FOG
  FOG W/VISIBILITY <= 1/4 MILE


RELATIVE HUMIDITY (PERCENT)
 HIGHEST   100          1200 AM
 LOWEST     76           200 PM
 AVERAGE    88

..........................................................


THE MISSOULA MT CLIMATE NORMALS FOR TODAY
                         NORMAL    RECORD    YEAR
 MAXIMUM TEMPERATURE (F)   34        55      1919
 MINIMUM TEMPERATURE (F)   19       -24      1937


SUNRISE AND SUNSET
JANUARY 21 2017.......SUNRISE   812 AM MST   SUNSET   523 PM MST
JANUARY 22 2017.......SUNRISE   812 AM MST   SUNSET   525 PM MST


-  INDICATES NEGATIVE NUMBERS.
R  INDICATES RECORD WAS SET OR TIED.
MM INDICATES DATA IS MISSING.
T  INDICATES TRACE AMOUNT.




$$
