000
CDUS45 KMSO 300738
CLIMSO


CLIMATE REPORT
NATIONAL WEATHER SERVICE MISSOULA, MT
138 AM MDT THU MAR 30 2017


...................................

...THE MISSOULA MT CLIMATE SUMMARY FOR MARCH 29 2017...

CLIMATE NORMAL PERIOD 1981 TO 2010
CLIMATE RECORD PERIOD 1893 TO 2017


WEATHER ITEM   OBSERVED TIME   RECORD YEAR NORMAL DEPARTURE LAST
                VALUE   (LST)  VALUE       VALUE  FROM      YEAR
                                                  NORMAL
..................................................................
TEMPERATURE (F)
 YESTERDAY
  MAXIMUM         52    515 PM  75    1978  54     -2       54
  MINIMUM         39    525 AM   5    1954  31      8       30
  AVERAGE         46                        42      4       42

PRECIPITATION (IN)
  YESTERDAY        0.01          0.49 1899   0.03  -0.02     0.00
  MONTH TO DATE    2.02                      0.92   1.10     0.85
  SINCE OCT 1      9.94                      5.40   4.54     5.32
  SINCE JAN 1      5.28                      2.47   2.81     1.93

SNOWFALL (IN)
  YESTERDAY        0.0
  MONTH TO DATE    9.5
  SINCE JAN 1     34.6
  SINCE JUL 1     63.7
  SNOW DEPTH       0

DEGREE DAYS
 HEATING
  YESTERDAY       19                        23     -4       23
  MONTH TO DATE  721                       768    -47      734
  SINCE MAR 1    721                       768    -47      734
  SINCE JUL 1   6497                      6137    360     5918

 COOLING
  YESTERDAY        0                         0      0        0
  MONTH TO DATE    0                         0      0        0
  SINCE MAR 1      0                         0      0        0
  SINCE JAN 1      0                         0      0        0
..................................................................


WIND (MPH)
  HIGHEST WIND SPEED    14   HIGHEST WIND DIRECTION     E (110)
  HIGHEST GUST SPEED    17   HIGHEST GUST DIRECTION     E (90)
  AVERAGE WIND SPEED     5.9


SKY COVER
  POSSIBLE SUNSHINE  MM
  AVERAGE SKY COVER 1.0


WEATHER CONDITIONS
 THE FOLLOWING WEATHER WAS RECORDED YESTERDAY.
  LIGHT RAIN


RELATIVE HUMIDITY (PERCENT)
 HIGHEST    82           900 PM
 LOWEST     59           500 PM
 AVERAGE    71

..........................................................


THE MISSOULA MT CLIMATE NORMALS FOR TODAY
                         NORMAL    RECORD    YEAR
 MAXIMUM TEMPERATURE (F)   54        78      2004
 MINIMUM TEMPERATURE (F)   31         8      1936


SUNRISE AND SUNSET
MARCH 30 2017.........SUNRISE   719 AM MDT   SUNSET   803 PM MDT
MARCH 31 2017.........SUNRISE   717 AM MDT   SUNSET   805 PM MDT


-  INDICATES NEGATIVE NUMBERS.
R  INDICATES RECORD WAS SET OR TIED.
MM INDICATES DATA IS MISSING.
T  INDICATES TRACE AMOUNT.




$$
