000
CDUS45 KMSO 010739
CLIMSO


CLIMATE REPORT
NATIONAL WEATHER SERVICE MISSOULA, MT
1238 AM MST SUN MAR 1 2015


...................................

...THE MISSOULA MT CLIMATE SUMMARY FOR FEBRUARY 28 2015...

CLIMATE NORMAL PERIOD 1981 TO 2010
CLIMATE RECORD PERIOD 1893 TO 2015


WEATHER ITEM   OBSERVED TIME   RECORD YEAR NORMAL DEPARTURE LAST
                VALUE   (LST)  VALUE       VALUE  FROM      YEAR
                                                  NORMAL
..................................................................
TEMPERATURE (F)
 YESTERDAY
  MAXIMUM         35    419 PM  60    2006  44     -9       27
                                      1967
                                      1895
  MINIMUM         17   1159 PM -13    1960  24     -7        4
  AVERAGE         26                        34     -8       16

PRECIPITATION (IN)
  YESTERDAY        0.00          0.66 1953   0.03  -0.03     0.32
  MONTH TO DATE    1.01                      0.70   0.31     2.47
  SINCE OCT 1      7.54                      4.48   3.06     5.06
  SINCE JAN 1      2.23                      1.55   0.68     3.35

SNOWFALL (IN)
  YESTERDAY        0.0
  MONTH TO DATE    3.3
  SINCE JAN 1     12.7
  SINCE JUL 1     33.3
  SNOW DEPTH       0

DEGREE DAYS
 HEATING
  YESTERDAY       39                        32      7       49
  MONTH TO DATE  846                       980   -134     1251
  SINCE DEC 1   3236                      3473   -237     3655
  SINCE JUL 1   4992                      5369   -377     5510

 COOLING
  YESTERDAY        0                         0      0        0
  MONTH TO DATE    0                         0      0        0
  SINCE DEC 1      0                         0      0        0
  SINCE JAN 1      0                         0      0        0
..................................................................


WIND (MPH)
  HIGHEST WIND SPEED    22   HIGHEST WIND DIRECTION     E (90)
  HIGHEST GUST SPEED    27   HIGHEST GUST DIRECTION     E (90)
  AVERAGE WIND SPEED    10.4


SKY COVER
  POSSIBLE SUNSHINE  MM
  AVERAGE SKY COVER 0.3


WEATHER CONDITIONS
 THE FOLLOWING WEATHER WAS RECORDED YESTERDAY.
  NO SIGNIFICANT WEATHER WAS OBSERVED.


RELATIVE HUMIDITY (PERCENT)
 HIGHEST    67          1100 PM
 LOWEST     32          1200 PM
 AVERAGE    50

..........................................................


THE MISSOULA MT CLIMATE NORMALS FOR TODAY
                         NORMAL    RECORD    YEAR
 MAXIMUM TEMPERATURE (F)   44        61      1994
 MINIMUM TEMPERATURE (F)   24        -3      1960


SUNRISE AND SUNSET
MARCH  1 2015.........SUNRISE   716 AM MST   SUNSET   622 PM MST
MARCH  2 2015.........SUNRISE   715 AM MST   SUNSET   623 PM MST


-  INDICATES NEGATIVE NUMBERS.
R  INDICATES RECORD WAS SET OR TIED.
MM INDICATES DATA IS MISSING.
T  INDICATES TRACE AMOUNT.




$$
