283
CDUS45 KMSO 062331
CLIMSO


CLIMATE REPORT
NATIONAL WEATHER SERVICE MISSOULA, MT
431 PM MST SAT FEB 6 2016


...................................

...THE MISSOULA MT CLIMATE SUMMARY FOR FEBRUARY 6 2016...
VALID TODAY AS OF 0400 PM LOCAL TIME.

CLIMATE NORMAL PERIOD 1981 TO 2010
CLIMATE RECORD PERIOD 1893 TO 2016


WEATHER ITEM   OBSERVED TIME   RECORD YEAR NORMAL DEPARTURE LAST
                VALUE   (LST)  VALUE       VALUE  FROM      YEAR
                                                  NORMAL
..................................................................
TEMPERATURE (F)
 TODAY
  MAXIMUM         44    511 AM  58    2015  36      8       58
  MINIMUM         24   1240 AM -23    2014  20      4       34
  AVERAGE         34                        28      6       46

PRECIPITATION (IN)
  TODAY            0.01          0.49 1938   0.03  -0.02      T
  MONTH TO DATE    0.15                      0.15   0.00     0.09
  SINCE OCT 1      4.14                      3.93   0.21     6.62
  SINCE JAN 1      0.75                      1.00  -0.25     1.31

SNOWFALL (IN)
  TODAY            T
  MONTH TO DATE    4.6
  SINCE JAN 1     11.2
  SINCE JUL 1     28.3
  SNOW DEPTH       4

DEGREE DAYS
 HEATING
  TODAY           31                        37     -6       19
  MONTH TO DATE  226                       222      4      180
  SINCE DEC 1   2700                      2715    -15     2570
  SINCE JUL 1   4553                      4611    -58     4326

 COOLING
  TODAY            0                         0      0        0
  MONTH TO DATE    0                         0      0        0
  SINCE DEC 1      0                         0      0        0
  SINCE JAN 1      0                         0      0        0
..................................................................


WIND (MPH)
  HIGHEST WIND SPEED    31   HIGHEST WIND DIRECTION    NW (300)
  HIGHEST GUST SPEED    37   HIGHEST GUST DIRECTION    NW (320)
  AVERAGE WIND SPEED     6.8


SKY COVER
  POSSIBLE SUNSHINE  MM
  AVERAGE SKY COVER 0.8


WEATHER CONDITIONS
 THE FOLLOWING WEATHER WAS RECORDED TODAY.
  LIGHT RAIN
  LIGHT SNOW
  FOG


RELATIVE HUMIDITY (PERCENT)
 HIGHEST    92          1200 AM
 LOWEST     53           500 AM
 AVERAGE    73

..........................................................


THE MISSOULA MT CLIMATE NORMALS FOR TOMORROW
                         NORMAL    RECORD    YEAR
 MAXIMUM TEMPERATURE (F)   37        51      2015
 MINIMUM TEMPERATURE (F)   20       -24      1936


SUNRISE AND SUNSET
FEBRUARY  6 2016......SUNRISE   755 AM MST   SUNSET   546 PM MST
FEBRUARY  7 2016......SUNRISE   753 AM MST   SUNSET   548 PM MST


-  INDICATES NEGATIVE NUMBERS.
R  INDICATES RECORD WAS SET OR TIED.
MM INDICATES DATA IS MISSING.
T  INDICATES TRACE AMOUNT.




$$
