000
CDUS45 KMSO 270737
CLIMSO


CLIMATE REPORT
NATIONAL WEATHER SERVICE MISSOULA, MT
137 AM MDT TUE SEP 27 2016


...................................

...THE MISSOULA MT CLIMATE SUMMARY FOR SEPTEMBER 26 2016...

CLIMATE NORMAL PERIOD 1981 TO 2010
CLIMATE RECORD PERIOD 1893 TO 2016


WEATHER ITEM   OBSERVED TIME   RECORD YEAR NORMAL DEPARTURE LAST
                VALUE   (LST)  VALUE       VALUE  FROM      YEAR
                                                  NORMAL
..................................................................
TEMPERATURE (F)
 YESTERDAY
  MAXIMUM         77    445 PM  87    1899  68      9       79
  MINIMUM         40    645 AM  21    1926  38      2       45
  AVERAGE         59                        53      6       62

PRECIPITATION (IN)
  YESTERDAY        0.00          0.33 1959   0.03  -0.03     0.00
  MONTH TO DATE    1.13                      1.04   0.09     0.52
  SINCE OCT 1     12.72                     14.00  -1.28    11.98
  SINCE JAN 1      9.33                     11.07  -1.74     6.67

SNOWFALL (IN)
  YESTERDAY        0.0
  MONTH TO DATE    0.0
  SINCE JAN 1     13.1
  SINCE JUL 1      0.0
  SNOW DEPTH       0

DEGREE DAYS
 HEATING
  YESTERDAY        6                        12     -6        3
  MONTH TO DATE  256                       191     65      191
  SINCE SEP 1    256                       191     65      191
  SINCE JUL 1    354                       275     79      251

 COOLING
  YESTERDAY        0                         0      0        0
  MONTH TO DATE    4                        13     -9        1
  SINCE SEP 1      4                        13     -9        1
  SINCE JAN 1    286                       330    -44      401
..................................................................


WIND (MPH)
  HIGHEST WIND SPEED     7   HIGHEST WIND DIRECTION     N (350)
  HIGHEST GUST SPEED     9   HIGHEST GUST DIRECTION     N (10)
  AVERAGE WIND SPEED     1.3


SKY COVER
  POSSIBLE SUNSHINE  MM
  AVERAGE SKY COVER 0.0


WEATHER CONDITIONS
 THE FOLLOWING WEATHER WAS RECORDED YESTERDAY.
  HAZE


RELATIVE HUMIDITY (PERCENT)
 HIGHEST    96           300 AM
 LOWEST     36           500 PM
 AVERAGE    66

..........................................................


THE MISSOULA MT CLIMATE NORMALS FOR TODAY
                         NORMAL    RECORD    YEAR
 MAXIMUM TEMPERATURE (F)   68        89      1957
 MINIMUM TEMPERATURE (F)   38        24      1964


SUNRISE AND SUNSET
SEPTEMBER 27 2016.....SUNRISE   730 AM MDT   SUNSET   723 PM MDT
SEPTEMBER 28 2016.....SUNRISE   732 AM MDT   SUNSET   721 PM MDT


-  INDICATES NEGATIVE NUMBERS.
R  INDICATES RECORD WAS SET OR TIED.
MM INDICATES DATA IS MISSING.
T  INDICATES TRACE AMOUNT.




$$
