000
CDUS43 KMPX 170654
CLIMSP


CLIMATE REPORT
NATIONAL WEATHER SERVICE CHANHASSEN MN
1253 AM CST SUN DEC 17 2017


...................................

...THE TWIN CITIES MN CLIMATE SUMMARY FOR DECEMBER 16 2017...

CLIMATE NORMAL PERIOD 1981 TO 2010
CLIMATE RECORD PERIOD 1871 TO 2017


WEATHER ITEM   OBSERVED TIME   RECORD YEAR NORMAL DEPARTURE LAST
                VALUE   (LST)  VALUE       VALUE  FROM      YEAR
                                                  NORMAL
..................................................................
TEMPERATURE (F)
 YESTERDAY
  MAXIMUM         31    210 AM  58    1939  27      4       12
  MINIMUM         23   1159 PM -22    1876  12     11        4
  AVERAGE         27                        19      8        8

PRECIPITATION (IN)
  YESTERDAY        0.00          0.93 1894   0.04  -0.04     0.35
  MONTH TO DATE    0.63                      0.64  -0.01     1.00
  SINCE DEC 1      0.63                      0.64  -0.01     1.00
  SINCE JAN 1     32.20                     30.09   2.11    39.18

SNOWFALL (IN)
  YESTERDAY        0.0           5.3  2000   0.4   -0.4      5.0
  MONTH TO DATE    4.3                       6.5   -2.2     14.7
  SINCE DEC 1      4.3                       6.5   -2.2     14.7
  SINCE JUL 1      5.0                      16.4  -11.4     17.0
  SNOW DEPTH       2

DEGREE DAYS
 HEATING
  YESTERDAY       38                        46     -8       57
  MONTH TO DATE  611                       690    -79      746
  SINCE DEC 1    611                       690    -79      746
  SINCE JUL 1   2021                      2309   -288     1790

 COOLING
  YESTERDAY        0                         0      0        0
  MONTH TO DATE    0                         0      0        0
  SINCE DEC 1      0                         0      0        0
  SINCE JAN 1    830                       753     77      964
..................................................................


WIND (MPH)
  HIGHEST WIND SPEED    13   HIGHEST WIND DIRECTION     E (110)
  HIGHEST GUST SPEED    19   HIGHEST GUST DIRECTION    NE (40)
  AVERAGE WIND SPEED     6.0


SKY COVER
  POSSIBLE SUNSHINE  MM
  AVERAGE SKY COVER 0.9


WEATHER CONDITIONS
 THE FOLLOWING WEATHER WAS RECORDED YESTERDAY.
  FOG
  HAZE


RELATIVE HUMIDITY (PERCENT)
 HIGHEST   100           500 AM
 LOWEST     75           500 PM
 AVERAGE    88

..........................................................


THE TWIN CITIES MN CLIMATE NORMALS FOR TODAY
                         NORMAL    RECORD    YEAR
 MAXIMUM TEMPERATURE (F)   26        53      1939
 MINIMUM TEMPERATURE (F)   12       -17      1985
                                             1983
                                             1875


SUNRISE AND SUNSET
DECEMBER 17 2017......SUNRISE   745 AM CST   SUNSET   433 PM CST
DECEMBER 18 2017......SUNRISE   746 AM CST   SUNSET   433 PM CST


-  INDICATES NEGATIVE NUMBERS.
R  INDICATES RECORD WAS SET OR TIED.
MM INDICATES DATA IS MISSING.
T  INDICATES TRACE AMOUNT.




$$
