000
CDUS43 KMPX 020627
CLIMSP


CLIMATE REPORT
NATIONAL WEATHER SERVICE CHANHASSEN MN
125 AM CDT THU JUL 2 2015


...................................

...THE TWIN CITIES MN CLIMATE SUMMARY FOR JULY 1 2015...

CLIMATE NORMAL PERIOD 1981 TO 2010
CLIMATE RECORD PERIOD 1871 TO 2015


WEATHER ITEM   OBSERVED TIME   RECORD YEAR NORMAL DEPARTURE LAST
                VALUE   (LST)  VALUE       VALUE  FROM      YEAR
                                                  NORMAL
..................................................................
TEMPERATURE (F)
 YESTERDAY
  MAXIMUM         73    501 PM 100    1883  83    -10       75
  MINIMUM         59    726 AM  46    1995  63     -4       55
                                      1969
  AVERAGE         66                        73     -7       65

PRECIPITATION (IN)
  YESTERDAY        0.00          2.85 1997   0.13  -0.13     0.15
  MONTH TO DATE    0.00                      0.13  -0.13     0.15
  SINCE JUN 1      4.40                      4.38   0.02    11.51
  SINCE JAN 1     11.73                     13.96  -2.23    25.98

SNOWFALL (IN)
  YESTERDAY        0.0           0.0    MM   0.0    0.0      0.0
  MONTH TO DATE    0.0                       0.0    0.0      0.0
  SINCE JUN 1      0.0                       0.0    0.0      0.0
  SINCE JUL 1      0.0                       0.0    0.0      0.0
  SNOW DEPTH       0

DEGREE DAYS
 HEATING
  YESTERDAY        0                         0      0        0
  MONTH TO DATE    0                         0      0        0
  SINCE JUN 1      7                        44    -37       21
  SINCE JUL 1      0                         0      0        0

 COOLING
  YESTERDAY        1                         8     -7        0
  MONTH TO DATE    1                         8     -7        0
  SINCE JUN 1    157                       166     -9      162
  SINCE JAN 1    184                       208    -24      214
..................................................................


WIND (MPH)
  HIGHEST WIND SPEED    12   HIGHEST WIND DIRECTION     E (80)
  HIGHEST GUST SPEED    16   HIGHEST GUST DIRECTION     E (90)
  AVERAGE WIND SPEED     5.7


SKY COVER
  POSSIBLE SUNSHINE  MM
  AVERAGE SKY COVER 0.7


WEATHER CONDITIONS
 THE FOLLOWING WEATHER WAS RECORDED YESTERDAY.
  NO SIGNIFICANT WEATHER WAS OBSERVED.


RELATIVE HUMIDITY (PERCENT)
 HIGHEST    72          1100 PM
 LOWEST     44           200 PM
 AVERAGE    58

..........................................................


THE TWIN CITIES MN CLIMATE NORMALS FOR TODAY
                         NORMAL    RECORD    YEAR
 MAXIMUM TEMPERATURE (F)   83        99      2012
 MINIMUM TEMPERATURE (F)   63        49      1924


SUNRISE AND SUNSET
JULY  2 2015..........SUNRISE   531 AM CDT   SUNSET   903 PM CDT
JULY  3 2015..........SUNRISE   532 AM CDT   SUNSET   902 PM CDT


-  INDICATES NEGATIVE NUMBERS.
R  INDICATES RECORD WAS SET OR TIED.
MM INDICATES DATA IS MISSING.
T  INDICATES TRACE AMOUNT.




$$
