000
CDUS43 KMPX 280632
CLIMSP


CLIMATE REPORT
NATIONAL WEATHER SERVICE CHANHASSEN MN
1232 AM CST SUN DEC 28 2014


...................................

...THE TWIN CITIES MN CLIMATE SUMMARY FOR DECEMBER 27 2014...

CLIMATE NORMAL PERIOD 1981 TO 2010
CLIMATE RECORD PERIOD 1871 TO 2014


WEATHER ITEM   OBSERVED TIME   RECORD YEAR NORMAL DEPARTURE LAST
                VALUE   (LST)  VALUE       VALUE  FROM      YEAR
                                                  NORMAL
..................................................................
TEMPERATURE (F)
 YESTERDAY
  MAXIMUM         28   1226 AM  46    1959  24      4       40
  MINIMUM         11   1159 PM -24    1886   9      2       14
                                      1872
  AVERAGE         20                        17      3       27

PRECIPITATION (IN)
  YESTERDAY        0.22          0.70 1959   0.04   0.18     0.00
  MONTH TO DATE    0.86                      1.03  -0.17     1.37
  SINCE DEC 1      0.86                      1.03  -0.17     1.37
  SINCE JAN 1     35.40                     30.48   4.92    32.68

SNOWFALL (IN)
  YESTERDAY        3.4           6.0  1971   0.4    3.0      0.0
  MONTH TO DATE    5.6                      10.5   -4.9     15.0
  SINCE DEC 1      5.6                      10.5   -4.9     15.0
  SINCE JUL 1     15.0                      20.4   -5.4     16.1
  SNOW DEPTH       4

DEGREE DAYS
 HEATING
  YESTERDAY       45                        48     -3       38
  MONTH TO DATE 1015                      1210   -195     1392
  SINCE DEC 1   1015                      1210   -195     1392
  SINCE JUL 1   2808                      2829    -21     2893

 COOLING
  YESTERDAY        0                         0      0        0
  MONTH TO DATE    0                         0      0        0
  SINCE DEC 1      0                         0      0        0
  SINCE JAN 1    759                       753      6      983
..................................................................


WIND (MPH)
  HIGHEST WIND SPEED    20   HIGHEST WIND DIRECTION    NW (320)
  HIGHEST GUST SPEED    25   HIGHEST GUST DIRECTION    NW (330)
  AVERAGE WIND SPEED    10.7


SKY COVER
  POSSIBLE SUNSHINE  MM
  AVERAGE SKY COVER 0.6


WEATHER CONDITIONS
 THE FOLLOWING WEATHER WAS RECORDED YESTERDAY.
  SNOW
  LIGHT SNOW
  FOG
  HAZE


RELATIVE HUMIDITY (PERCENT)
 HIGHEST    92           100 AM
 LOWEST     59           400 PM
 AVERAGE    76

..........................................................


THE TWIN CITIES MN CLIMATE NORMALS FOR TODAY
                         NORMAL    RECORD    YEAR
 MAXIMUM TEMPERATURE (F)   24        47      2013
 MINIMUM TEMPERATURE (F)    9       -27      1880


SUNRISE AND SUNSET
DECEMBER 28 2014......SUNRISE   750 AM CST   SUNSET   439 PM CST
DECEMBER 29 2014......SUNRISE   750 AM CST   SUNSET   440 PM CST


-  INDICATES NEGATIVE NUMBERS.
R  INDICATES RECORD WAS SET OR TIED.
MM INDICATES DATA IS MISSING.
T  INDICATES TRACE AMOUNT.




$$
