000
CDUS43 KMPX 210904
CLIMSP


CLIMATE REPORT
NATIONAL WEATHER SERVICE CHANHASSEN MN
303 AM CST SAT JAN 21 2017


...................................

...THE TWIN CITIES MN CLIMATE SUMMARY FOR JANUARY 20 2017...

CLIMATE NORMAL PERIOD 1981 TO 2010
CLIMATE RECORD PERIOD 1871 TO 2017


WEATHER ITEM   OBSERVED TIME   RECORD YEAR NORMAL DEPARTURE LAST
                VALUE   (LST)  VALUE       VALUE  FROM      YEAR
                                                  NORMAL
..................................................................
TEMPERATURE (F)
 YESTERDAY
  MAXIMUM         37    259 PM  52    1908  24     13       22
  MINIMUM         34    633 AM -32    1888   7     27        7
  AVERAGE         36                        15     21       15

PRECIPITATION (IN)
  YESTERDAY        0.09          0.80 1982   0.02   0.07     0.02
  MONTH TO DATE    0.76                      0.60   0.16     0.22
  SINCE DEC 1      2.90                      1.76   1.14     2.54
  SINCE JAN 1      0.76                      0.60   0.16     0.22

SNOWFALL (IN)
  YESTERDAY        0.0          17.1  1982   0.4   -0.4      0.6
  MONTH TO DATE    5.6                       8.0   -2.4      3.2
  SINCE DEC 1     21.4                      19.9    1.5     12.7
  SINCE JUL 1     23.7                      29.8   -6.1     17.8
  SNOW DEPTH       1

DEGREE DAYS
 HEATING
  YESTERDAY       29                        50    -21       50
  MONTH TO DATE  981                       993    -12     1045
  SINCE DEC 1   2339                      2397    -58     2116
  SINCE JUL 1   3383                      4016   -633     3291

 COOLING
  YESTERDAY        0                         0      0        0
  MONTH TO DATE    0                         0      0        0
  SINCE DEC 1      0                         0      0        0
  SINCE JAN 1      0                         0      0        0
..................................................................


WIND (MPH)
  HIGHEST WIND SPEED    12   HIGHEST WIND DIRECTION    SE (150)
  HIGHEST GUST SPEED    15   HIGHEST GUST DIRECTION     E (110)
  AVERAGE WIND SPEED     7.9


SKY COVER
  POSSIBLE SUNSHINE  MM
  AVERAGE SKY COVER 1.0


WEATHER CONDITIONS
 THE FOLLOWING WEATHER WAS RECORDED YESTERDAY.
  LIGHT RAIN
  FOG


RELATIVE HUMIDITY (PERCENT)
 HIGHEST    92          1200 AM
 LOWEST     85           200 PM
 AVERAGE    89

..........................................................


THE TWIN CITIES MN CLIMATE NORMALS FOR TODAY
                         NORMAL    RECORD    YEAR
 MAXIMUM TEMPERATURE (F)   24        48      1900
 MINIMUM TEMPERATURE (F)    7       -41      1888


SUNRISE AND SUNSET
JANUARY 21 2017.......SUNRISE   743 AM CST   SUNSET   506 PM CST
JANUARY 22 2017.......SUNRISE   742 AM CST   SUNSET   508 PM CST


-  INDICATES NEGATIVE NUMBERS.
R  INDICATES RECORD WAS SET OR TIED.
MM INDICATES DATA IS MISSING.
T  INDICATES TRACE AMOUNT.




$$
