000
CDUS41 KBTV 310550
CLIMSS


CLIMATE REPORT
NATIONAL WEATHER SERVICE BURLINGTON VT
148 AM EDT SUN AUG 31 2014


...................................

...THE MASSENA NY CLIMATE SUMMARY FOR AUGUST 30 2014...

CLIMATE NORMAL PERIOD 1981 TO 2010
CLIMATE RECORD PERIOD 1948 TO 2014


WEATHER ITEM   OBSERVED TIME   RECORD YEAR NORMAL DEPARTURE LAST
                VALUE   (LST)  VALUE       VALUE  FROM      YEAR
                                                  NORMAL
..................................................................
TEMPERATURE (F)
 YESTERDAY
  MAXIMUM         82    408 PM  93    1991  75      7       82
  MINIMUM         55    419 AM  35    2000  53      2       59
  AVERAGE         69                        64      5       71

PRECIPITATION (IN)
  YESTERDAY        0.00          1.14        0.11  -0.11     0.10
  MONTH TO DATE    3.35                      3.41  -0.06     3.60
  SINCE JUN 1     13.75                     10.50   3.25    14.81
  SINCE JAN 1     23.68                     22.43   1.25    23.11

DEGREE DAYS
 HEATING
  YESTERDAY        0                         3     -3        0
  MONTH TO DATE   38                        48    -10       34
  SINCE JUN 1     98                       167    -69      172
  SINCE JUL 1     60                        71    -11       56

 COOLING
  YESTERDAY        4                         2      2        6
  MONTH TO DATE   76                        98    -22       87
  SINCE JUN 1    267                       318    -51      359
  SINCE JAN 1    282                       332    -50      382
..................................................................


WIND (MPH)
  HIGHEST WIND SPEED    18   HIGHEST WIND DIRECTION     S (200)
  HIGHEST GUST SPEED    23   HIGHEST GUST DIRECTION     S (190)
  AVERAGE WIND SPEED     7.7


SKY COVER
  AVERAGE SKY COVER 0.2


WEATHER CONDITIONS
 THE FOLLOWING WEATHER WAS RECORDED YESTERDAY.
  FOG


RELATIVE HUMIDITY (PERCENT)
 HIGHEST   100           300 AM
 LOWEST     51           400 PM
 AVERAGE    76

..........................................................


THE MASSENA NY CLIMATE NORMALS FOR TODAY
                         NORMAL    RECORD    YEAR
 MAXIMUM TEMPERATURE (F)   75        91      1993
 MINIMUM TEMPERATURE (F)   53        35      2000
                                             1965


SUNRISE AND SUNSET
AUGUST 31 2014........SUNRISE   620 AM EDT   SUNSET   738 PM EDT
SEPTEMBER  1 2014.....SUNRISE   621 AM EDT   SUNSET   736 PM EDT


-  INDICATES NEGATIVE NUMBERS.
R  INDICATES RECORD WAS SET OR TIED.
MM INDICATES DATA IS MISSING.
T  INDICATES TRACE AMOUNT.




$$
