000
CDUS41 KBTV 290524
CLIMSS


CLIMATE REPORT
NATIONAL WEATHER SERVICE BURLINGTON VT
122 AM EDT THU JUN 29 2017


...................................

...THE MASSENA NY CLIMATE SUMMARY FOR JUNE 28 2017...

CLIMATE NORMAL PERIOD 1981 TO 2010
CLIMATE RECORD PERIOD 1948 TO 2017


WEATHER ITEM   OBSERVED TIME   RECORD YEAR NORMAL DEPARTURE LAST
                VALUE   (LST)  VALUE       VALUE  FROM      YEAR
                                                  NORMAL
..................................................................
TEMPERATURE (F)
 YESTERDAY
  MAXIMUM         75    245 PM  93    1991  79     -4       81
  MINIMUM         51    357 AM  40    1970  56     -5       58
  AVERAGE         63                        68     -5       70

PRECIPITATION (IN)
  YESTERDAY        0.12          1.32        0.11   0.01     0.86
  MONTH TO DATE    4.01                      3.28   0.73     3.74
  SINCE JUN 1      4.01                      3.28   0.73     3.74
  SINCE JAN 1     18.66                     15.21   3.45    13.08

DEGREE DAYS
 HEATING
  YESTERDAY        2                         1      1        0
  MONTH TO DATE   89                        93     -4       65
  SINCE JUN 1     89                        93     -4       65
  SINCE JUL 1   7106                      8194  -1088     7163

 COOLING
  YESTERDAY        0                         4     -4        5
  MONTH TO DATE   74                        66      8       63
  SINCE JUN 1     74                        66      8       63
  SINCE JAN 1     90                        80     10      109
..................................................................


WIND (MPH)
  HIGHEST WIND SPEED    21   HIGHEST WIND DIRECTION     W (250)
  HIGHEST GUST SPEED    26   HIGHEST GUST DIRECTION     W (260)
  AVERAGE WIND SPEED     8.6


SKY COVER
  AVERAGE SKY COVER 0.4


WEATHER CONDITIONS
 THE FOLLOWING WEATHER WAS RECORDED YESTERDAY.
  LIGHT RAIN
  FOG


RELATIVE HUMIDITY (PERCENT)
 HIGHEST   100           300 AM
 LOWEST     53           200 PM
 AVERAGE    77

..........................................................


THE MASSENA NY CLIMATE NORMALS FOR TODAY
                         NORMAL    RECORD    YEAR
 MAXIMUM TEMPERATURE (F)   79        93      1959
 MINIMUM TEMPERATURE (F)   57        39      1988


SUNRISE AND SUNSET
JUNE 29 2017..........SUNRISE   516 AM EDT   SUNSET   850 PM EDT
JUNE 30 2017..........SUNRISE   516 AM EDT   SUNSET   850 PM EDT


-  INDICATES NEGATIVE NUMBERS.
R  INDICATES RECORD WAS SET OR TIED.
MM INDICATES DATA IS MISSING.
T  INDICATES TRACE AMOUNT.




$$
