000
CDUS41 KBTV 250620
CLIMSS


CLIMATE REPORT
NATIONAL WEATHER SERVICE BURLINGTON VT
120 AM EST THU DEC 25 2014


...................................

...THE MASSENA NY CLIMATE SUMMARY FOR DECEMBER 24 2014...

CLIMATE NORMAL PERIOD 1981 TO 2010
CLIMATE RECORD PERIOD 1948 TO 2014


WEATHER ITEM   OBSERVED TIME   RECORD YEAR NORMAL DEPARTURE LAST
                VALUE   (LST)  VALUE       VALUE  FROM      YEAR
                                                  NORMAL
..................................................................
TEMPERATURE (F)
 YESTERDAY
  MAXIMUM         41    143 PM  56    1957  27     14       15
  MINIMUM         35    902 AM -30    1973  10     25       -3
  AVERAGE         38                        19     19        6

PRECIPITATION (IN)
  YESTERDAY        0.11          0.59        0.08   0.03      T
  MONTH TO DATE    0.78                      1.92  -1.14     1.61
  SINCE DEC 1      0.78                      1.92  -1.14     1.61
  SINCE JAN 1     30.94                     34.45  -3.51    35.49

DEGREE DAYS
 HEATING
  YESTERDAY       27                        46    -19       59
  MONTH TO DATE  939                       996    -57     1104
  SINCE DEC 1    939                       996    -57     1104
  SINCE JUL 1   2500                      2765   -265     2855

 COOLING
  YESTERDAY        0                         0      0        0
  MONTH TO DATE    0                         0      0        0
  SINCE DEC 1      0                         0      0        0
  SINCE JAN 1    336                       363    -27      418
..................................................................


WIND (MPH)
  HIGHEST WIND SPEED    10   HIGHEST WIND DIRECTION    NE (40)
  HIGHEST GUST SPEED    12   HIGHEST GUST DIRECTION     E (70)
  AVERAGE WIND SPEED     5.9


SKY COVER
  AVERAGE SKY COVER 1.0


WEATHER CONDITIONS
 THE FOLLOWING WEATHER WAS RECORDED YESTERDAY.
  RAIN
  LIGHT RAIN
  FOG
  FOG W/VISIBILITY <= 1/4 MILE


RELATIVE HUMIDITY (PERCENT)
 HIGHEST   100           400 AM
 LOWEST     92          1200 AM
 AVERAGE    96

..........................................................


THE MASSENA NY CLIMATE NORMALS FOR TODAY
                         NORMAL    RECORD    YEAR
 MAXIMUM TEMPERATURE (F)   27        61      1982
 MINIMUM TEMPERATURE (F)    9       -28      1980


SUNRISE AND SUNSET
DECEMBER 25 2014......SUNRISE   736 AM EST   SUNSET   423 PM EST
DECEMBER 26 2014......SUNRISE   736 AM EST   SUNSET   424 PM EST


-  INDICATES NEGATIVE NUMBERS.
R  INDICATES RECORD WAS SET OR TIED.
MM INDICATES DATA IS MISSING.
T  INDICATES TRACE AMOUNT.




$$
