000
CDUS41 KBTV 020529
CLIMSS


CLIMATE REPORT
NATIONAL WEATHER SERVICE BURLINGTON VT
127 AM EDT WED SEP 2 2015


...................................

...THE MASSENA NY CLIMATE SUMMARY FOR SEPTEMBER 1 2015...

CLIMATE NORMAL PERIOD 1981 TO 2010
CLIMATE RECORD PERIOD 1948 TO 2015


WEATHER ITEM   OBSERVED TIME   RECORD YEAR NORMAL DEPARTURE LAST
                VALUE   (LST)  VALUE       VALUE  FROM      YEAR
                                                  NORMAL
..................................................................
TEMPERATURE (F)
 YESTERDAY
  MAXIMUM         83    334 PM  90    2010  75      8       82
                                      1973
  MINIMUM         53    519 AM  38    1985  52      1       66
  AVERAGE         68                        64      4       74

PRECIPITATION (IN)
  YESTERDAY        0.00          1.81        0.12  -0.12     0.00
  MONTH TO DATE    0.00                      0.12  -0.12     0.00
  SINCE SEP 1      0.00                      0.12  -0.12     0.00
  SINCE JAN 1     17.77                     22.66  -4.89    25.46

DEGREE DAYS
 HEATING
  YESTERDAY        0                         3     -3        0
  MONTH TO DATE    0                         3     -3        0
  SINCE SEP 1      0                         3     -3        0
  SINCE JUL 1     34                        78    -44       60

 COOLING
  YESTERDAY        3                         2      1        9
  MONTH TO DATE    3                         2      1        9
  SINCE SEP 1      3                         2      1        9
  SINCE JAN 1    376                       338     38      297
..................................................................


WIND (MPH)
  HIGHEST WIND SPEED    15   HIGHEST WIND DIRECTION    SW (220)
  HIGHEST GUST SPEED    18   HIGHEST GUST DIRECTION    SW (210)
  AVERAGE WIND SPEED     4.3


SKY COVER
  AVERAGE SKY COVER 0.3


WEATHER CONDITIONS
 THE FOLLOWING WEATHER WAS RECORDED YESTERDAY.
  FOG
  FOG W/VISIBILITY <= 1/4 MILE
  HAZE


RELATIVE HUMIDITY (PERCENT)
 HIGHEST   100           300 AM
 LOWEST     58          1200 PM
 AVERAGE    79

..........................................................


THE MASSENA NY CLIMATE NORMALS FOR TODAY
                         NORMAL    RECORD    YEAR
 MAXIMUM TEMPERATURE (F)   75        95      1973
 MINIMUM TEMPERATURE (F)   52        36      1992


SUNRISE AND SUNSET
SEPTEMBER  2 2015.....SUNRISE   622 AM EDT   SUNSET   735 PM EDT
SEPTEMBER  3 2015.....SUNRISE   623 AM EDT   SUNSET   733 PM EDT


-  INDICATES NEGATIVE NUMBERS.
R  INDICATES RECORD WAS SET OR TIED.
MM INDICATES DATA IS MISSING.
T  INDICATES TRACE AMOUNT.




$$
