000
CDUS41 KBTV 220527
CLIMSS


CLIMATE REPORT
NATIONAL WEATHER SERVICE BURLINGTON VT
121 AM EDT WED MAR 22 2017


...................................

...THE MASSENA NY CLIMATE SUMMARY FOR MARCH 21 2017...

CLIMATE NORMAL PERIOD 1981 TO 2010
CLIMATE RECORD PERIOD 1948 TO 2017


WEATHER ITEM   OBSERVED TIME   RECORD YEAR NORMAL DEPARTURE LAST
                VALUE   (LST)  VALUE       VALUE  FROM      YEAR
                                                  NORMAL
..................................................................
TEMPERATURE (F)
 YESTERDAY
  MAXIMUM         38    625 PM  81    2012  40     -2       42
  MINIMUM         27   1159 PM  -5    2007  21      6       16
  AVERAGE         33                        30      3       29

PRECIPITATION (IN)
  YESTERDAY        0.03          0.78        0.07  -0.04    MM
  MONTH TO DATE    1.01                      1.37  -0.36     0.95
  SINCE MAR 1      1.01                      1.37  -0.36     0.95
  SINCE JAN 1      4.44                      5.32  -0.88     5.61

DEGREE DAYS
 HEATING
  YESTERDAY       32                        35     -3       36
  MONTH TO DATE  906                       825     81      719
  SINCE MAR 1    906                       825     81      719
  SINCE JUL 1   5832                      6812   -980     5765

 COOLING
  YESTERDAY        0                         0      0        0
  MONTH TO DATE    0                         0      0        0
  SINCE MAR 1      0                         0      0        0
  SINCE JAN 1      0                         0      0        0
..................................................................


WIND (MPH)
  HIGHEST WIND SPEED    26   HIGHEST WIND DIRECTION    NW (310)
  HIGHEST GUST SPEED    38   HIGHEST GUST DIRECTION    NW (300)
  AVERAGE WIND SPEED     7.1


SKY COVER
  AVERAGE SKY COVER 0.9


WEATHER CONDITIONS
 THE FOLLOWING WEATHER WAS RECORDED YESTERDAY.
  LIGHT SNOW
  FOG


RELATIVE HUMIDITY (PERCENT)
 HIGHEST    96           800 AM
 LOWEST     75          1100 PM
 AVERAGE    86

..........................................................


THE MASSENA NY CLIMATE NORMALS FOR TODAY
                         NORMAL    RECORD    YEAR
 MAXIMUM TEMPERATURE (F)   40        78      2012
 MINIMUM TEMPERATURE (F)   21        -5      1992


SUNRISE AND SUNSET
MARCH 22 2017.........SUNRISE   658 AM EDT   SUNSET   715 PM EDT
MARCH 23 2017.........SUNRISE   657 AM EDT   SUNSET   716 PM EDT


-  INDICATES NEGATIVE NUMBERS.
R  INDICATES RECORD WAS SET OR TIED.
MM INDICATES DATA IS MISSING.
T  INDICATES TRACE AMOUNT.




$$
