266
CDUS41 KBTV 240537
CLIMSS


CLIMATE REPORT
NATIONAL WEATHER SERVICE BURLINGTON VT
1234 AM EST FRI NOV 24 2017


...................................

...THE MASSENA NY CLIMATE SUMMARY FOR NOVEMBER 23 2017...

CLIMATE NORMAL PERIOD 1981 TO 2010
CLIMATE RECORD PERIOD 1948 TO 2017


WEATHER ITEM   OBSERVED TIME   RECORD YEAR NORMAL DEPARTURE LAST
                VALUE   (LST)  VALUE       VALUE  FROM      YEAR
                                                  NORMAL
..................................................................
TEMPERATURE (F)
 YESTERDAY
  MAXIMUM         35   1159 PM  65    1963  40     -5       29
  MINIMUM         17    451 AM   0    2000  25     -8       19
  AVERAGE         26                        32     -6       24

PRECIPITATION (IN)
  YESTERDAY        T             0.83        0.10  -0.10     0.00
  MONTH TO DATE    2.60                      2.38   0.22     0.37
  SINCE SEP 1      8.20                      9.34  -1.14     6.49
  SINCE JAN 1     37.57                     31.88   5.69    27.60

DEGREE DAYS
 HEATING
  YESTERDAY       39                        33      6       41
  MONTH TO DATE  687                       649     38      560
  SINCE SEP 1   1128                      1455   -327     1180
  SINCE JUL 1   1180                      1530   -350     1191

 COOLING
  YESTERDAY        0                         0      0        0
  MONTH TO DATE    0                         0      0        0
  SINCE SEP 1     73                        27     46       47
  SINCE JAN 1    399                       363     36      527
..................................................................


WIND (MPH)
  HIGHEST WIND SPEED    18   HIGHEST WIND DIRECTION     S (200)
  HIGHEST GUST SPEED    24   HIGHEST GUST DIRECTION    SW (220)
  AVERAGE WIND SPEED     8.9


SKY COVER
  AVERAGE SKY COVER 0.6


WEATHER CONDITIONS
 THE FOLLOWING WEATHER WAS RECORDED YESTERDAY.
  LIGHT SNOW


RELATIVE HUMIDITY (PERCENT)
 HIGHEST    96          1100 PM
 LOWEST     69          1200 PM
 AVERAGE    83

..........................................................


THE MASSENA NY CLIMATE NORMALS FOR TODAY
                         NORMAL    RECORD    YEAR
 MAXIMUM TEMPERATURE (F)   40        70      2014
 MINIMUM TEMPERATURE (F)   24        -8      2000


SUNRISE AND SUNSET
NOVEMBER 24 2017......SUNRISE   709 AM EST   SUNSET   423 PM EST
NOVEMBER 25 2017......SUNRISE   710 AM EST   SUNSET   422 PM EST


-  INDICATES NEGATIVE NUMBERS.
R  INDICATES RECORD WAS SET OR TIED.
MM INDICATES DATA IS MISSING.
T  INDICATES TRACE AMOUNT.




$$
