000
CDUS41 KBTV 240537
CLIMSS


CLIMATE REPORT
NATIONAL WEATHER SERVICE BURLINGTON VT
136 AM EDT SUN JUL 24 2016


...................................

...THE MASSENA NY CLIMATE SUMMARY FOR JULY 23 2016...

CLIMATE NORMAL PERIOD 1981 TO 2010
CLIMATE RECORD PERIOD 1948 TO 2016


WEATHER ITEM   OBSERVED TIME   RECORD YEAR NORMAL DEPARTURE LAST
                VALUE   (LST)  VALUE       VALUE  FROM      YEAR
                                                  NORMAL
..................................................................
TEMPERATURE (F)
 YESTERDAY
  MAXIMUM         83    120 PM  92    2012  80      3       77
                                      1952
  MINIMUM         60   1118 PM  47    1962  58      2       60
  AVERAGE         72                        69      3       69

PRECIPITATION (IN)
  YESTERDAY        T             1.62        0.13  -0.13     0.00
  MONTH TO DATE    2.09                      2.62  -0.53     3.02
  SINCE JUN 1      6.78                      6.14   0.64     8.14
  SINCE JAN 1     16.12                     18.07  -1.95    14.13

DEGREE DAYS
 HEATING
  YESTERDAY        0                         1     -1        0
  MONTH TO DATE    9                        23    -14       22
  SINCE JUN 1     74                       119    -45      123
  SINCE JUL 1      9                        23    -14       22

 COOLING
  YESTERDAY        7                         5      2        4
  MONTH TO DATE  121                       112      9       93
  SINCE JUN 1    188                       187      1      140
  SINCE JAN 1    234                       201     33      185
..................................................................


WIND (MPH)
  HIGHEST WIND SPEED    21   HIGHEST WIND DIRECTION     W (260)
  HIGHEST GUST SPEED    26   HIGHEST GUST DIRECTION     W (260)
  AVERAGE WIND SPEED     7.4


SKY COVER
  AVERAGE SKY COVER 0.2


WEATHER CONDITIONS
 THE FOLLOWING WEATHER WAS RECORDED YESTERDAY.
  THUNDERSTORM
  FOG


RELATIVE HUMIDITY (PERCENT)
 HIGHEST   100          1000 PM
 LOWEST     51           100 PM
 AVERAGE    76

..........................................................


THE MASSENA NY CLIMATE NORMALS FOR TODAY
                         NORMAL    RECORD    YEAR
 MAXIMUM TEMPERATURE (F)   80        92      1989
 MINIMUM TEMPERATURE (F)   58        46      2002
                                             1981


SUNRISE AND SUNSET
JULY 24 2016..........SUNRISE   537 AM EDT   SUNSET   835 PM EDT
JULY 25 2016..........SUNRISE   538 AM EDT   SUNSET   833 PM EDT


-  INDICATES NEGATIVE NUMBERS.
R  INDICATES RECORD WAS SET OR TIED.
MM INDICATES DATA IS MISSING.
T  INDICATES TRACE AMOUNT.




$$
