000
CDUS41 KBTV 230603
CLIMSS


CLIMATE REPORT
NATIONAL WEATHER SERVICE BURLINGTON VT
103 AM EST MON JAN 23 2017


...................................

...THE MASSENA NY CLIMATE SUMMARY FOR JANUARY 22 2017...

CLIMATE NORMAL PERIOD 1981 TO 2010
CLIMATE RECORD PERIOD 1948 TO 2017


WEATHER ITEM   OBSERVED TIME   RECORD YEAR NORMAL DEPARTURE LAST
                VALUE   (LST)  VALUE       VALUE  FROM      YEAR
                                                  NORMAL
..................................................................
TEMPERATURE (F)
 YESTERDAY
  MAXIMUM         37    132 PM  57    1959  24     13       24
  MINIMUM         32   1159 PM -30    2014   4     28       -2
  AVERAGE         35                        14     21       11

PRECIPITATION (IN)
  YESTERDAY        T             0.64        0.07  -0.07     0.00
  MONTH TO DATE    1.43                      1.61  -0.18     0.38
  SINCE DEC 1      3.76                      4.04  -0.28     3.03
  SINCE JAN 1      1.43                      1.61  -0.18     0.38

DEGREE DAYS
 HEATING
  YESTERDAY       30                        51    -21       54
  MONTH TO DATE  863                      1109   -246     1023
  SINCE DEC 1   2086                      2439   -353     1894
  SINCE JUL 1   3492                      4208   -716     3368

 COOLING
  YESTERDAY        0                         0      0        0
  MONTH TO DATE    0                         0      0        0
  SINCE DEC 1      0                         0      0        0
  SINCE JAN 1      0                         0      0        0
..................................................................


WIND (MPH)
  HIGHEST WIND SPEED    23   HIGHEST WIND DIRECTION    NE (60)
  HIGHEST GUST SPEED    30   HIGHEST GUST DIRECTION    NE (50)
  AVERAGE WIND SPEED    13.9


SKY COVER
  AVERAGE SKY COVER 1.0


WEATHER CONDITIONS
 THE FOLLOWING WEATHER WAS RECORDED YESTERDAY.
  LIGHT RAIN
  FOG


RELATIVE HUMIDITY (PERCENT)
 HIGHEST   100          1200 AM
 LOWEST     75           200 PM
 AVERAGE    88

..........................................................


THE MASSENA NY CLIMATE NORMALS FOR TODAY
                         NORMAL    RECORD    YEAR
 MAXIMUM TEMPERATURE (F)   24        54      1999
 MINIMUM TEMPERATURE (F)    4       -26      2000


SUNRISE AND SUNSET
JANUARY 23 2017.......SUNRISE   728 AM EST   SUNSET   455 PM EST
JANUARY 24 2017.......SUNRISE   727 AM EST   SUNSET   457 PM EST


-  INDICATES NEGATIVE NUMBERS.
R  INDICATES RECORD WAS SET OR TIED.
MM INDICATES DATA IS MISSING.
T  INDICATES TRACE AMOUNT.




$$
