000
CDUS41 KBTV 010533
CLIMSS


CLIMATE REPORT
NATIONAL WEATHER SERVICE BURLINGTON VT
131 AM EDT SAT AUG 1 2015


...................................

...THE MASSENA NY CLIMATE SUMMARY FOR JULY 31 2015...

CLIMATE NORMAL PERIOD 1981 TO 2010
CLIMATE RECORD PERIOD 1948 TO 2015


WEATHER ITEM   OBSERVED TIME   RECORD YEAR NORMAL DEPARTURE LAST
                VALUE   (LST)  VALUE       VALUE  FROM      YEAR
                                                  NORMAL
..................................................................
TEMPERATURE (F)
 YESTERDAY
  MAXIMUM         81    350 PM  95    1975  80      1       71
  MINIMUM         60    417 AM  41    1978  58      2       51
  AVERAGE         71                        69      2       61

PRECIPITATION (IN)
  YESTERDAY        T             2.36        0.11  -0.11     0.38
  MONTH TO DATE    3.42                      3.57  -0.15     5.47
  SINCE JUN 1      8.54                      7.09   1.45    10.40
  SINCE JAN 1     14.53                     19.02  -4.49    20.33

DEGREE DAYS
 HEATING
  YESTERDAY        0                         1     -1        4
  MONTH TO DATE   22                        31     -9       22
  SINCE JUN 1    123                       119      4       60
  SINCE JUL 1     22                        23     -1       22

 COOLING
  YESTERDAY        6                         4      2        0
  MONTH TO DATE  156                       145     11      107
  SINCE JUN 1    203                       220    -17      191
  SINCE JAN 1    248                       234     14      206
..................................................................


WIND (MPH)
  HIGHEST WIND SPEED    22   HIGHEST WIND DIRECTION    SW (220)
  HIGHEST GUST SPEED    29   HIGHEST GUST DIRECTION    SW (220)
  AVERAGE WIND SPEED    10.2


SKY COVER
  AVERAGE SKY COVER 0.3


WEATHER CONDITIONS
 THE FOLLOWING WEATHER WAS RECORDED YESTERDAY.
  NO SIGNIFICANT WEATHER WAS OBSERVED.


RELATIVE HUMIDITY (PERCENT)
 HIGHEST    84           400 AM
 LOWEST     47           600 PM
 AVERAGE    66

..........................................................


THE MASSENA NY CLIMATE NORMALS FOR TODAY
                         NORMAL    RECORD    YEAR
 MAXIMUM TEMPERATURE (F)   80       100      1975
 MINIMUM TEMPERATURE (F)   58        40      1964


SUNRISE AND SUNSET
AUGUST  1 2015........SUNRISE   545 AM EDT   SUNSET   826 PM EDT
AUGUST  2 2015........SUNRISE   546 AM EDT   SUNSET   825 PM EDT


-  INDICATES NEGATIVE NUMBERS.
R  INDICATES RECORD WAS SET OR TIED.
MM INDICATES DATA IS MISSING.
T  INDICATES TRACE AMOUNT.




$$
