000
CDUS41 KBTV 240544
CLIMSS


CLIMATE REPORT
NATIONAL WEATHER SERVICE BURLINGTON VT
1239 AM EST SAT FEB 24 2018


...................................

...THE MASSENA NY CLIMATE SUMMARY FOR FEBRUARY 23 2018...

CLIMATE NORMAL PERIOD 1981 TO 2010
CLIMATE RECORD PERIOD 1948 TO 2018


WEATHER ITEM   OBSERVED TIME   RECORD YEAR NORMAL DEPARTURE LAST
                VALUE   (LST)  VALUE       VALUE  FROM      YEAR
                                                  NORMAL
..................................................................
TEMPERATURE (F)
 YESTERDAY
  MAXIMUM         42   1159 PM  62    2017  30     12       62
  MINIMUM         16    312 AM -37    1972   9      7       37
  AVERAGE         29                        20      9       50

PRECIPITATION (IN)
  YESTERDAY        0.10          1.41        0.07   0.03      T
  MONTH TO DATE    1.42                      1.42   0.00     1.30
  SINCE DEC 1      4.03                      6.03  -2.00     5.20
  SINCE JAN 1      3.06                      3.60  -0.54     2.87

DEGREE DAYS
 HEATING
  YESTERDAY       36                        45     -9       15
  MONTH TO DATE  984                      1103   -119      933
  SINCE DEC 1   3672                      3997   -325     3376
  SINCE JUL 1   5071                      5766   -695     4782

 COOLING
  YESTERDAY        0                         0      0        0
  MONTH TO DATE    0                         0      0        0
  SINCE DEC 1      0                         0      0        0
  SINCE JAN 1      0                         0      0        0
..................................................................


WIND (MPH)
  HIGHEST WIND SPEED    16   HIGHEST WIND DIRECTION    SW (240)
  HIGHEST GUST SPEED    22   HIGHEST GUST DIRECTION    SW (230)
  AVERAGE WIND SPEED     5.6


SKY COVER
  AVERAGE SKY COVER 0.7


WEATHER CONDITIONS
 THE FOLLOWING WEATHER WAS RECORDED YESTERDAY.
  LIGHT RAIN
  FREEZING RAIN
  LT FREEZING RAIN
  FOG


RELATIVE HUMIDITY (PERCENT)
 HIGHEST   100           400 PM
 LOWEST     68          1000 AM
 AVERAGE    84

..........................................................


THE MASSENA NY CLIMATE NORMALS FOR TODAY
                         NORMAL    RECORD    YEAR
 MAXIMUM TEMPERATURE (F)   30        55      1984
 MINIMUM TEMPERATURE (F)   10       -21      2015


SUNRISE AND SUNSET
FEBRUARY 24 2018......SUNRISE   646 AM EST   SUNSET   540 PM EST
FEBRUARY 25 2018......SUNRISE   644 AM EST   SUNSET   541 PM EST


-  INDICATES NEGATIVE NUMBERS.
R  INDICATES RECORD WAS SET OR TIED.
MM INDICATES DATA IS MISSING.
T  INDICATES TRACE AMOUNT.




$$
