000
CDUS42 KKEY 240540
CLIMTH


CLIMATE REPORT
NATIONAL WEATHER SERVICE KEY WEST, FL
1238 AM EST FRI NOV 24 2017


...................................

...THE MARATHON CLIMATE SUMMARY FOR NOVEMBER 23 2017...

CLIMATE NORMAL PERIOD 1981 TO 2010


WEATHER ITEM   OBSERVED TIME   NORMAL DEPARTURE LAST
                VALUE   (LST)  VALUE  FROM      YEAR
                                      NORMAL
......................................................
TEMPERATURE (F)
 YESTERDAY
  MAXIMUM         86    221 PM  80      6       85
  MINIMUM         72   1113 PM  70      2       72
  AVERAGE         79            75      4       79

PRECIPITATION (IN)
  YESTERDAY        0.15          0.07   0.08     0.00
  MONTH TO DATE    0.44          2.29  -1.85     0.40
  SINCE SEP 1     11.63         14.80  -3.17     6.62
  SINCE JAN 1     30.30         43.62 -13.32    35.81

SNOWFALL (IN)
  YESTERDAY        0.0
  MONTH TO DATE    0.0
  SINCE SEP 1      0.0
  SINCE JUL 1      0.0
  SNOW DEPTH       0

DEGREE DAYS
 HEATING
  YESTERDAY        0             0      0        0
  MONTH TO DATE    0             0      0        0
  SINCE SEP 1      0             0      0        0
  SINCE JUL 1      0             0      0        0

 COOLING
  YESTERDAY       14            10      4       14
  MONTH TO DATE  277           258     19      292
  SINCE SEP 1   1347          1311     36     1383
  SINCE JAN 1   5294          4697    597     4863
......................................................


WIND (MPH)
  HIGHEST WIND SPEED    14   HIGHEST WIND DIRECTION    NW (310)
  HIGHEST GUST SPEED    19   HIGHEST GUST DIRECTION    NW (320)
  AVERAGE WIND SPEED     7.0


SKY COVER
  POSSIBLE SUNSHINE  MM
  AVERAGE SKY COVER 0.2


WEATHER CONDITIONS
 THE FOLLOWING WEATHER WAS RECORDED YESTERDAY.
  THUNDERSTORM
  RAIN
  LIGHT RAIN
  FOG


RELATIVE HUMIDITY (PERCENT)
 HIGHEST    93
 LOWEST     65
 AVERAGE    79

..........................................................


THE MARATHON CLIMATE NORMALS FOR TODAY
                         NORMAL
 MAXIMUM TEMPERATURE (F)   80
 MINIMUM TEMPERATURE (F)   70


SUNRISE AND SUNSET
NOVEMBER 24 2017......SUNRISE   647 AM EST   SUNSET   535 PM EST
NOVEMBER 25 2017......SUNRISE   648 AM EST   SUNSET   535 PM EST


-  INDICATES NEGATIVE NUMBERS.
R  INDICATES RECORD WAS SET OR TIED.
MM INDICATES DATA IS MISSING.
T  INDICATES TRACE AMOUNT.




$$
