000
CDUS42 KKEY 230527
CLIMTH

CLIMATE REPORT
NATIONAL WEATHER SERVICE KEY WEST, FL
126 AM EDT WED APR 23 2014


...................................

...THE MARATHON CLIMATE SUMMARY FOR APRIL 22 2014...

CLIMATE NORMAL PERIOD 1981 TO 2010


WEATHER ITEM   OBSERVED TIME   NORMAL DEPARTURE LAST
                VALUE   (LST)  VALUE  FROM      YEAR
                                      NORMAL
......................................................
TEMPERATURE (F)
 YESTERDAY
  MAXIMUM         83   1121 AM  83      0       86
  MINIMUM         72    652 AM  73     -1       74
  AVERAGE         78            78      0       80

PRECIPITATION (IN)
  YESTERDAY        0.00          0.10  -0.10     1.41
  MONTH TO DATE    0.25          1.71  -1.46     3.68
  SINCE MAR 1      1.82          4.10  -2.28     5.07
  SINCE JAN 1      5.51          7.92  -2.41     7.45

SNOWFALL (IN)
  YESTERDAY        0.0
  MONTH TO DATE    0.0
  SINCE MAR 1      0.0
  SINCE JUL 1      0.0
  SNOW DEPTH       0

DEGREE DAYS
 HEATING
  YESTERDAY        0             0      0        0
  MONTH TO DATE    0             0      0        0
  SINCE MAR 1      0             6     -6       23
  SINCE JUL 1     35            81    -46       36

 COOLING
  YESTERDAY       13            13      0       15
  MONTH TO DATE  306           263     43      374
  SINCE MAR 1    626           546     80      567
  SINCE JAN 1   1132           928    204     1162
......................................................


WIND (MPH)
  HIGHEST WIND SPEED    13   HIGHEST WIND DIRECTION    NW (320)
  HIGHEST GUST SPEED    18   HIGHEST GUST DIRECTION    NW (300)
  AVERAGE WIND SPEED     6.6


SKY COVER
  POSSIBLE SUNSHINE  MM
  AVERAGE SKY COVER 0.1


WEATHER CONDITIONS
 THE FOLLOWING WEATHER WAS RECORDED YESTERDAY.
  NO SIGNIFICANT WEATHER WAS OBSERVED.


RELATIVE HUMIDITY (PERCENT)
 HIGHEST    90
 LOWEST     62
 AVERAGE    76

..........................................................


THE MARATHON CLIMATE NORMALS FOR TODAY
                         NORMAL
 MAXIMUM TEMPERATURE (F)   84
 MINIMUM TEMPERATURE (F)   73


SUNRISE AND SUNSET
APRIL 23 2014.........SUNRISE   655 AM EDT   SUNSET   750 PM EDT
APRIL 24 2014.........SUNRISE   654 AM EDT   SUNSET   751 PM EDT


-  INDICATES NEGATIVE NUMBERS.
R  INDICATES RECORD WAS SET OR TIED.
MM INDICATES DATA IS MISSING.
T  INDICATES TRACE AMOUNT.




$$
