000
CDUS45 KGJT 240806
CLIMTJ


CLIMATE REPORT
NATIONAL WEATHER SERVICE GRAND JUNCTION CO
204 AM MDT MON APR 24 2017


...................................

...THE MONTROSE CO CLIMATE SUMMARY FOR APRIL 23 2017...

CLIMATE NORMAL PERIOD 1981 TO 2010
CLIMATE RECORD PERIOD 9999 TO 9999


WEATHER ITEM   OBSERVED TIME   RECORD YEAR NORMAL DEPARTURE LAST
                VALUE   (LST)  VALUE       VALUE  FROM      YEAR
                                                  NORMAL
..................................................................
TEMPERATURE (F)
 YESTERDAY
  MAXIMUM         77    143 PM  MM      MM  65     12       73
  MINIMUM         32    525 AM  MM      MM  37     -5       43
  AVERAGE         55                        51      4       58

PRECIPITATION (IN)
  YESTERDAY        0.00         MM      MM   0.03  -0.03      T
  MONTH TO DATE    0.02                      0.75  -0.73     0.81
  SINCE MAR 1      0.67                      1.77  -1.10     1.08
  SINCE JAN 1      2.15                      3.00  -0.85     1.68

SNOWFALL (IN)
  YESTERDAY       MM            MM      MM  MM     MM       MM
  MONTH TO DATE   MM                        MM     MM       MM
  SINCE MAR 1     MM                        MM     MM       MM
  SINCE JUL 1     MM                        MM     MM       MM
  SNOW DEPTH      MM

DEGREE DAYS
 HEATING
  YESTERDAY       10                        14     -4        7
  MONTH TO DATE  335                       392    -57      361
  SINCE MAR 1    877                      1133   -256     1050
  SINCE JUL 1   4799                      5848  -1049     5540

 COOLING
  YESTERDAY        0                         0      0        0
  MONTH TO DATE    0                         0      0        0
  SINCE MAR 1      0                         0      0        0
  SINCE JAN 1      0                         0      0        0
..................................................................


WIND (MPH)
  HIGHEST WIND SPEED    39   HIGHEST WIND DIRECTION     W (270)
  HIGHEST GUST SPEED    51   HIGHEST GUST DIRECTION     W (260)
  AVERAGE WIND SPEED    10.5


SKY COVER
  POSSIBLE SUNSHINE  MM
  AVERAGE SKY COVER 0.0


WEATHER CONDITIONS
 THE FOLLOWING WEATHER WAS RECORDED YESTERDAY.
  HAZE


RELATIVE HUMIDITY (PERCENT)
 HIGHEST    61           500 AM
 LOWEST     11           400 PM
 AVERAGE    36

..........................................................


THE MONTROSE CO CLIMATE NORMALS FOR TODAY
                         NORMAL    RECORD    YEAR
 MAXIMUM TEMPERATURE (F)   65        MM        MM
 MINIMUM TEMPERATURE (F)   37        MM        MM


SUNRISE AND SUNSET
APRIL 24 2017.........SUNRISE   623 AM MDT   SUNSET   757 PM MDT
APRIL 25 2017.........SUNRISE   621 AM MDT   SUNSET   758 PM MDT


-  INDICATES NEGATIVE NUMBERS.
R  INDICATES RECORD WAS SET OR TIED.
MM INDICATES DATA IS MISSING.
T  INDICATES TRACE AMOUNT.




$$
