000
CDUS45 KGJT 280739
CLIMTJ


CLIMATE REPORT
NATIONAL WEATHER SERVICE GRAND JUNCTION CO
136 AM MDT THU MAY 28 2015


...................................

...THE MONTROSE CO CLIMATE SUMMARY FOR MAY 27 2015...

CLIMATE NORMAL PERIOD 1981 TO 2010
CLIMATE RECORD PERIOD 9999 TO 9999


WEATHER ITEM   OBSERVED TIME   RECORD YEAR NORMAL DEPARTURE LAST
                VALUE   (LST)  VALUE       VALUE  FROM      YEAR
                                                  NORMAL
..................................................................
TEMPERATURE (F)
 YESTERDAY
  MAXIMUM         76    134 PM  MM      MM  78     -2       84
  MINIMUM         44    540 AM  MM      MM  46     -2       47
  AVERAGE         60                        62     -2       66

PRECIPITATION (IN)
  YESTERDAY        0.01         MM      MM   0.02  -0.01     0.00
  MONTH TO DATE    1.81                      1.01   0.80     1.09
  SINCE MAR 1      3.15                      3.00   0.15     2.17
  SINCE JAN 1      4.40                      4.23   0.17     3.22

SNOWFALL (IN)
  YESTERDAY       MM            MM      MM  MM     MM       MM
  MONTH TO DATE   MM                        MM     MM       MM
  SINCE MAR 1     MM                        MM     MM       MM
  SINCE JUL 1     MM                        MM     MM       MM
  SNOW DEPTH      MM

DEGREE DAYS
 HEATING
  YESTERDAY        5                         4      1        0
  MONTH TO DATE  275                       211     64      223
  SINCE MAR 1   1289                      1434   -145     1387
  SINCE JUL 1   5377                      6149   -772     6119

 COOLING
  YESTERDAY        0                         1     -1        1
  MONTH TO DATE    0                         9     -9       19
  SINCE MAR 1      0                         9     -9       19
  SINCE JAN 1      0                         9     -9       19
..................................................................


WIND (MPH)
  HIGHEST WIND SPEED    26   HIGHEST WIND DIRECTION    SE (140)
  HIGHEST GUST SPEED    31   HIGHEST GUST DIRECTION     W (290)
  AVERAGE WIND SPEED     7.8


SKY COVER
  POSSIBLE SUNSHINE  MM
  AVERAGE SKY COVER 0.3


WEATHER CONDITIONS
 THE FOLLOWING WEATHER WAS RECORDED YESTERDAY.
  THUNDERSTORM
  LIGHT RAIN


RELATIVE HUMIDITY (PERCENT)
 HIGHEST   100          1200 AM
 LOWEST     27           400 PM
 AVERAGE    64

..........................................................


THE MONTROSE CO CLIMATE NORMALS FOR TODAY
                         NORMAL    RECORD    YEAR
 MAXIMUM TEMPERATURE (F)   78        MM        MM
 MINIMUM TEMPERATURE (F)   46        MM        MM


SUNRISE AND SUNSET
MAY 28 2015...........SUNRISE   551 AM MDT   SUNSET   827 PM MDT
MAY 29 2015...........SUNRISE   551 AM MDT   SUNSET   828 PM MDT


-  INDICATES NEGATIVE NUMBERS.
R  INDICATES RECORD WAS SET OR TIED.
MM INDICATES DATA IS MISSING.
T  INDICATES TRACE AMOUNT.




$$
