000
CDUS45 KGJT 182349
CLIMTJ


CLIMATE REPORT
NATIONAL WEATHER SERVICE GRAND JUNCTION CO
448 PM MST SUN FEB 18 2018


...................................

...THE MONTROSE CO CLIMATE SUMMARY FOR FEBRUARY 18 2018...
VALID TODAY AS OF 0400 PM LOCAL TIME.

CLIMATE NORMAL PERIOD 1981 TO 2010
CLIMATE RECORD PERIOD 9999 TO 9999


WEATHER ITEM   OBSERVED TIME   RECORD YEAR NORMAL DEPARTURE LAST
                VALUE   (LST)  VALUE       VALUE  FROM      YEAR
                                                  NORMAL
..................................................................
TEMPERATURE (F)
 TODAY
  MAXIMUM         58    128 PM  MM      MM  45     13       55
  MINIMUM         25    639 AM  MM      MM  22      3       32
  AVERAGE         42                        33      9       44

PRECIPITATION (IN)
  TODAY            0.00         MM      MM   0.02  -0.02      T
  MONTH TO DATE    0.49                      0.33   0.16     0.32
  SINCE DEC 1      0.81                      1.65  -0.84     1.77
  SINCE JAN 1      0.73                      0.98  -0.25     1.21

SNOWFALL (IN)
  TODAY           MM            MM      MM  MM     MM       MM
  MONTH TO DATE   MM                        MM     MM       MM
  SINCE DEC 1     MM                        MM     MM       MM
  SINCE JUL 1     MM                        MM     MM       MM
  SNOW DEPTH      MM

DEGREE DAYS
 HEATING
  TODAY           23                        32     -9       21
  MONTH TO DATE  496                       611   -115      401
  SINCE DEC 1   2573                      2995   -422     2589
  SINCE JUL 1   3779                      4416   -637     3631

 COOLING
  TODAY            0                         0      0        0
  MONTH TO DATE    0                         0      0        0
  SINCE DEC 1      0                         0      0        0
  SINCE JAN 1      0                         0      0        0
..................................................................


WIND (MPH)
  HIGHEST WIND SPEED    35   HIGHEST WIND DIRECTION    SW (210)
  HIGHEST GUST SPEED    47   HIGHEST GUST DIRECTION    SW (210)
  AVERAGE WIND SPEED    12.5


SKY COVER
  POSSIBLE SUNSHINE  MM
  AVERAGE SKY COVER 0.0


WEATHER CONDITIONS
 THE FOLLOWING WEATHER WAS RECORDED TODAY.
  HAZE


RELATIVE HUMIDITY (PERCENT)
 HIGHEST    69          1200 AM
 LOWEST     15           300 PM
 AVERAGE    42

..........................................................


THE MONTROSE CO CLIMATE NORMALS FOR TOMORROW
                         NORMAL    RECORD    YEAR
 MAXIMUM TEMPERATURE (F)   46        MM        MM
 MINIMUM TEMPERATURE (F)   22        MM        MM


SUNRISE AND SUNSET
FEBRUARY 18 2018......SUNRISE   658 AM MST   SUNSET   553 PM MST
FEBRUARY 19 2018......SUNRISE   657 AM MST   SUNSET   554 PM MST


-  INDICATES NEGATIVE NUMBERS.
R  INDICATES RECORD WAS SET OR TIED.
MM INDICATES DATA IS MISSING.
T  INDICATES TRACE AMOUNT.




$$
