000
CDUS43 KILX 212131
CLIMTO


CLIMATE REPORT
NATIONAL WEATHER SERVICE LINCOLN IL
430 PM CDT SUN SEP 21 2014


...................................

...THE MATTOON IL AIRPORT CLIMATE SUMMARY FOR SEPTEMBER 21 2014...
VALID TODAY AS OF 0400 PM LOCAL TIME.

CLIMATE NORMAL PERIOD 1981 TO 2010
CLIMATE RECORD PERIOD 9999 TO 9999


WEATHER ITEM   OBSERVED TIME   RECORD YEAR NORMAL DEPARTURE LAST
                VALUE   (LST)  VALUE       VALUE  FROM      YEAR
                                                  NORMAL
..................................................................
TEMPERATURE (F)
 TODAY
  MAXIMUM         74    212 PM  MM      MM  76     -2       73
  MINIMUM         59    628 AM  MM      MM  53      6       50
  AVERAGE         67                        65      2       62

PRECIPITATION (IN)
  TODAY            0.01         MM      MM   0.08  -0.07     0.00
  MONTH TO DATE    3.77                      2.14   1.63     0.35
  SINCE SEP 1      3.77                      2.14   1.63     0.35
  SINCE JAN 1     25.21                     28.04  -2.83    38.60

DEGREE DAYS
 HEATING
  TODAY            0                         3     -3        3
  MONTH TO DATE   75                        24     51       24
  SINCE SEP 1     75                        24     51       24
  SINCE JUL 1     80                        29     51       34

 COOLING
  TODAY            2                         3     -1        0
  MONTH TO DATE   69                       100    -31      154
  SINCE SEP 1     69                       100    -31      154
  SINCE JAN 1    903                      1020   -117      958
..................................................................


WIND (MPH)
  HIGHEST WIND SPEED    28   HIGHEST WIND DIRECTION    NW (320)
  HIGHEST GUST SPEED    34   HIGHEST GUST DIRECTION    NW (310)
  AVERAGE WIND SPEED    15.2


SKY COVER
  POSSIBLE SUNSHINE  MM
  AVERAGE SKY COVER 0.2


WEATHER CONDITIONS
 THE FOLLOWING WEATHER WAS RECORDED TODAY.
  THUNDERSTORM
  HEAVY RAIN
  LIGHT RAIN
  FOG


RELATIVE HUMIDITY (PERCENT)
 HIGHEST    97           200 AM
 LOWEST     41           100 PM
 AVERAGE    69

..........................................................


THE MATTOON IL AIRPORT CLIMATE NORMALS FOR TOMORROW
                         NORMAL    RECORD    YEAR
 MAXIMUM TEMPERATURE (F)   76        MM        MM
 MINIMUM TEMPERATURE (F)   53        MM        MM


SUNRISE AND SUNSET
SEPTEMBER 21 2014.....SUNRISE   640 AM CDT   SUNSET   652 PM CDT
SEPTEMBER 22 2014.....SUNRISE   641 AM CDT   SUNSET   650 PM CDT


-  INDICATES NEGATIVE NUMBERS.
R  INDICATES RECORD WAS SET OR TIED.
MM INDICATES DATA IS MISSING.
T  INDICATES TRACE AMOUNT.




$$
