000
CDUS43 KILX 290646
CLIMTO


CLIMATE REPORT
NATIONAL WEATHER SERVICE LINCOLN IL
144 AM CDT MON MAY 29 2017


...................................

...THE MATTOON IL AIRPORT CLIMATE SUMMARY FOR MAY 28 2017...

CLIMATE NORMAL PERIOD 1981 TO 2010
CLIMATE RECORD PERIOD 9999 TO 9999


WEATHER ITEM   OBSERVED TIME   RECORD YEAR NORMAL DEPARTURE LAST
                VALUE   (LST)  VALUE       VALUE  FROM      YEAR
                                                  NORMAL
..................................................................
TEMPERATURE (F)
 YESTERDAY
  MAXIMUM         79    354 PM  MM      MM  77      2       80
  MINIMUM         63    617 AM  MM      MM  56      7       68
  AVERAGE         71                        67      4       74

PRECIPITATION (IN)
  YESTERDAY        0.01         MM      MM   0.12  -0.11      T
  MONTH TO DATE    6.53                      4.04   2.49     2.46
  SINCE MAR 1     14.55                     10.04   4.51    10.94
  SINCE JAN 1     16.38                     14.02   2.36    11.67

DEGREE DAYS
 HEATING
  YESTERDAY        0                         2     -2        0
  MONTH TO DATE  137                       123     14      156
  SINCE MAR 1   1024                      1181   -157     1012
  SINCE JUL 1   4405                      5385   -980     4534

 COOLING
  YESTERDAY        6                         4      2        9
  MONTH TO DATE   71                        63      8       41
  SINCE MAR 1     92                        77     15       48
  SINCE JAN 1     92                        77     15       48
..................................................................


WIND (MPH)
  HIGHEST WIND SPEED    23   HIGHEST WIND DIRECTION    NW (300)
  HIGHEST GUST SPEED    27   HIGHEST GUST DIRECTION     W (290)
  AVERAGE WIND SPEED     8.7


SKY COVER
  POSSIBLE SUNSHINE  MM
  AVERAGE SKY COVER 0.4


WEATHER CONDITIONS
 THE FOLLOWING WEATHER WAS RECORDED YESTERDAY.
  LIGHT RAIN
  FOG
  FOG W/VISIBILITY <= 1/4 MILE


RELATIVE HUMIDITY (PERCENT)
 HIGHEST   100          1200 AM
 LOWEST     46           600 PM
 AVERAGE    73

..........................................................


THE MATTOON IL AIRPORT CLIMATE NORMALS FOR TODAY
                         NORMAL    RECORD    YEAR
 MAXIMUM TEMPERATURE (F)   77        MM        MM
 MINIMUM TEMPERATURE (F)   57        MM        MM


SUNRISE AND SUNSET
MAY 29 2017...........SUNRISE   529 AM CDT   SUNSET   812 PM CDT
MAY 30 2017...........SUNRISE   529 AM CDT   SUNSET   813 PM CDT


-  INDICATES NEGATIVE NUMBERS.
R  INDICATES RECORD WAS SET OR TIED.
MM INDICATES DATA IS MISSING.
T  INDICATES TRACE AMOUNT.




$$
