000
CDUS43 KILX 180655
CLIMTO


CLIMATE REPORT
NATIONAL WEATHER SERVICE LINCOLN IL
1249 AM CST SUN FEB 18 2018


...................................

...THE MATTOON IL AIRPORT CLIMATE SUMMARY FOR FEBRUARY 17 2018...

CLIMATE NORMAL PERIOD 1981 TO 2010
CLIMATE RECORD PERIOD 9999 TO 9999


WEATHER ITEM   OBSERVED TIME   RECORD YEAR NORMAL DEPARTURE LAST
                VALUE   (LST)  VALUE       VALUE  FROM      YEAR
                                                  NORMAL
..................................................................
TEMPERATURE (F)
 YESTERDAY
  MAXIMUM         37    612 PM  MM      MM  40     -3       66
  MINIMUM         23    332 AM  MM      MM  25     -2       43
  AVERAGE         30                        32     -2       55

PRECIPITATION (IN)
  YESTERDAY       MM            MM      MM   0.06  MM        0.00
  MONTH TO DATE    0.15                      1.13  -0.98     0.04
  SINCE DEC 1      1.04                      6.11  -5.07     2.29
  SINCE JAN 1      0.75                      3.34  -2.59     1.76

DEGREE DAYS
 HEATING
  YESTERDAY       35                        33      2       10
  MONTH TO DATE  630                       595     35      473
  SINCE DEC 1   2939                      2812    127     2521
  SINCE JUL 1   3869                      3871     -2     3232

 COOLING
  YESTERDAY        0                         0      0        0
  MONTH TO DATE    0                         0      0        0
  SINCE DEC 1      0                         0      0        0
  SINCE JAN 1      0                         0      0        0
..................................................................


WIND (MPH)
  HIGHEST WIND SPEED    23   HIGHEST WIND DIRECTION     W (290)
  HIGHEST GUST SPEED    31   HIGHEST GUST DIRECTION     W (270)
  AVERAGE WIND SPEED     7.3


SKY COVER
  POSSIBLE SUNSHINE  MM
  AVERAGE SKY COVER 0.5


WEATHER CONDITIONS
 THE FOLLOWING WEATHER WAS RECORDED YESTERDAY.
  LIGHT RAIN
  LIGHT SNOW
  FOG


RELATIVE HUMIDITY (PERCENT)
 HIGHEST   100           300 PM
 LOWEST     85           800 AM
 AVERAGE    93

..........................................................


THE MATTOON IL AIRPORT CLIMATE NORMALS FOR TODAY
                         NORMAL    RECORD    YEAR
 MAXIMUM TEMPERATURE (F)   41        MM        MM
 MINIMUM TEMPERATURE (F)   25        MM        MM


SUNRISE AND SUNSET
FEBRUARY 18 2018......SUNRISE   641 AM CST   SUNSET   533 PM CST
FEBRUARY 19 2018......SUNRISE   640 AM CST   SUNSET   534 PM CST


-  INDICATES NEGATIVE NUMBERS.
R  INDICATES RECORD WAS SET OR TIED.
MM INDICATES DATA IS MISSING.
T  INDICATES TRACE AMOUNT.




$$
