000
CDUS43 KILX 280643
CLIMTO


CLIMATE REPORT
NATIONAL WEATHER SERVICE LINCOLN IL
143 AM CDT THU AUG 28 2014


...................................

...THE MATTOON IL AIRPORT CLIMATE SUMMARY FOR AUGUST 27 2014...

CLIMATE NORMAL PERIOD 1981 TO 2010
CLIMATE RECORD PERIOD 9999 TO 9999


WEATHER ITEM   OBSERVED TIME   RECORD YEAR NORMAL DEPARTURE LAST
                VALUE   (LST)  VALUE       VALUE  FROM      YEAR
                                                  NORMAL
..................................................................
TEMPERATURE (F)
 YESTERDAY
  MAXIMUM         88    329 PM  MM      MM  84      4       90
  MINIMUM         67    513 AM  MM      MM  62      5       73
  AVERAGE         78                        73      5       82

PRECIPITATION (IN)
  YESTERDAY        0.09         MM      MM   0.11  -0.02     0.00
  MONTH TO DATE    2.73                      2.66   0.07     0.34
  SINCE JUN 1     11.27                     11.15   0.12    15.57
  SINCE JAN 1     21.44                     25.50  -4.06    38.22

DEGREE DAYS
 HEATING
  YESTERDAY        0                         0      0        0
  MONTH TO DATE    1                         0      1        8
  SINCE JUN 1      8                        18    -10       21
  SINCE JUL 1      5                         1      4       10

 COOLING
  YESTERDAY       13                         8      5       17
  MONTH TO DATE  227                       250    -23      169
  SINCE JUN 1    655                       803   -148      630
  SINCE JAN 1    785                       891   -106      739
..................................................................


WIND (MPH)
  HIGHEST WIND SPEED    16   HIGHEST WIND DIRECTION     N (20)
  HIGHEST GUST SPEED    19   HIGHEST GUST DIRECTION     N (20)
  AVERAGE WIND SPEED     2.3


SKY COVER
  POSSIBLE SUNSHINE  MM
  AVERAGE SKY COVER 0.2


WEATHER CONDITIONS
 THE FOLLOWING WEATHER WAS RECORDED YESTERDAY.
  THUNDERSTORM
  HEAVY RAIN
  LIGHT RAIN
  FOG


RELATIVE HUMIDITY (PERCENT)
 HIGHEST    94           600 PM
 LOWEST     59          1200 PM
 AVERAGE    77

..........................................................


THE MATTOON IL AIRPORT CLIMATE NORMALS FOR TODAY
                         NORMAL    RECORD    YEAR
 MAXIMUM TEMPERATURE (F)   84        MM        MM
 MINIMUM TEMPERATURE (F)   61        MM        MM


SUNRISE AND SUNSET
AUGUST 28 2014........SUNRISE   618 AM CDT   SUNSET   730 PM CDT
AUGUST 29 2014........SUNRISE   619 AM CDT   SUNSET   729 PM CDT


-  INDICATES NEGATIVE NUMBERS.
R  INDICATES RECORD WAS SET OR TIED.
MM INDICATES DATA IS MISSING.
T  INDICATES TRACE AMOUNT.




$$
