000
CDUS43 KILX 230631
CLIMTO


CLIMATE REPORT
NATIONAL WEATHER SERVICE LINCOLN IL
130 AM CDT SAT MAY 23 2015


...................................

...THE MATTOON IL AIRPORT CLIMATE SUMMARY FOR MAY 22 2015...

CLIMATE NORMAL PERIOD 1981 TO 2010
CLIMATE RECORD PERIOD 9999 TO 9999


WEATHER ITEM   OBSERVED TIME   RECORD YEAR NORMAL DEPARTURE LAST
                VALUE   (LST)  VALUE       VALUE  FROM      YEAR
                                                  NORMAL
..................................................................
TEMPERATURE (F)
 YESTERDAY
  MAXIMUM         76    152 PM  MM      MM  75      1       79
  MINIMUM         51    509 AM  MM      MM  55     -4       59
  AVERAGE         64                        65     -1       69

PRECIPITATION (IN)
  YESTERDAY        0.00         MM      MM   0.14  -0.14      T
  MONTH TO DATE    1.35                      3.32  -1.97     2.72
  SINCE MAR 1      7.66                      9.32  -1.66     7.86
  SINCE JAN 1      9.01                     13.30  -4.29     9.79

DEGREE DAYS
 HEATING
  YESTERDAY        1                         3     -2        0
  MONTH TO DATE   80                       108    -28      135
  SINCE MAR 1   1200                      1166     34     1348
  SINCE JUL 1   5893                      5370    523     6195

 COOLING
  YESTERDAY        0                         3     -3        4
  MONTH TO DATE   78                        42     36       60
  SINCE MAR 1     80                        56     24       64
  SINCE JAN 1     80                        56     24       64
..................................................................


WIND (MPH)
  HIGHEST WIND SPEED    13   HIGHEST WIND DIRECTION    SW (220)
  HIGHEST GUST SPEED    17   HIGHEST GUST DIRECTION    SW (220)
  AVERAGE WIND SPEED     6.7


SKY COVER
  POSSIBLE SUNSHINE  MM
  AVERAGE SKY COVER 0.0


WEATHER CONDITIONS
 THE FOLLOWING WEATHER WAS RECORDED YESTERDAY.
  NO SIGNIFICANT WEATHER WAS OBSERVED.


RELATIVE HUMIDITY (PERCENT)
 HIGHEST    71          1200 AM
 LOWEST     27           200 PM
 AVERAGE    49

..........................................................


THE MATTOON IL AIRPORT CLIMATE NORMALS FOR TODAY
                         NORMAL    RECORD    YEAR
 MAXIMUM TEMPERATURE (F)   76        MM        MM
 MINIMUM TEMPERATURE (F)   55        MM        MM


SUNRISE AND SUNSET
MAY 23 2015...........SUNRISE   533 AM CDT   SUNSET   807 PM CDT
MAY 24 2015...........SUNRISE   532 AM CDT   SUNSET   808 PM CDT


-  INDICATES NEGATIVE NUMBERS.
R  INDICATES RECORD WAS SET OR TIED.
MM INDICATES DATA IS MISSING.
T  INDICATES TRACE AMOUNT.




$$
