000
CDUS43 KILX 210646
CLIMTO


CLIMATE REPORT
NATIONAL WEATHER SERVICE LINCOLN IL
144 AM CDT THU SEP 21 2017


...................................

...THE MATTOON IL AIRPORT CLIMATE SUMMARY FOR SEPTEMBER 20 2017...

CLIMATE NORMAL PERIOD 1981 TO 2010
CLIMATE RECORD PERIOD 9999 TO 9999


WEATHER ITEM   OBSERVED TIME   RECORD YEAR NORMAL DEPARTURE LAST
                VALUE   (LST)  VALUE       VALUE  FROM      YEAR
                                                  NORMAL
..................................................................
TEMPERATURE (F)
 YESTERDAY
  MAXIMUM         93    120 PM  MM      MM  77     16       87
  MINIMUM         67    611 AM  MM      MM  54     13       64
  AVERAGE         80                        65     15       76

PRECIPITATION (IN)
  YESTERDAY        0.00         MM      MM   0.09  -0.09     0.00
  MONTH TO DATE    0.24                      2.06  -1.82     1.59
  SINCE SEP 1      0.24                      2.06  -1.82     1.59
  SINCE JAN 1     27.39                     27.96  -0.57    25.06

DEGREE DAYS
 HEATING
  YESTERDAY        0                         3     -3        0
  MONTH TO DATE   35                        21     14        0
  SINCE SEP 1     35                        21     14        0
  SINCE JUL 1     36                        26     10        5

 COOLING
  YESTERDAY       15                         3     12       11
  MONTH TO DATE   89                        97     -8      140
  SINCE SEP 1     89                        97     -8      140
  SINCE JAN 1   1014                      1017     -3     1203
..................................................................


WIND (MPH)
  HIGHEST WIND SPEED    17   HIGHEST WIND DIRECTION     S (170)
  HIGHEST GUST SPEED    25   HIGHEST GUST DIRECTION    SW (210)
  AVERAGE WIND SPEED     8.0


SKY COVER
  POSSIBLE SUNSHINE  MM
  AVERAGE SKY COVER 0.1


WEATHER CONDITIONS
 THE FOLLOWING WEATHER WAS RECORDED YESTERDAY.
  FOG


RELATIVE HUMIDITY (PERCENT)
 HIGHEST   100           100 AM
 LOWEST     47           100 PM
 AVERAGE    74

..........................................................


THE MATTOON IL AIRPORT CLIMATE NORMALS FOR TODAY
                         NORMAL    RECORD    YEAR
 MAXIMUM TEMPERATURE (F)   76        MM        MM
 MINIMUM TEMPERATURE (F)   53        MM        MM


SUNRISE AND SUNSET
SEPTEMBER 21 2017.....SUNRISE   640 AM CDT   SUNSET   651 PM CDT
SEPTEMBER 22 2017.....SUNRISE   641 AM CDT   SUNSET   650 PM CDT


-  INDICATES NEGATIVE NUMBERS.
R  INDICATES RECORD WAS SET OR TIED.
MM INDICATES DATA IS MISSING.
T  INDICATES TRACE AMOUNT.




$$
