000
CDUS43 KILX 250645
CLIMTO


CLIMATE REPORT
NATIONAL WEATHER SERVICE LINCOLN IL
145 AM CDT SAT OCT 25 2014


...................................

...THE MATTOON IL AIRPORT CLIMATE SUMMARY FOR OCTOBER 24 2014...

CLIMATE NORMAL PERIOD 1981 TO 2010
CLIMATE RECORD PERIOD 9999 TO 9999


WEATHER ITEM   OBSERVED TIME   RECORD YEAR NORMAL DEPARTURE LAST
                VALUE   (LST)  VALUE       VALUE  FROM      YEAR
                                                  NORMAL
..................................................................
TEMPERATURE (F)
 YESTERDAY
  MAXIMUM         69    239 PM  MM      MM  62      7       44
  MINIMUM         49    655 AM  MM      MM  42      7       31
  AVERAGE         59                        52      7       38

PRECIPITATION (IN)
  YESTERDAY        0.00         MM      MM   0.10  -0.10     0.00
  MONTH TO DATE    4.18                      2.21   1.97     1.11
  SINCE SEP 1      7.95                      5.28   2.67     1.59
  SINCE JAN 1     29.39                     31.18  -1.79    39.84

DEGREE DAYS
 HEATING
  YESTERDAY        6                        13     -7       27
  MONTH TO DATE  241                       234      7      195
  SINCE SEP 1    337                       300     37      225
  SINCE JUL 1    342                       305     37      235

 COOLING
  YESTERDAY        0                         0      0        0
  MONTH TO DATE   10                        15     -5       31
  SINCE SEP 1     94                       133    -39      203
  SINCE JAN 1    928                      1053   -125     1007
..................................................................


WIND (MPH)
  HIGHEST WIND SPEED    14   HIGHEST WIND DIRECTION     W (280)
  HIGHEST GUST SPEED    21   HIGHEST GUST DIRECTION     W (280)
  AVERAGE WIND SPEED     5.6


SKY COVER
  POSSIBLE SUNSHINE  MM
  AVERAGE SKY COVER 0.5


WEATHER CONDITIONS
 THE FOLLOWING WEATHER WAS RECORDED YESTERDAY.
  NO SIGNIFICANT WEATHER WAS OBSERVED.


RELATIVE HUMIDITY (PERCENT)
 HIGHEST    86           700 AM
 LOWEST     53           200 PM
 AVERAGE    70

..........................................................


THE MATTOON IL AIRPORT CLIMATE NORMALS FOR TODAY
                         NORMAL    RECORD    YEAR
 MAXIMUM TEMPERATURE (F)   62        MM        MM
 MINIMUM TEMPERATURE (F)   42        MM        MM


SUNRISE AND SUNSET
OCTOBER 25 2014.......SUNRISE   714 AM CDT   SUNSET   600 PM CDT
OCTOBER 26 2014.......SUNRISE   715 AM CDT   SUNSET   559 PM CDT


-  INDICATES NEGATIVE NUMBERS.
R  INDICATES RECORD WAS SET OR TIED.
MM INDICATES DATA IS MISSING.
T  INDICATES TRACE AMOUNT.




$$
