000
CDUS43 KILX 270643
CLIMTO


CLIMATE REPORT
NATIONAL WEATHER SERVICE LINCOLN IL
142 AM CDT WED JUL 27 2016


...................................

...THE MATTOON IL AIRPORT CLIMATE SUMMARY FOR JULY 26 2016...

CLIMATE NORMAL PERIOD 1981 TO 2010
CLIMATE RECORD PERIOD 9999 TO 9999


WEATHER ITEM   OBSERVED TIME   RECORD YEAR NORMAL DEPARTURE LAST
                VALUE   (LST)  VALUE       VALUE  FROM      YEAR
                                                  NORMAL
..................................................................
TEMPERATURE (F)
 YESTERDAY
  MAXIMUM         83    451 PM  MM      MM  86     -3       84
  MINIMUM         69   1143 PM  MM      MM  65      4       70
  AVERAGE         76                        75      1       77

PRECIPITATION (IN)
  YESTERDAY        0.39         MM      MM   0.11   0.28      T
  MONTH TO DATE    4.39                      3.73   0.66     3.00
  SINCE JUN 1      6.53                      7.97  -1.44    12.30
  SINCE JAN 1     18.27                     22.32  -4.05    22.85

DEGREE DAYS
 HEATING
  YESTERDAY        0                         0      0        0
  MONTH TO DATE    5                         0      5        0
  SINCE JUN 1      5                        17    -12        8
  SINCE JUL 1      5                         0      5        0

 COOLING
  YESTERDAY       11                        10      1       12
  MONTH TO DATE  282                       282      0      229
  SINCE JUN 1    595                       505     90      467
  SINCE JAN 1    670                       593     77      594
..................................................................


WIND (MPH)
  HIGHEST WIND SPEED    12   HIGHEST WIND DIRECTION     E (100)
  HIGHEST GUST SPEED    14   HIGHEST GUST DIRECTION     E (100)
  AVERAGE WIND SPEED     4.4


SKY COVER
  POSSIBLE SUNSHINE  MM
  AVERAGE SKY COVER 0.4


WEATHER CONDITIONS
 THE FOLLOWING WEATHER WAS RECORDED YESTERDAY.
  THUNDERSTORM
  HEAVY RAIN
  RAIN
  LIGHT RAIN
  FOG


RELATIVE HUMIDITY (PERCENT)
 HIGHEST    93          1200 AM
 LOWEST     58           500 PM
 AVERAGE    76

..........................................................


THE MATTOON IL AIRPORT CLIMATE NORMALS FOR TODAY
                         NORMAL    RECORD    YEAR
 MAXIMUM TEMPERATURE (F)   86        MM        MM
 MINIMUM TEMPERATURE (F)   65        MM        MM


SUNRISE AND SUNSET
JULY 27 2016..........SUNRISE   549 AM CDT   SUNSET   810 PM CDT
JULY 28 2016..........SUNRISE   550 AM CDT   SUNSET   809 PM CDT


-  INDICATES NEGATIVE NUMBERS.
R  INDICATES RECORD WAS SET OR TIED.
MM INDICATES DATA IS MISSING.
T  INDICATES TRACE AMOUNT.




$$
