000
CDUS43 KILX 032242
CLIMTO


CLIMATE REPORT
NATIONAL WEATHER SERVICE LINCOLN IL
442 PM CST TUE MAR 3 2015


...................................

...THE MATTOON IL AIRPORT CLIMATE SUMMARY FOR MARCH 3 2015...
VALID TODAY AS OF 0400 PM LOCAL TIME.

CLIMATE NORMAL PERIOD 1981 TO 2010
CLIMATE RECORD PERIOD 9999 TO 9999


WEATHER ITEM   OBSERVED TIME   RECORD YEAR NORMAL DEPARTURE LAST
                VALUE   (LST)  VALUE       VALUE  FROM      YEAR
                                                  NORMAL
..................................................................
TEMPERATURE (F)
 TODAY
  MAXIMUM         41    205 PM  MM      MM  47     -6       20
  MINIMUM         29    223 AM  MM      MM  29      0        2
  AVERAGE         35                        38     -3       11

PRECIPITATION (IN)
  TODAY            0.11         MM      MM   0.06   0.05     0.00
  MONTH TO DATE    0.11                      0.17  -0.06     0.08
  SINCE MAR 1      0.11                      0.17  -0.06     0.08
  SINCE JAN 1      1.46                      4.15  -2.69     2.01

DEGREE DAYS
 HEATING
  TODAY           30                        27      3       54
  MONTH TO DATE  116                        83     33      136
  SINCE MAR 1    116                        83     33      136
  SINCE JUL 1   4809                      4287    522     4983

 COOLING
  TODAY            0                         0      0        0
  MONTH TO DATE    0                         0      0        0
  SINCE MAR 1      0                         0      0        0
  SINCE JAN 1      0                         0      0        0
..................................................................


WIND (MPH)
  HIGHEST WIND SPEED    28   HIGHEST WIND DIRECTION    SW (220)
  HIGHEST GUST SPEED    32   HIGHEST GUST DIRECTION    SW (220)
  AVERAGE WIND SPEED    12.7


SKY COVER
  POSSIBLE SUNSHINE  MM
  AVERAGE SKY COVER 1.0


WEATHER CONDITIONS
 THE FOLLOWING WEATHER WAS RECORDED TODAY.
  LIGHT RAIN
  LT FREEZING RAIN
  LIGHT SNOW
  FOG
  FOG W/VISIBILITY <= 1/4 MILE


RELATIVE HUMIDITY (PERCENT)
 HIGHEST   100          1200 PM
 LOWEST     58          1200 AM
 AVERAGE    79

..........................................................


THE MATTOON IL AIRPORT CLIMATE NORMALS FOR TOMORROW
                         NORMAL    RECORD    YEAR
 MAXIMUM TEMPERATURE (F)   47        MM        MM
 MINIMUM TEMPERATURE (F)   29        MM        MM


SUNRISE AND SUNSET
MARCH  3 2015.........SUNRISE   623 AM CST   SUNSET   547 PM CST
MARCH  4 2015.........SUNRISE   622 AM CST   SUNSET   548 PM CST


-  INDICATES NEGATIVE NUMBERS.
R  INDICATES RECORD WAS SET OR TIED.
MM INDICATES DATA IS MISSING.
T  INDICATES TRACE AMOUNT.




$$
