000
CDUS43 KILX 120650
CLIMTO


CLIMATE REPORT
NATIONAL WEATHER SERVICE LINCOLN IL
1244 AM CST TUE DEC 12 2017


...................................

...THE MATTOON IL AIRPORT CLIMATE SUMMARY FOR DECEMBER 11 2017...

CLIMATE NORMAL PERIOD 1981 TO 2010
CLIMATE RECORD PERIOD 9999 TO 9999


WEATHER ITEM   OBSERVED TIME   RECORD YEAR NORMAL DEPARTURE LAST
                VALUE   (LST)  VALUE       VALUE  FROM      YEAR
                                                  NORMAL
..................................................................
TEMPERATURE (F)
 YESTERDAY
  MAXIMUM         54    224 PM  MM      MM  39     15       38
  MINIMUM         22    249 AM  MM      MM  25     -3       29
  AVERAGE         38                        32      6       34

PRECIPITATION (IN)
  YESTERDAY        0.00         MM      MM   0.07  -0.07     0.03
  MONTH TO DATE    0.14                      0.96  -0.82     0.13
  SINCE DEC 1      0.14                      0.96  -0.82     0.13
  SINCE JAN 1     35.83                     36.24  -0.41    31.14

DEGREE DAYS
 HEATING
  YESTERDAY       27                        33     -6       31
  MONTH TO DATE  299                       339    -40      361
  SINCE DEC 1    299                       339    -40      361
  SINCE JUL 1   1229                      1398   -169     1072

 COOLING
  YESTERDAY        0                         0      0        0
  MONTH TO DATE    0                         0      0        0
  SINCE DEC 1      0                         0      0        0
  SINCE JAN 1   1161                      1057    104     1316
..................................................................


WIND (MPH)
  HIGHEST WIND SPEED    31   HIGHEST WIND DIRECTION    NW (320)
  HIGHEST GUST SPEED    41   HIGHEST GUST DIRECTION    NW (300)
  AVERAGE WIND SPEED    15.1


SKY COVER
  POSSIBLE SUNSHINE  MM
  AVERAGE SKY COVER 0.3


WEATHER CONDITIONS
 THE FOLLOWING WEATHER WAS RECORDED YESTERDAY.
  NO SIGNIFICANT WEATHER WAS OBSERVED.


RELATIVE HUMIDITY (PERCENT)
 HIGHEST    96           300 AM
 LOWEST     35           300 PM
 AVERAGE    66

..........................................................


THE MATTOON IL AIRPORT CLIMATE NORMALS FOR TODAY
                         NORMAL    RECORD    YEAR
 MAXIMUM TEMPERATURE (F)   39        MM        MM
 MINIMUM TEMPERATURE (F)   25        MM        MM


SUNRISE AND SUNSET
DECEMBER 12 2017......SUNRISE   704 AM CST   SUNSET   430 PM CST
DECEMBER 13 2017......SUNRISE   705 AM CST   SUNSET   430 PM CST


-  INDICATES NEGATIVE NUMBERS.
R  INDICATES RECORD WAS SET OR TIED.
MM INDICATES DATA IS MISSING.
T  INDICATES TRACE AMOUNT.




$$
