000
CDUS43 KILX 310650
CLIMTO


CLIMATE REPORT
NATIONAL WEATHER SERVICE LINCOLN IL
136 AM CDT TUE MAY 31 2016


...................................

...THE MATTOON IL AIRPORT CLIMATE SUMMARY FOR MAY 30 2016...

CLIMATE NORMAL PERIOD 1981 TO 2010
CLIMATE RECORD PERIOD 9999 TO 9999


WEATHER ITEM   OBSERVED TIME   RECORD YEAR NORMAL DEPARTURE LAST
                VALUE   (LST)  VALUE       VALUE  FROM      YEAR
                                                  NORMAL
..................................................................
TEMPERATURE (F)
 YESTERDAY
  MAXIMUM         85    107 PM  MM      MM  78      7       78
  MINIMUM         59    434 AM  MM      MM  57      2       51
  AVERAGE         72                        67      5       65

PRECIPITATION (IN)
  YESTERDAY        0.07         MM      MM   0.12  -0.05     0.88
  MONTH TO DATE    2.53                      4.26  -1.73     2.88
  SINCE MAR 1     11.01                     10.26   0.75     9.19
  SINCE JAN 1     11.74                     14.24  -2.50    10.54

DEGREE DAYS
 HEATING
  YESTERDAY        0                         2     -2        0
  MONTH TO DATE  156                       127     29       80
  SINCE MAR 1   1012                      1185   -173     1200
  SINCE JUL 1   4534                      5389   -855     5893

 COOLING
  YESTERDAY        7                         4      3        0
  MONTH TO DATE   58                        71    -13      125
  SINCE MAR 1     65                        85    -20      127
  SINCE JAN 1     65                        85    -20      127
..................................................................


WIND (MPH)
  HIGHEST WIND SPEED    18   HIGHEST WIND DIRECTION     W (270)
  HIGHEST GUST SPEED    26   HIGHEST GUST DIRECTION     W (280)
  AVERAGE WIND SPEED     2.0


SKY COVER
  POSSIBLE SUNSHINE  MM
  AVERAGE SKY COVER 0.1


WEATHER CONDITIONS
 THE FOLLOWING WEATHER WAS RECORDED YESTERDAY.
  THUNDERSTORM
  RAIN
  LIGHT RAIN


RELATIVE HUMIDITY (PERCENT)
 HIGHEST    90           900 PM
 LOWEST     40          1200 PM
 AVERAGE    65

..........................................................


THE MATTOON IL AIRPORT CLIMATE NORMALS FOR TODAY
                         NORMAL    RECORD    YEAR
 MAXIMUM TEMPERATURE (F)   78        MM        MM
 MINIMUM TEMPERATURE (F)   57        MM        MM


SUNRISE AND SUNSET
MAY 31 2016...........SUNRISE   528 AM CDT   SUNSET   814 PM CDT
JUNE  1 2016..........SUNRISE   528 AM CDT   SUNSET   815 PM CDT


-  INDICATES NEGATIVE NUMBERS.
R  INDICATES RECORD WAS SET OR TIED.
MM INDICATES DATA IS MISSING.
T  INDICATES TRACE AMOUNT.




$$
