000
CDUS41 KBTV 220600
CLIMVL


CLIMATE REPORT
NATIONAL WEATHER SERVICE BURLINGTON VT
1259 AM EST WED FEB 22 2017


...................................

...THE MORRISVILLE VT CLIMATE SUMMARY FOR FEBRUARY 21 2017...

CLIMATE NORMAL PERIOD 1981 TO 2010
CLIMATE RECORD PERIOD 9999 TO 9999


WEATHER ITEM   OBSERVED TIME   NORMAL DEPARTURE LAST
                VALUE   (LST)  VALUE  FROM      YEAR
                                      NORMAL
......................................................
TEMPERATURE (F)
 YESTERDAY
  MAXIMUM         41    426 PM  32      9       39
  MINIMUM          3    651 AM   8     -5       25
  AVERAGE         22            20      2       32

PRECIPITATION (IN)
  YESTERDAY        T             0.07  -0.07     0.01
  MONTH TO DATE    0.46          1.30  -0.84     1.09
  SINCE DEC 1      5.60          6.48  -0.88     3.72
  SINCE JAN 1      2.39          3.84  -1.45     1.78

DEGREE DAYS
 HEATING
  YESTERDAY       43            45     -2       33
  MONTH TO DATE  932           994    -62      729
  SINCE DEC 1   3444          3828   -384     2919
  SINCE JUL 1   5035          5656   -621     4334

 COOLING
  YESTERDAY        0             0      0        0
  MONTH TO DATE    0             0      0        0
  SINCE DEC 1      0             0      0        0
  SINCE JAN 1      0             0      0        0
......................................................


WIND (MPH)
  HIGHEST WIND SPEED    10   HIGHEST WIND DIRECTION    SW (210)
  HIGHEST GUST SPEED    14   HIGHEST GUST DIRECTION    SW (220)
  AVERAGE WIND SPEED     3.5


SKY COVER
  AVERAGE SKY COVER 0.1


WEATHER CONDITIONS
 THE FOLLOWING WEATHER WAS RECORDED YESTERDAY.
  NO SIGNIFICANT WEATHER WAS OBSERVED.


RELATIVE HUMIDITY (PERCENT)
 HIGHEST    92          1200 AM
 LOWEST     30           300 PM
 AVERAGE    61

..........................................................


THE MORRISVILLE VT CLIMATE NORMALS FOR TODAY
                         NORMAL    RECORD    YEAR
 MAXIMUM TEMPERATURE (F)   32        63      1997
 MINIMUM TEMPERATURE (F)    9        -7      1999


SUNRISE AND SUNSET
FEBRUARY 22 2017......SUNRISE   639 AM EST   SUNSET   529 PM EST
FEBRUARY 23 2017......SUNRISE   638 AM EST   SUNSET   531 PM EST


-  INDICATES NEGATIVE NUMBERS.
R  INDICATES RECORD WAS SET OR TIED.
MM INDICATES DATA IS MISSING.
T  INDICATES TRACE AMOUNT.




$$
