000
CDUS41 KBTV 010839
CLIMVL


CLIMATE REPORT
NATIONAL WEATHER SERVICE BURLINGTON VT
437 AM EDT SUN MAY 1 2016


...................................

...THE MORRISVILLE VT CLIMATE SUMMARY FOR APRIL 30 2016...

CLIMATE NORMAL PERIOD 1981 TO 2010
CLIMATE RECORD PERIOD 9999 TO 9999


WEATHER ITEM   OBSERVED TIME   NORMAL DEPARTURE LAST
                VALUE   (LST)  VALUE  FROM      YEAR
                                      NORMAL
......................................................
TEMPERATURE (F)
 YESTERDAY
  MAXIMUM         60    324 PM  62     -2       60
  MINIMUM         25    439 AM  36    -11       33
  AVERAGE         43            49     -6       47

PRECIPITATION (IN)
  YESTERDAY        0.00          0.08  -0.08     0.00
  MONTH TO DATE    1.69          2.40  -0.71     1.15
  SINCE MAR 1      2.82          4.07  -1.25     1.50
  SINCE JAN 1      5.97          8.35  -2.38     2.62

DEGREE DAYS
 HEATING
  YESTERDAY       22            17      5       18
  MONTH TO DATE  821           693    128      720
  SINCE MAR 1   1777          1820    -43     2016
  SINCE JUL 1   6350          7780  -1430     7698

 COOLING
  YESTERDAY        0             0      0        0
  MONTH TO DATE    0             1     -1        0
  SINCE MAR 1      0             1     -1        0
  SINCE JAN 1      0             1     -1        0
......................................................


WIND (MPH)
  HIGHEST WIND SPEED    15   HIGHEST WIND DIRECTION     N (10)
  HIGHEST GUST SPEED    22   HIGHEST GUST DIRECTION     N (10)
  AVERAGE WIND SPEED     4.6


SKY COVER
  AVERAGE SKY COVER 0.1


WEATHER CONDITIONS
 THE FOLLOWING WEATHER WAS RECORDED YESTERDAY.
  NO SIGNIFICANT WEATHER WAS OBSERVED.


RELATIVE HUMIDITY (PERCENT)
 HIGHEST    84           300 AM
 LOWEST     18          1100 AM
 AVERAGE    51

..........................................................


THE MORRISVILLE VT CLIMATE NORMALS FOR TODAY
                         NORMAL    RECORD    YEAR
 MAXIMUM TEMPERATURE (F)   62        83      2001
 MINIMUM TEMPERATURE (F)   36        27      2008


SUNRISE AND SUNSET
MAY  1 2016...........SUNRISE   540 AM EDT   SUNSET   756 PM EDT
MAY  2 2016...........SUNRISE   539 AM EDT   SUNSET   757 PM EDT


-  INDICATES NEGATIVE NUMBERS.
R  INDICATES RECORD WAS SET OR TIED.
MM INDICATES DATA IS MISSING.
T  INDICATES TRACE AMOUNT.




$$
