000
CDUS41 KBTV 220526
CLIMVL


CLIMATE REPORT
NATIONAL WEATHER SERVICE BURLINGTON VT
123 AM EDT SAT JUL 22 2017


...................................

...THE MORRISVILLE VT CLIMATE SUMMARY FOR JULY 21 2017...

CLIMATE NORMAL PERIOD 1981 TO 2010
CLIMATE RECORD PERIOD 9999 TO 9999


WEATHER ITEM   OBSERVED TIME   NORMAL DEPARTURE LAST
                VALUE   (LST)  VALUE  FROM      YEAR
                                      NORMAL
......................................................
TEMPERATURE (F)
 YESTERDAY
  MAXIMUM         82    510 PM  80      2       83
  MINIMUM         54    354 AM  56     -2       49
  AVERAGE         68            68      0       66

PRECIPITATION (IN)
  YESTERDAY        0.00          0.14  -0.14     0.00
  MONTH TO DATE    2.53          2.93  -0.40     2.10
  SINCE JUN 1      9.85          6.91   2.94     3.99
  SINCE JAN 1     22.60         18.53   4.07    11.04

DEGREE DAYS
 HEATING
  YESTERDAY        0             1     -1        0
  MONTH TO DATE   21            22     -1       31
  SINCE JUN 1    172           145     27      162
  SINCE JUL 1     21            22     -1       31

 COOLING
  YESTERDAY        3             4     -1        1
  MONTH TO DATE   47            77    -30       65
  SINCE JUN 1     94           125    -31       98
  SINCE JAN 1    103           133    -30      127
......................................................


WIND (MPH)
  HIGHEST WIND SPEED    13   HIGHEST WIND DIRECTION    SW (220)
  HIGHEST GUST SPEED    18   HIGHEST GUST DIRECTION    SW (240)
  AVERAGE WIND SPEED     3.3


SKY COVER
  AVERAGE SKY COVER 0.5


WEATHER CONDITIONS
 THE FOLLOWING WEATHER WAS RECORDED YESTERDAY.
  FOG
  FOG W/VISIBILITY <= 1/4 MILE


RELATIVE HUMIDITY (PERCENT)
 HIGHEST   100           100 AM
 LOWEST     48          1200 PM
 AVERAGE    74

..........................................................


THE MORRISVILLE VT CLIMATE NORMALS FOR TODAY
                         NORMAL    RECORD    YEAR
 MAXIMUM TEMPERATURE (F)   80        93      2011
 MINIMUM TEMPERATURE (F)   56        44      1989


SUNRISE AND SUNSET
JULY 22 2017..........SUNRISE   527 AM EDT   SUNSET   827 PM EDT
JULY 23 2017..........SUNRISE   528 AM EDT   SUNSET   826 PM EDT


-  INDICATES NEGATIVE NUMBERS.
R  INDICATES RECORD WAS SET OR TIED.
MM INDICATES DATA IS MISSING.
T  INDICATES TRACE AMOUNT.




$$
