000
CDUS41 KBTV 160532
CLIMVL


CLIMATE REPORT
NATIONAL WEATHER SERVICE BURLINGTON VT
129 AM EDT WED APR 16 2014


...................................

...THE MORRISVILLE VT CLIMATE SUMMARY FOR APRIL 15 2014...

CLIMATE NORMAL PERIOD 1981 TO 2010
CLIMATE RECORD PERIOD 9999 TO 9999


WEATHER ITEM   OBSERVED TIME   NORMAL DEPARTURE LAST
                VALUE   (LST)  VALUE  FROM      YEAR
                                      NORMAL
......................................................
TEMPERATURE (F)
 YESTERDAY
  MAXIMUM         63   1142 AM  54      9       59
  MINIMUM         24   1159 PM  30     -6       24
  AVERAGE         44            42      2       42

PRECIPITATION (IN)
  YESTERDAY        0.84          0.08   0.76     0.00
  MONTH TO DATE    1.85          1.25   0.60     1.63
  SINCE MAR 1      4.52          2.92   1.60     3.40
  SINCE JAN 1      9.12          7.20   1.92     6.11

DEGREE DAYS
 HEATING
  YESTERDAY       21            23     -2       23
  MONTH TO DATE  367           399    -32      422
  SINCE MAR 1   1819          1526    293     1460
  SINCE JUL 1   7873          7486    387     6992

 COOLING
  YESTERDAY        0             0      0        0
  MONTH TO DATE    0             0      0        0
  SINCE MAR 1      0             0      0        0
  SINCE JAN 1      0             0      0        0
......................................................


WIND (MPH)
  HIGHEST WIND SPEED    22   HIGHEST WIND DIRECTION    NW (300)
  HIGHEST GUST SPEED    32   HIGHEST GUST DIRECTION     S (180)
  AVERAGE WIND SPEED     8.1


SKY COVER
  AVERAGE SKY COVER 0.7


WEATHER CONDITIONS
 THE FOLLOWING WEATHER WAS RECORDED YESTERDAY.
  HEAVY RAIN
  RAIN
  LIGHT RAIN
  LIGHT SNOW
  FOG


RELATIVE HUMIDITY (PERCENT)
 HIGHEST    93           600 AM
 LOWEST     72           800 AM
 AVERAGE    83

..........................................................


THE MORRISVILLE VT CLIMATE NORMALS FOR TODAY
                         NORMAL    RECORD    YEAR
 MAXIMUM TEMPERATURE (F)   54        MM        MM
 MINIMUM TEMPERATURE (F)   30        MM        MM


SUNRISE AND SUNSET
APRIL 16 2014.........SUNRISE   605 AM EDT   SUNSET   736 PM EDT
APRIL 17 2014.........SUNRISE   603 AM EDT   SUNSET   738 PM EDT


-  INDICATES NEGATIVE NUMBERS.
R  INDICATES RECORD WAS SET OR TIED.
MM INDICATES DATA IS MISSING.
T  INDICATES TRACE AMOUNT.




$$
