000
CDUS41 KBTV 280535
CLIMVL


CLIMATE REPORT
NATIONAL WEATHER SERVICE BURLINGTON VT
133 AM EDT THU JUL 28 2016


...................................

...THE MORRISVILLE VT CLIMATE SUMMARY FOR JULY 27 2016...

CLIMATE NORMAL PERIOD 1981 TO 2010
CLIMATE RECORD PERIOD 9999 TO 9999


WEATHER ITEM   OBSERVED TIME   NORMAL DEPARTURE LAST
                VALUE   (LST)  VALUE  FROM      YEAR
                                      NORMAL
......................................................
TEMPERATURE (F)
 YESTERDAY
  MAXIMUM         86    300 PM  80      6       87
  MINIMUM         57    248 AM  56      1       64
  AVERAGE         72            68      4       76

PRECIPITATION (IN)
  YESTERDAY        0.00          0.12  -0.12      T
  MONTH TO DATE    3.14          3.64  -0.50     2.30
  SINCE JUN 1      5.03          7.62  -2.59     9.21
  SINCE JAN 1     12.08         19.24  -7.16    14.46

DEGREE DAYS
 HEATING
  YESTERDAY        0             1     -1        0
  MONTH TO DATE   31            28      3       23
  SINCE JUN 1    162           151     11      128
  SINCE JUL 1     31            28      3       23

 COOLING
  YESTERDAY        7             4      3       11
  MONTH TO DATE   97           101     -4      118
  SINCE JUN 1    130           149    -19      158
  SINCE JAN 1    159           157      2      211
......................................................


WIND (MPH)
  HIGHEST WIND SPEED    10   HIGHEST WIND DIRECTION    SW (220)
  HIGHEST GUST SPEED    14   HIGHEST GUST DIRECTION    SW (230)
  AVERAGE WIND SPEED     1.7


SKY COVER
  AVERAGE SKY COVER 0.4


WEATHER CONDITIONS
 THE FOLLOWING WEATHER WAS RECORDED YESTERDAY.
  FOG
  FOG W/VISIBILITY <= 1/4 MILE


RELATIVE HUMIDITY (PERCENT)
 HIGHEST   100           500 AM
 LOWEST     42           200 PM
 AVERAGE    71

..........................................................


THE MORRISVILLE VT CLIMATE NORMALS FOR TODAY
                         NORMAL    RECORD    YEAR
 MAXIMUM TEMPERATURE (F)   80        90      1989
 MINIMUM TEMPERATURE (F)   56        37      2001


SUNRISE AND SUNSET
JULY 28 2016..........SUNRISE   533 AM EDT   SUNSET   820 PM EDT
JULY 29 2016..........SUNRISE   534 AM EDT   SUNSET   819 PM EDT


-  INDICATES NEGATIVE NUMBERS.
R  INDICATES RECORD WAS SET OR TIED.
MM INDICATES DATA IS MISSING.
T  INDICATES TRACE AMOUNT.




$$
