000
CDUS41 KBTV 290531
CLIMVL


CLIMATE REPORT
NATIONAL WEATHER SERVICE BURLINGTON VT
129 AM EDT FRI MAY 29 2015


...................................

...THE MORRISVILLE VT CLIMATE SUMMARY FOR MAY 28 2015...

CLIMATE NORMAL PERIOD 1981 TO 2010
CLIMATE RECORD PERIOD 9999 TO 9999


WEATHER ITEM   OBSERVED TIME   NORMAL DEPARTURE LAST
                VALUE   (LST)  VALUE  FROM      YEAR
                                      NORMAL
......................................................
TEMPERATURE (F)
 YESTERDAY
  MAXIMUM         80   1148 AM  70     10       56
  MINIMUM         58   1154 PM  45     13       45
  AVERAGE         69            57     12       51

PRECIPITATION (IN)
  YESTERDAY        0.01          0.12  -0.11     0.03
  MONTH TO DATE    1.51          2.85  -1.34     3.50
  SINCE MAR 1      3.01          6.92  -3.91     8.95
  SINCE JAN 1      4.13         11.20  -7.07    13.55

DEGREE DAYS
 HEATING
  YESTERDAY        0             8     -8       14
  MONTH TO DATE  172           329   -157      268
  SINCE MAR 1   2188          2149     39     2427
  SINCE JUL 1   7870          8109   -239     8481

 COOLING
  YESTERDAY        4             0      4        0
  MONTH TO DATE   42             0     42        5
  SINCE MAR 1     42             1     41        5
  SINCE JAN 1     42             1     41        5
......................................................


WIND (MPH)
  HIGHEST WIND SPEED    16   HIGHEST WIND DIRECTION     S (200)
  HIGHEST GUST SPEED    26   HIGHEST GUST DIRECTION     S (200)
  AVERAGE WIND SPEED     4.7


SKY COVER
  AVERAGE SKY COVER 0.6


WEATHER CONDITIONS
 THE FOLLOWING WEATHER WAS RECORDED YESTERDAY.
  RAIN
  LIGHT RAIN


RELATIVE HUMIDITY (PERCENT)
 HIGHEST    93           200 AM
 LOWEST     54          1200 PM
 AVERAGE    74

..........................................................


THE MORRISVILLE VT CLIMATE NORMALS FOR TODAY
                         NORMAL    RECORD    YEAR
 MAXIMUM TEMPERATURE (F)   70        85      1998
 MINIMUM TEMPERATURE (F)   45        35      2008


SUNRISE AND SUNSET
MAY 29 2015...........SUNRISE   511 AM EDT   SUNSET   825 PM EDT
MAY 30 2015...........SUNRISE   510 AM EDT   SUNSET   826 PM EDT


-  INDICATES NEGATIVE NUMBERS.
R  INDICATES RECORD WAS SET OR TIED.
MM INDICATES DATA IS MISSING.
T  INDICATES TRACE AMOUNT.




$$
