000
CDUS41 KBTV 210636
CLIMVL


CLIMATE REPORT
NATIONAL WEATHER SERVICE BURLINGTON VT
134 AM EST TUE NOV 21 2017


...................................

...THE MORRISVILLE VT CLIMATE SUMMARY FOR NOVEMBER 20 2017...

CLIMATE NORMAL PERIOD 1981 TO 2010
CLIMATE RECORD PERIOD 9999 TO 9999


WEATHER ITEM   OBSERVED TIME   NORMAL DEPARTURE LAST
                VALUE   (LST)  VALUE  FROM      YEAR
                                      NORMAL
......................................................
TEMPERATURE (F)
 YESTERDAY
  MAXIMUM         27   1258 AM  42    -15       44
  MINIMUM         19   1029 PM  25     -6       28
  AVERAGE         23            34    -11       36

PRECIPITATION (IN)
  YESTERDAY        T             0.11  -0.11     0.18
  MONTH TO DATE    1.30          2.07  -0.77     0.53
  SINCE SEP 1      7.90          8.55  -0.65     2.61
  SINCE JAN 1     34.86         32.31   2.55    18.25

DEGREE DAYS
 HEATING
  YESTERDAY       42            32     10       29
  MONTH TO DATE  611           559     52      492
  SINCE SEP 1   1164          1395   -231     1194
  SINCE JUL 1   1326          1490   -164     1253

 COOLING
  YESTERDAY        0             0      0        0
  MONTH TO DATE    0             0      0        0
  SINCE SEP 1     48            18     30       34
  SINCE JAN 1    192           265    -73      322
......................................................


WIND (MPH)
  HIGHEST WIND SPEED    16   HIGHEST WIND DIRECTION    NW (330)
  HIGHEST GUST SPEED    20   HIGHEST GUST DIRECTION    NW (320)
  AVERAGE WIND SPEED     4.7


SKY COVER
  AVERAGE SKY COVER 1.0


WEATHER CONDITIONS
 THE FOLLOWING WEATHER WAS RECORDED YESTERDAY.
  LIGHT SNOW
  FOG


RELATIVE HUMIDITY (PERCENT)
 HIGHEST    92           200 PM
 LOWEST     59          1100 AM
 AVERAGE    76

..........................................................


THE MORRISVILLE VT CLIMATE NORMALS FOR TODAY
                         NORMAL    RECORD    YEAR
 MAXIMUM TEMPERATURE (F)   42        55      2005
 MINIMUM TEMPERATURE (F)   24         6      1987


SUNRISE AND SUNSET
NOVEMBER 21 2017......SUNRISE   655 AM EST   SUNSET   417 PM EST
NOVEMBER 22 2017......SUNRISE   656 AM EST   SUNSET   417 PM EST


-  INDICATES NEGATIVE NUMBERS.
R  INDICATES RECORD WAS SET OR TIED.
MM INDICATES DATA IS MISSING.
T  INDICATES TRACE AMOUNT.




$$
