000
CDUS41 KBTV 010556
CLIMVL


CLIMATE REPORT
NATIONAL WEATHER SERVICE BURLINGTON VT
1252 AM EST SUN FEB 1 2015


...................................

...THE MORRISVILLE VT CLIMATE SUMMARY FOR JANUARY 31 2015...

CLIMATE NORMAL PERIOD 1981 TO 2010
CLIMATE RECORD PERIOD 9999 TO 9999


WEATHER ITEM   OBSERVED TIME   NORMAL DEPARTURE LAST
                VALUE   (LST)  VALUE  FROM      YEAR
                                      NORMAL
......................................................
TEMPERATURE (F)
 YESTERDAY
  MAXIMUM          5    350 PM  27    -22       33
  MINIMUM         -8   1037 PM   4    -12       21
  AVERAGE         -1            16    -17       27

PRECIPITATION (IN)
  YESTERDAY        T             0.07  -0.07     0.00
  MONTH TO DATE    0.84          2.54  -1.70     2.41
  SINCE DEC 1      1.63          5.18  -3.55     5.42
  SINCE JAN 1      0.84          2.54  -1.70     2.41

DEGREE DAYS
 HEATING
  YESTERDAY       66            49     17       38
  MONTH TO DATE 1555          1527     28     1551
  SINCE DEC 1   2656          2834   -178     2912
  SINCE JUL 1   3999          4662   -663     4695

 COOLING
  YESTERDAY        0             0      0        0
  MONTH TO DATE    0             0      0        0
  SINCE DEC 1      0             0      0        0
  SINCE JAN 1      0             0      0        0
......................................................


WIND (MPH)
  HIGHEST WIND SPEED    17   HIGHEST WIND DIRECTION     N (360)
  HIGHEST GUST SPEED    27   HIGHEST GUST DIRECTION     N (350)
  AVERAGE WIND SPEED     7.5


SKY COVER
  AVERAGE SKY COVER 0.4


WEATHER CONDITIONS
 THE FOLLOWING WEATHER WAS RECORDED YESTERDAY.
  HAZE


RELATIVE HUMIDITY (PERCENT)
 HIGHEST    76          1200 AM
 LOWEST     46           300 PM
 AVERAGE    61

..........................................................


THE MORRISVILLE VT CLIMATE NORMALS FOR TODAY
                         NORMAL    RECORD    YEAR
 MAXIMUM TEMPERATURE (F)   27        MM        MM
 MINIMUM TEMPERATURE (F)    4        MM        MM


SUNRISE AND SUNSET
FEBRUARY  1 2015......SUNRISE   709 AM EST   SUNSET   459 PM EST
FEBRUARY  2 2015......SUNRISE   708 AM EST   SUNSET   501 PM EST


-  INDICATES NEGATIVE NUMBERS.
R  INDICATES RECORD WAS SET OR TIED.
MM INDICATES DATA IS MISSING.
T  INDICATES TRACE AMOUNT.




$$
