000
CDUS41 KBTV 270528
CLIMVL


CLIMATE REPORT
NATIONAL WEATHER SERVICE BURLINGTON VT
125 AM EDT SAT MAY 27 2017


...................................

...THE MORRISVILLE VT CLIMATE SUMMARY FOR MAY 26 2017...

CLIMATE NORMAL PERIOD 1981 TO 2010
CLIMATE RECORD PERIOD 9999 TO 9999


WEATHER ITEM   OBSERVED TIME   NORMAL DEPARTURE LAST
                VALUE   (LST)  VALUE  FROM      YEAR
                                      NORMAL
......................................................
TEMPERATURE (F)
 YESTERDAY
  MAXIMUM         58    247 PM  70    -12       80
  MINIMUM         48   1140 PM  44      4       47
  AVERAGE         53            57     -4       64

PRECIPITATION (IN)
  YESTERDAY        0.34          0.12   0.22     0.00
  MONTH TO DATE    3.95          2.61   1.34     0.84
  SINCE MAR 1      8.69          6.68   2.01     3.66
  SINCE JAN 1     11.76         10.96   0.80     6.81

DEGREE DAYS
 HEATING
  YESTERDAY       12             9      3        1
  MONTH TO DATE  380           313     67      352
  SINCE MAR 1   2270          2133    137     2129
  SINCE JUL 1   7493          8093   -600     6702

 COOLING
  YESTERDAY        0             0      0        0
  MONTH TO DATE    9             0      9        0
  SINCE MAR 1      9             1      8        0
  SINCE JAN 1      9             1      8        0
......................................................


WIND (MPH)
  HIGHEST WIND SPEED    15   HIGHEST WIND DIRECTION     N (10)
  HIGHEST GUST SPEED    19   HIGHEST GUST DIRECTION     N (10)
  AVERAGE WIND SPEED     3.8


SKY COVER
  AVERAGE SKY COVER 1.0


WEATHER CONDITIONS
 THE FOLLOWING WEATHER WAS RECORDED YESTERDAY.
  RAIN
  LIGHT RAIN
  FOG


RELATIVE HUMIDITY (PERCENT)
 HIGHEST   100          1000 PM
 LOWEST     86           700 PM
 AVERAGE    93

..........................................................


THE MORRISVILLE VT CLIMATE NORMALS FOR TODAY
                         NORMAL    RECORD    YEAR
 MAXIMUM TEMPERATURE (F)   70        89      2015
 MINIMUM TEMPERATURE (F)   44        29      1997


SUNRISE AND SUNSET
MAY 27 2017...........SUNRISE   512 AM EDT   SUNSET   824 PM EDT
MAY 28 2017...........SUNRISE   511 AM EDT   SUNSET   825 PM EDT


-  INDICATES NEGATIVE NUMBERS.
R  INDICATES RECORD WAS SET OR TIED.
MM INDICATES DATA IS MISSING.
T  INDICATES TRACE AMOUNT.




$$
