000
CDUS46 KOTX 061717
CLIMWH


CLIMATE REPORT
NATIONAL WEATHER SERVICE SPOKANE, WA
1230 AM PST TUE DEC 6 2016


...................................

...THE MOSES LAKE WA AIRPORT CLIMATE SUMMARY FOR DECEMBER 5 2016...

CLIMATE NORMAL PERIOD 1981 TO 2010


WEATHER ITEM   OBSERVED TIME   RECORD YEAR NORMAL DEPARTURE LAST
                VALUE   (LST)  VALUE       VALUE  FROM      YEAR
                                                  NORMAL
..................................................................
TEMPERATURE (F)
 YESTERDAY
  MAXIMUM         34    348 PM  MM      MM  37     -3       37
  MINIMUM         19    739 AM  MM      MM  24     -5       26
  AVERAGE         27                        30     -3       32

PRECIPITATION (IN)
  YESTERDAY        0.10         MM      MM   0.03   0.07     0.08
  MONTH TO DATE    0.10                      0.18  -0.08     0.48
  SINCE OCT 1      3.50                      2.03   1.47     1.16
  SINCE JAN 1      9.28                      7.85   1.43     4.55

SNOWFALL (IN)
  YESTERDAY       MM

DEGREE DAYS
 HEATING
  YESTERDAY       38                        35      3       33
  MONTH TO DATE  152                       170    -18      169
  SINCE DEC 1    152                       170    -18      169
  SINCE JUL 1   1265                      1631   -366     1409

 COOLING
  YESTERDAY        0                         0      0        0
  MONTH TO DATE    0                         0      0        0
  SINCE DEC 1      0                         0      0        0
  SINCE JAN 1    629                       615     14     1066
..................................................................


WIND (MPH)
  HIGHEST WIND SPEED    13   HIGHEST WIND DIRECTION     S (190)
  HIGHEST GUST SPEED    15   HIGHEST GUST DIRECTION     S (190)
  AVERAGE WIND SPEED     4.3


SKY COVER
  POSSIBLE SUNSHINE  MM
  AVERAGE SKY COVER 0.5


WEATHER CONDITIONS
 THE FOLLOWING WEATHER WAS RECORDED YESTERDAY.
  LIGHT SNOW
  FOG


RELATIVE HUMIDITY (PERCENT)
 HIGHEST    92           500 PM
 LOWEST     63          1200 AM
 AVERAGE    78

..........................................................


THE MOSES LAKE WA AIRPORT CLIMATE NORMALS FOR TODAY
                         NORMAL    RECORD    YEAR
 MAXIMUM TEMPERATURE (F)   36        MM        MM
 MINIMUM TEMPERATURE (F)   24        MM        MM


SUNRISE AND SUNSET
DECEMBER  6 2016......SUNRISE   729 AM PST   SUNSET   408 PM PST
DECEMBER  7 2016......SUNRISE   730 AM PST   SUNSET   407 PM PST


-  INDICATES NEGATIVE NUMBERS.
R  INDICATES RECORD WAS SET OR TIED.
MM INDICATES DATA IS MISSING.
T  INDICATES TRACE AMOUNT.




$$
