000
CDUS45 KBOI 230931
CLIMYL


CLIMATE REPORT
NATIONAL WEATHER SERVICE BOISE ID
331 AM MDT MON MAY 23 2016


...................................

...THE MCCALL ID CLIMATE SUMMARY FOR MAY 22 2016...

CLIMATE NORMAL PERIOD 1981 TO 2010
CLIMATE RECORD PERIOD 1930 TO 2016


WEATHER ITEM   OBSERVED TIME   RECORD YEAR NORMAL DEPARTURE LAST
                VALUE   (LST)  VALUE       VALUE  FROM      YEAR
                                                  NORMAL
..................................................................
TEMPERATURE (F)
 YESTERDAY
  MAXIMUM         50    423 PM  84    1958  61    -11       66
  MINIMUM         36   1159 PM  22    1989  34      2       37
  AVERAGE         43                        48     -5       52

PRECIPITATION (IN)
  YESTERDAY        0.08          1.90 1948   0.07   0.01     0.66
  MONTH TO DATE    1.29                      1.54  -0.25     2.09
  SINCE OCT 1     23.00                     15.31   7.69    17.88
  SINCE JAN 1     12.43                      9.13   3.30     9.12

DEGREE DAYS
 HEATING
  YESTERDAY       22                        18      4       13
  MONTH TO DATE  330                       445   -115      346
  SINCE MAR 1   1924                      2405   -481     1900
  SINCE JUL 1   7793                      9080  -1287     7222

 COOLING
  YESTERDAY        0                         0      0        0
  MONTH TO DATE    0                         0      0        0
  SINCE MAR 1      0                         0      0        0
  SINCE JAN 1      0                         0      0        0
..................................................................


WIND (MPH)
  HIGHEST WIND SPEED    18   HIGHEST WIND DIRECTION     W (260)
  HIGHEST GUST SPEED    23   HIGHEST GUST DIRECTION     W (250)
  AVERAGE WIND SPEED     6.2


SKY COVER
  AVERAGE SKY COVER 0.8


WEATHER CONDITIONS
 THE FOLLOWING WEATHER WAS RECORDED YESTERDAY.
  LIGHT RAIN
  FOG


RELATIVE HUMIDITY (PERCENT)
 HIGHEST    92           400 AM
 LOWEST     50           500 PM
 AVERAGE    71

..........................................................


THE MCCALL ID CLIMATE NORMALS FOR TODAY
                         NORMAL    RECORD    YEAR
 MAXIMUM TEMPERATURE (F)   61        82      2001
 MINIMUM TEMPERATURE (F)   35        20      1944


SUNRISE AND SUNSET
MAY 23 2016...........SUNRISE   607 AM MDT   SUNSET   916 PM MDT
MAY 24 2016...........SUNRISE   606 AM MDT   SUNSET   917 PM MDT


-  INDICATES NEGATIVE NUMBERS.
R  INDICATES RECORD WAS SET OR TIED.
MM INDICATES DATA IS MISSING.
T  INDICATES TRACE AMOUNT.




$$
