000
CDUS45 KBOI 200931
CLIMYL


CLIMATE REPORT
NATIONAL WEATHER SERVICE BOISE ID
231 AM MST SAT DEC 20 2014


...................................

...THE MCCALL ID CLIMATE SUMMARY FOR DECEMBER 19 2014...

CLIMATE NORMAL PERIOD 1981 TO 2010
CLIMATE RECORD PERIOD 1930 TO 2014


WEATHER ITEM   OBSERVED TIME   RECORD YEAR NORMAL DEPARTURE LAST
                VALUE   (LST)  VALUE       VALUE  FROM      YEAR
                                                  NORMAL
..................................................................
TEMPERATURE (F)
 YESTERDAY
  MAXIMUM         34    407 PM  43    1979  27      7       29
  MINIMUM         30   1159 PM -15    1945   9     21        6
  AVERAGE         32                        18     14       18

PRECIPITATION (IN)
  YESTERDAY        0.20          1.71 1932   0.07   0.13     0.01
  MONTH TO DATE    1.65                      1.15   0.50     0.89
  SINCE OCT 1      6.74                      5.27   1.47     3.23
  SINCE JAN 1     24.15                     19.19   4.96    18.84

DEGREE DAYS
 HEATING
  YESTERDAY       33                        47    -14       47
  MONTH TO DATE  632                       871   -239      913
  SINCE DEC 1    632                       871   -239      913
  SINCE JUL 1   2696                      3509   -813     3003

 COOLING
  YESTERDAY        0                         0      0        0
  MONTH TO DATE    0                         0      0        0
  SINCE DEC 1      0                         0      0        0
  SINCE JAN 1    185                        25    160      186
..................................................................


WIND (MPH)
  HIGHEST WIND SPEED    16   HIGHEST WIND DIRECTION    SE (150)
  HIGHEST GUST SPEED    22   HIGHEST GUST DIRECTION     S (160)
  AVERAGE WIND SPEED     6.2


SKY COVER
  AVERAGE SKY COVER 1.0


WEATHER CONDITIONS
 THE FOLLOWING WEATHER WAS RECORDED YESTERDAY.
  SNOW
  LIGHT SNOW
  FOG
  FOG W/VISIBILITY <= 1/4 MILE


RELATIVE HUMIDITY (PERCENT)
 HIGHEST   100          1000 PM
 LOWEST     89          1200 AM
 AVERAGE    95

..........................................................


THE MCCALL ID CLIMATE NORMALS FOR TODAY
                         NORMAL    RECORD    YEAR
 MAXIMUM TEMPERATURE (F)   27        41      1939
 MINIMUM TEMPERATURE (F)    9       -14      1930


SUNRISE AND SUNSET
DECEMBER 20 2014......SUNRISE   819 AM MST   SUNSET   506 PM MST
DECEMBER 21 2014......SUNRISE   819 AM MST   SUNSET   506 PM MST


-  INDICATES NEGATIVE NUMBERS.
R  INDICATES RECORD WAS SET OR TIED.
MM INDICATES DATA IS MISSING.
T  INDICATES TRACE AMOUNT.




$$
