000
CDUS45 KBOI 060930
CLIMYL


CLIMATE REPORT
NATIONAL WEATHER SERVICE BOISE ID
330 AM MDT MON JUL 6 2015


...................................

...THE MCCALL ID CLIMATE SUMMARY FOR JULY 5 2015...

CLIMATE NORMAL PERIOD 1981 TO 2010
CLIMATE RECORD PERIOD 1930 TO 2015


WEATHER ITEM   OBSERVED TIME   RECORD YEAR NORMAL DEPARTURE LAST
                VALUE   (LST)  VALUE       VALUE  FROM      YEAR
                                                  NORMAL
..................................................................
TEMPERATURE (F)
 YESTERDAY
  MAXIMUM         82    130 PM  93    2001  75      7       85
                                      2007
  MINIMUM         54    430 AM  28    1999  42     12       52
  AVERAGE         68                        58     10       69

PRECIPITATION (IN)
  YESTERDAY        0.00          0.48 1939   0.04  -0.04     0.00
  MONTH TO DATE    0.00                      0.18  -0.18     0.00
  SINCE OCT 1     18.34                     18.00   0.34    19.26
  SINCE JAN 1      9.58                     11.82  -2.24    15.19

DEGREE DAYS
 HEATING
  YESTERDAY        0                         7     -7        0
  MONTH TO DATE    0                        37    -37        2
  SINCE JUN 1    109                       404   -295      316
  SINCE JUL 1      0                        37    -37        2

 COOLING
  YESTERDAY        3                         0      3        4
  MONTH TO DATE   32                         0     32       22
  SINCE JUN 1     98                         1     97       22
  SINCE JAN 1     98                         1     97       22
..................................................................


WIND (MPH)
  HIGHEST WIND SPEED    15   HIGHEST WIND DIRECTION     S (180)
  HIGHEST GUST SPEED    20   HIGHEST GUST DIRECTION    SW (230)
  AVERAGE WIND SPEED     4.6


SKY COVER
  AVERAGE SKY COVER 0.0


WEATHER CONDITIONS
 THE FOLLOWING WEATHER WAS RECORDED YESTERDAY.
  NO SIGNIFICANT WEATHER WAS OBSERVED.


RELATIVE HUMIDITY (PERCENT)
 HIGHEST    72           600 AM
 LOWEST     26           200 PM
 AVERAGE    49

..........................................................


THE MCCALL ID CLIMATE NORMALS FOR TODAY
                         NORMAL    RECORD    YEAR
 MAXIMUM TEMPERATURE (F)   76        96      2007
 MINIMUM TEMPERATURE (F)   42        28      1986


SUNRISE AND SUNSET
JULY  6 2015..........SUNRISE   605 AM MDT   SUNSET   933 PM MDT
JULY  7 2015..........SUNRISE   606 AM MDT   SUNSET   933 PM MDT


-  INDICATES NEGATIVE NUMBERS.
R  INDICATES RECORD WAS SET OR TIED.
MM INDICATES DATA IS MISSING.
T  INDICATES TRACE AMOUNT.




$$
