000
CDUS45 KBOI 220934
CLIMYL


CLIMATE REPORT
NATIONAL WEATHER SERVICE BOISE ID
334 AM MDT SAT JUL 22 2017


...................................

...THE MCCALL ID CLIMATE SUMMARY FOR JULY 21 2017...

CLIMATE NORMAL PERIOD 1981 TO 2010
CLIMATE RECORD PERIOD 1930 TO 2017


WEATHER ITEM   OBSERVED TIME   RECORD YEAR NORMAL DEPARTURE LAST
                VALUE   (LST)  VALUE       VALUE  FROM      YEAR
                                                  NORMAL
..................................................................
TEMPERATURE (F)
 YESTERDAY
  MAXIMUM         82    519 PM  99    1936  80      2       88
  MINIMUM         44    508 AM  30    1924  44      0       47
  AVERAGE         63                        62      1       68

PRECIPITATION (IN)
  YESTERDAY        0.00          0.78 1992   0.01  -0.01     0.00
  MONTH TO DATE    T                         0.54  -0.54     1.40
  SINCE OCT 1     29.77                     18.36  11.41    25.23
  SINCE JAN 1     21.28                     12.18   9.10    14.66

DEGREE DAYS
 HEATING
  YESTERDAY        2                         4     -2        0
  MONTH TO DATE    3                       115   -112      107
  SINCE JUN 1    239                       482   -243      333
  SINCE JUL 1      3                       115   -112      107

 COOLING
  YESTERDAY        0                         1     -1        3
  MONTH TO DATE   76                         6     70        8
  SINCE JUN 1     82                         7     75       43
  SINCE JAN 1     82                         7     75       43
..................................................................


WIND (MPH)
  HIGHEST WIND SPEED    16   HIGHEST WIND DIRECTION    SW (230)
  HIGHEST GUST SPEED    21   HIGHEST GUST DIRECTION    SW (240)
  AVERAGE WIND SPEED     4.2


SKY COVER
  AVERAGE SKY COVER 0.0


WEATHER CONDITIONS
 THE FOLLOWING WEATHER WAS RECORDED YESTERDAY.
  NO SIGNIFICANT WEATHER WAS OBSERVED.


RELATIVE HUMIDITY (PERCENT)
 HIGHEST    76           400 AM
 LOWEST      9           600 PM
 AVERAGE    43

..........................................................


THE MCCALL ID CLIMATE NORMALS FOR TODAY
                         NORMAL    RECORD    YEAR
 MAXIMUM TEMPERATURE (F)   80        97      1936
 MINIMUM TEMPERATURE (F)   44        30      1954


SUNRISE AND SUNSET
JULY 22 2017..........SUNRISE   620 AM MDT   SUNSET   922 PM MDT
JULY 23 2017..........SUNRISE   621 AM MDT   SUNSET   921 PM MDT


-  INDICATES NEGATIVE NUMBERS.
R  INDICATES RECORD WAS SET OR TIED.
MM INDICATES DATA IS MISSING.
T  INDICATES TRACE AMOUNT.




$$
