946
CDUS45 KBOI 210931
CLIMYL


CLIMATE REPORT
NATIONAL WEATHER SERVICE BOISE ID
231 AM MST TUE NOV 21 2017


...................................

...THE MCCALL ID CLIMATE SUMMARY FOR NOVEMBER 20 2017...

CLIMATE NORMAL PERIOD 1981 TO 2010
CLIMATE RECORD PERIOD 1930 TO 2017


WEATHER ITEM   OBSERVED TIME   RECORD YEAR NORMAL DEPARTURE LAST
                VALUE   (LST)  VALUE       VALUE  FROM      YEAR
                                                  NORMAL
..................................................................
TEMPERATURE (F)
 YESTERDAY
  MAXIMUM         39   1048 PM  56    1936  34      5       43
  MINIMUM         29   1248 AM  -1    1929  19     10       32
  AVERAGE         34                        26      8       38

PRECIPITATION (IN)
  YESTERDAY        0.33          1.15 1946   0.09   0.24     0.08
  MONTH TO DATE    2.73                      1.98   0.75     1.01
  SINCE OCT 1      3.98                      3.38   0.60     4.16
  SINCE JAN 1     26.77                     17.30   9.47    19.87

DEGREE DAYS
 HEATING
  YESTERDAY       31                        39     -8       27
  MONTH TO DATE  702                       685     17      486
  SINCE SEP 1   1786                      1900   -114     1492
  SINCE JUL 1   1816                      2228   -412     1685

 COOLING
  YESTERDAY        0                         0      0        0
  MONTH TO DATE    0                         0      0        0
  SINCE SEP 1     31                         0     31        0
  SINCE JAN 1    229                        25    204      108
..................................................................


WIND (MPH)
  HIGHEST WIND SPEED    23   HIGHEST WIND DIRECTION     S (180)
  HIGHEST GUST SPEED    30   HIGHEST GUST DIRECTION     S (180)
  AVERAGE WIND SPEED     6.0


SKY COVER
  AVERAGE SKY COVER 1.0


WEATHER CONDITIONS
 THE FOLLOWING WEATHER WAS RECORDED YESTERDAY.
  LIGHT RAIN
  LIGHT SNOW
  FOG


RELATIVE HUMIDITY (PERCENT)
 HIGHEST    96           700 AM
 LOWEST     64           200 AM
 AVERAGE    80

..........................................................


THE MCCALL ID CLIMATE NORMALS FOR TODAY
                         NORMAL    RECORD    YEAR
 MAXIMUM TEMPERATURE (F)   34        60      1936
 MINIMUM TEMPERATURE (F)   18        -6      1945


SUNRISE AND SUNSET
NOVEMBER 21 2017......SUNRISE   750 AM MST   SUNSET   510 PM MST
NOVEMBER 22 2017......SUNRISE   751 AM MST   SUNSET   509 PM MST


-  INDICATES NEGATIVE NUMBERS.
R  INDICATES RECORD WAS SET OR TIED.
MM INDICATES DATA IS MISSING.
T  INDICATES TRACE AMOUNT.




$$
