426
CDUS45 KBOI 300930
CLIMYL


CLIMATE REPORT
NATIONAL WEATHER SERVICE BOISE ID
330 AM MDT TUE AUG 30 2016


...................................

...THE MCCALL ID CLIMATE SUMMARY FOR AUGUST 29 2016...

CLIMATE NORMAL PERIOD 1981 TO 2010
CLIMATE RECORD PERIOD 1930 TO 2016


WEATHER ITEM   OBSERVED TIME   RECORD YEAR NORMAL DEPARTURE LAST
                VALUE   (LST)  VALUE       VALUE  FROM      YEAR
                                                  NORMAL
..................................................................
TEMPERATURE (F)
 YESTERDAY
  MAXIMUM         85    143 PM  90    1972  74     11       77
  MINIMUM         46    618 AM  28    1975  39      7       54
  AVERAGE         66                        56     10       66

PRECIPITATION (IN)
  YESTERDAY        0.00          0.63 1934   0.03  -0.03     0.03
  MONTH TO DATE    T                         0.63  -0.63     0.31
  SINCE OCT 1     25.23                     19.17   6.06    20.90
  SINCE JAN 1     14.66                     12.99   1.67    12.14

DEGREE DAYS
 HEATING
  YESTERDAY        0                         9     -9        0
  MONTH TO DATE   79                       161    -82       57
  SINCE JUN 1    419                       678   -259      237
  SINCE JUL 1    193                       311   -118      128

 COOLING
  YESTERDAY        1                         0      1        1
  MONTH TO DATE   34                         7     27       56
  SINCE JUN 1    106                        23     83      169
  SINCE JAN 1    106                        23     83      169
..................................................................


WIND (MPH)
  HIGHEST WIND SPEED    20   HIGHEST WIND DIRECTION     S (190)
  HIGHEST GUST SPEED    23   HIGHEST GUST DIRECTION     S (190)
  AVERAGE WIND SPEED     4.9


SKY COVER
  AVERAGE SKY COVER 0.0


WEATHER CONDITIONS
 THE FOLLOWING WEATHER WAS RECORDED YESTERDAY.
  NO SIGNIFICANT WEATHER WAS OBSERVED.


RELATIVE HUMIDITY (PERCENT)
 HIGHEST    71           600 AM
 LOWEST     16           200 PM
 AVERAGE    44

..........................................................


THE MCCALL ID CLIMATE NORMALS FOR TODAY
                         NORMAL    RECORD    YEAR
 MAXIMUM TEMPERATURE (F)   74        90      1955
 MINIMUM TEMPERATURE (F)   39        25      1956


SUNRISE AND SUNSET
AUGUST 30 2016........SUNRISE   705 AM MDT   SUNSET   824 PM MDT
AUGUST 31 2016........SUNRISE   706 AM MDT   SUNSET   822 PM MDT


-  INDICATES NEGATIVE NUMBERS.
R  INDICATES RECORD WAS SET OR TIED.
MM INDICATES DATA IS MISSING.
T  INDICATES TRACE AMOUNT.




$$
