000
CDUS45 KBOI 250947
CLIMYL


CLIMATE REPORT
NATIONAL WEATHER SERVICE BOISE ID
347 AM MDT THU MAY 25 2017


...................................

...THE MCCALL ID CLIMATE SUMMARY FOR MAY 24 2017...

CLIMATE NORMAL PERIOD 1981 TO 2010
CLIMATE RECORD PERIOD 1930 TO 2017


WEATHER ITEM   OBSERVED TIME   RECORD YEAR NORMAL DEPARTURE LAST
                VALUE   (LST)  VALUE       VALUE  FROM      YEAR
                                                  NORMAL
..................................................................
TEMPERATURE (F)
 YESTERDAY
  MAXIMUM         60    416 PM  84    2001  61     -1       59
  MINIMUM         42   1154 PM  24    2002  35      7       33
                                      1989
  AVERAGE         51                        48      3       46

PRECIPITATION (IN)
  YESTERDAY        0.00          0.84 1962   0.08  -0.08     0.00
  MONTH TO DATE    1.65                      1.69  -0.04     1.29
  SINCE OCT 1     27.92                     15.46  12.46    23.00
  SINCE JAN 1     19.43                      9.28  10.15    12.43

DEGREE DAYS
 HEATING
  YESTERDAY       14                        17     -3       19
  MONTH TO DATE  430                       479    -49      370
  SINCE MAR 1   2198                      2439   -241     1964
  SINCE JUL 1   8401                      9114   -713     7833

 COOLING
  YESTERDAY        0                         0      0        0
  MONTH TO DATE    0                         0      0        0
  SINCE MAR 1      0                         0      0        0
  SINCE JAN 1      0                         0      0        0
..................................................................


WIND (MPH)
  HIGHEST WIND SPEED    21   HIGHEST WIND DIRECTION     W (270)
  HIGHEST GUST SPEED    30   HIGHEST GUST DIRECTION     W (290)
  AVERAGE WIND SPEED     8.1


SKY COVER
  AVERAGE SKY COVER 0.1


WEATHER CONDITIONS
 THE FOLLOWING WEATHER WAS RECORDED YESTERDAY.
  NO SIGNIFICANT WEATHER WAS OBSERVED.


RELATIVE HUMIDITY (PERCENT)
 HIGHEST    83           400 AM
 LOWEST     11          1100 AM
 AVERAGE    47

..........................................................


THE MCCALL ID CLIMATE NORMALS FOR TODAY
                         NORMAL    RECORD    YEAR
 MAXIMUM TEMPERATURE (F)   61        87      1928
 MINIMUM TEMPERATURE (F)   35        18      1975


SUNRISE AND SUNSET
MAY 25 2017...........SUNRISE   606 AM MDT   SUNSET   917 PM MDT
MAY 26 2017...........SUNRISE   605 AM MDT   SUNSET   918 PM MDT


-  INDICATES NEGATIVE NUMBERS.
R  INDICATES RECORD WAS SET OR TIED.
MM INDICATES DATA IS MISSING.
T  INDICATES TRACE AMOUNT.




$$
