000
CDUS45 KBOI 230935
CLIMYL


CLIMATE REPORT
NATIONAL WEATHER SERVICE BOISE ID
335 AM MDT WED JUL 23 2014


...................................

...THE MCCALL ID CLIMATE SUMMARY FOR JULY 22 2014...

CLIMATE NORMAL PERIOD 1981 TO 2010
CLIMATE RECORD PERIOD 1930 TO 2014


WEATHER ITEM   OBSERVED TIME   RECORD YEAR NORMAL DEPARTURE LAST
                VALUE   (LST)  VALUE       VALUE  FROM      YEAR
                                                  NORMAL
..................................................................
TEMPERATURE (F)
 YESTERDAY
  MAXIMUM         81    231 PM  97    1936  80      1       87
  MINIMUM         54    605 AM  30    1954  44     10       43
  AVERAGE         68                        62      6       65

PRECIPITATION (IN)
  YESTERDAY        T             0.29 1987   0.02  -0.02     0.00
  MONTH TO DATE    0.01                      0.56  -0.55      T
  SINCE OCT 1     19.27                     18.38   0.89    24.74
  SINCE JAN 1     15.20                     12.20   3.00    11.25

DEGREE DAYS
 HEATING
  YESTERDAY        0                         4     -4        0
  MONTH TO DATE    2                       119   -117       11
  SINCE JUN 1    316                       486   -170      274
  SINCE JUL 1      2                       119   -117       11

 COOLING
  YESTERDAY        3                         1      2        0
  MONTH TO DATE   99                         7     92       74
  SINCE JUN 1     99                         8     91       96
  SINCE JAN 1     99                         8     91       96
..................................................................


WIND (MPH)
  HIGHEST WIND SPEED    18   HIGHEST WIND DIRECTION    SW (220)
  HIGHEST GUST SPEED    25   HIGHEST GUST DIRECTION     S (170)
  AVERAGE WIND SPEED     5.5


SKY COVER
  AVERAGE SKY COVER 0.4


WEATHER CONDITIONS
 THE FOLLOWING WEATHER WAS RECORDED YESTERDAY.
  NO SIGNIFICANT WEATHER WAS OBSERVED.


RELATIVE HUMIDITY (PERCENT)
 HIGHEST    86           500 AM
 LOWEST     28           200 PM
 AVERAGE    57

..........................................................


THE MCCALL ID CLIMATE NORMALS FOR TODAY
                         NORMAL    RECORD    YEAR
 MAXIMUM TEMPERATURE (F)   80        98      2006
 MINIMUM TEMPERATURE (F)   44        34      1987


SUNRISE AND SUNSET
JULY 23 2014..........SUNRISE   620 AM MDT   SUNSET   921 PM MDT
JULY 24 2014..........SUNRISE   621 AM MDT   SUNSET   920 PM MDT


-  INDICATES NEGATIVE NUMBERS.
R  INDICATES RECORD WAS SET OR TIED.
MM INDICATES DATA IS MISSING.
T  INDICATES TRACE AMOUNT.




$$
