000
CDUS45 KBOI 280931
CLIMYL


CLIMATE REPORT
NATIONAL WEATHER SERVICE BOISE ID
331 AM MDT THU MAY 28 2015


...................................

...THE MCCALL ID CLIMATE SUMMARY FOR MAY 27 2015...

CLIMATE NORMAL PERIOD 1981 TO 2010
CLIMATE RECORD PERIOD 1930 TO 2015


WEATHER ITEM   OBSERVED TIME   RECORD YEAR NORMAL DEPARTURE LAST
                VALUE   (LST)  VALUE       VALUE  FROM      YEAR
                                                  NORMAL
..................................................................
TEMPERATURE (F)
 YESTERDAY
  MAXIMUM         61    357 PM  85    1966  62     -1       72
  MINIMUM         42    608 AM  25    1932  35      7       41
  AVERAGE         52                        48      4       57

PRECIPITATION (IN)
  YESTERDAY        0.01          0.96 1941   0.07  -0.06     0.00
  MONTH TO DATE    2.16                      1.91   0.25     1.09
  SINCE OCT 1     17.95                     15.68   2.27    18.45
  SINCE JAN 1      9.19                      9.50  -0.31    14.38

DEGREE DAYS
 HEATING
  YESTERDAY       13                        17     -4        8
  MONTH TO DATE  403                       530   -127      418
  SINCE MAR 1   1957                      2490   -533     2218
  SINCE JUL 1   7328                      9165  -1837     8212

 COOLING
  YESTERDAY        0                         0      0        0
  MONTH TO DATE    0                         0      0        0
  SINCE MAR 1      0                         0      0        0
  SINCE JAN 1      0                         0      0        0
..................................................................


WIND (MPH)
  HIGHEST WIND SPEED    16   HIGHEST WIND DIRECTION     W (290)
  HIGHEST GUST SPEED    20   HIGHEST GUST DIRECTION     W (290)
  AVERAGE WIND SPEED     5.3


SKY COVER
  AVERAGE SKY COVER 0.5


WEATHER CONDITIONS
 THE FOLLOWING WEATHER WAS RECORDED YESTERDAY.
  THUNDERSTORM
  LIGHT RAIN


RELATIVE HUMIDITY (PERCENT)
 HIGHEST    89           500 AM
 LOWEST     43           600 PM
 AVERAGE    66

..........................................................


THE MCCALL ID CLIMATE NORMALS FOR TODAY
                         NORMAL    RECORD    YEAR
 MAXIMUM TEMPERATURE (F)   62        83      2003
 MINIMUM TEMPERATURE (F)   35        24      1998


SUNRISE AND SUNSET
MAY 28 2015...........SUNRISE   604 AM MDT   SUNSET   920 PM MDT
MAY 29 2015...........SUNRISE   603 AM MDT   SUNSET   921 PM MDT


-  INDICATES NEGATIVE NUMBERS.
R  INDICATES RECORD WAS SET OR TIED.
MM INDICATES DATA IS MISSING.
T  INDICATES TRACE AMOUNT.




$$
