000
CDUS44 KLIX 290708
CLINEW


CLIMATE REPORT
NATIONAL WEATHER SERVICE NEW ORLEANS
208 AM CDT FRI AUG 29 2014


...................................

...THE NEW ORLEANS CLIMATE SUMMARY FOR AUGUST 28 2014...

CLIMATE NORMAL PERIOD 1981 TO 2010
CLIMATE RECORD PERIOD 1946 TO 2014


WEATHER ITEM   OBSERVED TIME   RECORD YEAR NORMAL DEPARTURE LAST
                VALUE   (LST)  VALUE       VALUE  FROM      YEAR
                                                  NORMAL
..................................................................
TEMPERATURE (F)
 YESTERDAY
  MAXIMUM         93    322 PM  99    1998  91      2       87
  MINIMUM         79    358 AM  67    1971  75      4       69
  AVERAGE         86                        83      3       78

PRECIPITATION (IN)
  YESTERDAY        0.00          2.72 1996   0.19  -0.19      T
  MONTH TO DATE    3.94                      5.39  -1.45     7.22
  SINCE JUN 1     16.46                     19.38  -2.92    15.58
  SINCE JAN 1     41.40                     43.62  -2.22    50.31

SNOWFALL (IN)
  YESTERDAY        0.0
  MONTH TO DATE    0.0
  SINCE JUN 1      0.0
  SINCE JUL 1      0.0
  SNOW DEPTH       0

DEGREE DAYS
 HEATING
  YESTERDAY        0                         0      0        0
  MONTH TO DATE    0                         0      0        0
  SINCE JUN 1      0                         0      0        0
  SINCE JUL 1      0                         0      0        0

 COOLING
  YESTERDAY       21                        18      3       13
  MONTH TO DATE  556                       504     52      505
  SINCE JUN 1   1610                      1565     45     1592
  SINCE JAN 1   2133                      2184    -51     2085
..................................................................


WIND (MPH)
  HIGHEST WIND SPEED    15   HIGHEST WIND DIRECTION    SE (150)
  HIGHEST GUST SPEED    19   HIGHEST GUST DIRECTION     S (170)
  AVERAGE WIND SPEED     6.6


SKY COVER
  POSSIBLE SUNSHINE  MM
  AVERAGE SKY COVER 0.7


WEATHER CONDITIONS
 THE FOLLOWING WEATHER WAS RECORDED YESTERDAY.
  NO SIGNIFICANT WEATHER WAS OBSERVED.


RELATIVE HUMIDITY (PERCENT)
 HIGHEST    85           100 AM
 LOWEST     44           300 PM
 AVERAGE    65

..........................................................


THE NEW ORLEANS CLIMATE NORMALS FOR TODAY
                         NORMAL    RECORD    YEAR
 MAXIMUM TEMPERATURE (F)   91        97      2011
 MINIMUM TEMPERATURE (F)   75        63      1992


SUNRISE AND SUNSET
AUGUST 29 2014........SUNRISE   636 AM CDT   SUNSET   727 PM CDT
AUGUST 30 2014........SUNRISE   637 AM CDT   SUNSET   726 PM CDT


-  INDICATES NEGATIVE NUMBERS.
R  INDICATES RECORD WAS SET OR TIED.
MM INDICATES DATA IS MISSING.
T  INDICATES TRACE AMOUNT.




$$
