000
CDUS44 KLIX 092234
CLINEW


CLIMATE REPORT
NATIONAL WEATHER SERVICE NEW ORLEANS
433 PM CST FRI DEC 9 2016


...................................

...THE NEW ORLEANS CLIMATE SUMMARY FOR DECEMBER 9 2016...
VALID TODAY AS OF 0400 PM LOCAL TIME.

CLIMATE NORMAL PERIOD 1981 TO 2010
CLIMATE RECORD PERIOD 1946 TO 2016


WEATHER ITEM   OBSERVED TIME   RECORD YEAR NORMAL DEPARTURE LAST
                VALUE   (LST)  VALUE       VALUE  FROM      YEAR
                                                  NORMAL
..................................................................
TEMPERATURE (F)
 TODAY
  MAXIMUM         51    420 PM  82    2007  66    -15       77
                                      1991
                                      1980
  MINIMUM         39    802 AM  29    1973  48     -9       51
  AVERAGE         45                        57    -12       64

PRECIPITATION (IN)
  TODAY            0.00          3.45 1967   0.17  -0.17     0.00
  MONTH TO DATE    3.29                      1.50   1.79     0.12
  SINCE DEC 1      3.29                      1.50   1.79     0.12
  SINCE JAN 1     66.17                     58.71   7.46    65.00

SNOWFALL (IN)
  TODAY            0.0
  MONTH TO DATE    0.0
  SINCE DEC 1      0.0
  SINCE JUL 1      0.0
  SNOW DEPTH       0

DEGREE DAYS
 HEATING
  TODAY           20                         9     11        1
  MONTH TO DATE   71                        77     -6       51
  SINCE DEC 1     71                        77     -6       51
  SINCE JUL 1    142                       241    -99      109

 COOLING
  TODAY            0                         1     -1        0
  MONTH TO DATE    0                         9     -9        7
  SINCE DEC 1      0                         9     -9        7
  SINCE JAN 1   3835                      2987    848     3499
..................................................................


WIND (MPH)
  HIGHEST WIND SPEED    20   HIGHEST WIND DIRECTION     N (10)
  HIGHEST GUST SPEED    26   HIGHEST GUST DIRECTION     N (10)
  AVERAGE WIND SPEED    12.3


SKY COVER
  POSSIBLE SUNSHINE  MM
  AVERAGE SKY COVER 0.4


WEATHER CONDITIONS
 THE FOLLOWING WEATHER WAS RECORDED TODAY.
  NO SIGNIFICANT WEATHER WAS OBSERVED.


RELATIVE HUMIDITY (PERCENT)
 HIGHEST    70           300 AM
 LOWEST     35           400 PM
 AVERAGE    53

..........................................................


THE NEW ORLEANS CLIMATE NORMALS FOR TOMORROW
                         NORMAL    RECORD    YEAR
 MAXIMUM TEMPERATURE (F)   65        81      2007
                                             1972
 MINIMUM TEMPERATURE (F)   48        30      1995
                                             1973
                                             1962


SUNRISE AND SUNSET
DECEMBER  9 2016......SUNRISE   646 AM CST   SUNSET   502 PM CST
DECEMBER 10 2016......SUNRISE   646 AM CST   SUNSET   502 PM CST


-  INDICATES NEGATIVE NUMBERS.
R  INDICATES RECORD WAS SET OR TIED.
MM INDICATES DATA IS MISSING.
T  INDICATES TRACE AMOUNT.




$$
