000
CDUS44 KLIX 252217
CLINEW


CLIMATE REPORT
NATIONAL WEATHER SERVICE NEW ORLEANS
416 PM CST SUN JAN 25 2015


...................................

...THE NEW ORLEANS CLIMATE SUMMARY FOR JANUARY 25 2015...
VALID TODAY AS OF 0400 PM LOCAL TIME.

CLIMATE NORMAL PERIOD 1981 TO 2010
CLIMATE RECORD PERIOD 1946 TO 2015


WEATHER ITEM   OBSERVED TIME   RECORD YEAR NORMAL DEPARTURE LAST
                VALUE   (LST)  VALUE       VALUE  FROM      YEAR
                                                  NORMAL
..................................................................
TEMPERATURE (F)
 TODAY
  MAXIMUM         68    219 PM  81    1970  62      6       56
  MINIMUM         41    556 AM  18    1963  45     -4       32
  AVERAGE         55                        54      1       44

PRECIPITATION (IN)
  TODAY            0.00          2.32 1974   0.17  -0.17     0.00
  MONTH TO DATE    5.67                      4.13   1.54     2.09
  SINCE DEC 1      9.63                      9.37   0.26     5.29
  SINCE JAN 1      5.67                      4.13   1.54     2.09

SNOWFALL (IN)
  TODAY            0.0
  MONTH TO DATE    0.0
  SINCE DEC 1      0.0
  SINCE JUL 1      0.0
  SNOW DEPTH       0

DEGREE DAYS
 HEATING
  TODAY           10                        12     -2       21
  MONTH TO DATE  354                       300     54      424
  SINCE DEC 1    567                       617    -50      763
  SINCE JUL 1    797                       781     16      963

 COOLING
  TODAY            0                         0      0        0
  MONTH TO DATE    8                        12     -4        0
  SINCE DEC 1     39                        39      0       42
  SINCE JAN 1      8                        12     -4        0
..................................................................


WIND (MPH)
  HIGHEST WIND SPEED    24   HIGHEST WIND DIRECTION     W (250)
  HIGHEST GUST SPEED    29   HIGHEST GUST DIRECTION     W (250)
  AVERAGE WIND SPEED    10.6


SKY COVER
  POSSIBLE SUNSHINE  MM
  AVERAGE SKY COVER 0.2


WEATHER CONDITIONS
 THE FOLLOWING WEATHER WAS RECORDED TODAY.
  NO SIGNIFICANT WEATHER WAS OBSERVED.


RELATIVE HUMIDITY (PERCENT)
 HIGHEST    93           600 AM
 LOWEST     37           200 PM
 AVERAGE    65

..........................................................


THE NEW ORLEANS CLIMATE NORMALS FOR TOMORROW
                         NORMAL    RECORD    YEAR
 MAXIMUM TEMPERATURE (F)   62        81      1962
 MINIMUM TEMPERATURE (F)   45        29      1988


SUNRISE AND SUNSET
JANUARY 25 2015.......SUNRISE   655 AM CST   SUNSET   532 PM CST
JANUARY 26 2015.......SUNRISE   654 AM CST   SUNSET   533 PM CST


-  INDICATES NEGATIVE NUMBERS.
R  INDICATES RECORD WAS SET OR TIED.
MM INDICATES DATA IS MISSING.
T  INDICATES TRACE AMOUNT.




$$
