000
CDUS44 KLIX 092217
CLINEW


CLIMATE REPORT
NATIONAL WEATHER SERVICE NEW ORLEANS
416 PM CST TUE FEB 9 2016


...................................

...THE NEW ORLEANS CLIMATE SUMMARY FOR FEBRUARY 9 2016...
VALID TODAY AS OF 0400 PM LOCAL TIME.

CLIMATE NORMAL PERIOD 1981 TO 2010
CLIMATE RECORD PERIOD 1946 TO 2016


WEATHER ITEM   OBSERVED TIME   RECORD YEAR NORMAL DEPARTURE LAST
                VALUE   (LST)  VALUE       VALUE  FROM      YEAR
                                                  NORMAL
..................................................................
TEMPERATURE (F)
 TODAY
  MAXIMUM         59    308 PM  82    1957  64     -5       76
  MINIMUM         40    622 AM  26    1971  47     -7       56
  AVERAGE         50                        56     -6       66

PRECIPITATION (IN)
  TODAY            0.00          2.19 1983   0.21  -0.21     0.05
  MONTH TO DATE    1.05                      1.77  -0.72     1.11
  SINCE DEC 1     11.92                     12.16  -0.24    10.74
  SINCE JAN 1      5.46                      6.92  -1.46     6.78

SNOWFALL (IN)
  TODAY            0.0
  MONTH TO DATE    0.0
  SINCE DEC 1      0.0
  SINCE JUL 1      0.0
  SNOW DEPTH       0

DEGREE DAYS
 HEATING
  TODAY           15                        10      5        0
  MONTH TO DATE   94                        96     -2       93
  SINCE DEC 1    550                       788   -238      709
  SINCE JUL 1    608                       952   -344      939

 COOLING
  TODAY            0                         1     -1        1
  MONTH TO DATE   16                         9      7        3
  SINCE DEC 1    131                        52     79       42
  SINCE JAN 1     20                        25     -5       11
..................................................................


WIND (MPH)
  HIGHEST WIND SPEED    28   HIGHEST WIND DIRECTION    NW (300)
  HIGHEST GUST SPEED    35   HIGHEST GUST DIRECTION    NW (310)
  AVERAGE WIND SPEED    15.3


SKY COVER
  POSSIBLE SUNSHINE
  AVERAGE SKY COVER 0.2


WEATHER CONDITIONS
 THE FOLLOWING WEATHER WAS RECORDED TODAY.
  NO SIGNIFICANT WEATHER WAS OBSERVED.


RELATIVE HUMIDITY (PERCENT)
 HIGHEST    41           600 AM
 LOWEST     17           200 PM
 AVERAGE    29

..........................................................


THE NEW ORLEANS CLIMATE NORMALS FOR TOMORROW
                         NORMAL    RECORD    YEAR
 MAXIMUM TEMPERATURE (F)   64        83      1994
                                             1957
 MINIMUM TEMPERATURE (F)   47        24      1979
                                             1971


SUNRISE AND SUNSET
FEBRUARY  9 2016......SUNRISE   646 AM CST   SUNSET   545 PM CST
FEBRUARY 10 2016......SUNRISE   645 AM CST   SUNSET   545 PM CST


-  INDICATES NEGATIVE NUMBERS.
R  INDICATES RECORD WAS SET OR TIED.
MM INDICATES DATA IS MISSING.
T  INDICATES TRACE AMOUNT.




$$
