000
CDUS44 KLIX 260706
CLINEW


CLIMATE REPORT
NATIONAL WEATHER SERVICE NEW ORLEANS
205 AM CDT SUN MAR 26 2017


...................................

...THE NEW ORLEANS CLIMATE SUMMARY FOR MARCH 25 2017...

CLIMATE NORMAL PERIOD 1981 TO 2010
CLIMATE RECORD PERIOD 1946 TO 2017


WEATHER ITEM   OBSERVED TIME   RECORD YEAR NORMAL DEPARTURE LAST
                VALUE   (LST)  VALUE       VALUE  FROM      YEAR
                                                  NORMAL
..................................................................
TEMPERATURE (F)
 YESTERDAY
  MAXIMUM         82   1226 PM  84    2005  74      8       72
  MINIMUM         62    129 PM  30    1968  55      7       56
  AVERAGE         72                        64      8       64

PRECIPITATION (IN)
  YESTERDAY        0.62          0.68 1976   0.15   0.47     0.00
  MONTH TO DATE    1.95                      3.63  -1.68     4.33
  SINCE MAR 1      1.95                      3.63  -1.68     4.33
  SINCE JAN 1      9.59                     14.08  -4.49    12.46

SNOWFALL (IN)
  YESTERDAY        0.0
  MONTH TO DATE    0.0
  SINCE MAR 1      0.0
  SINCE JUL 1      0.0
  SNOW DEPTH       0

DEGREE DAYS
 HEATING
  YESTERDAY        0                         3     -3        1
  MONTH TO DATE   59                       119    -60       38
  SINCE MAR 1     59                       119    -60       38
  SINCE JUL 1    620                      1228   -608      752

 COOLING
  YESTERDAY        7                         2      5        0
  MONTH TO DATE   92                        45     47      108
  SINCE MAR 1     92                        45     47      108
  SINCE JAN 1    212                        82    130      144
..................................................................


WIND (MPH)
  HIGHEST WIND SPEED    31   HIGHEST WIND DIRECTION    NW (300)
  HIGHEST GUST SPEED    44   HIGHEST GUST DIRECTION    NW (310)
  AVERAGE WIND SPEED    12.2


SKY COVER
  POSSIBLE SUNSHINE  MM
  AVERAGE SKY COVER 0.6


WEATHER CONDITIONS
 THE FOLLOWING WEATHER WAS RECORDED YESTERDAY.
  THUNDERSTORM
  HEAVY RAIN
  RAIN
  LIGHT RAIN
  HAIL
  FOG


RELATIVE HUMIDITY (PERCENT)
 HIGHEST    93           800 PM
 LOWEST     62          1200 PM
 AVERAGE    78

..........................................................


THE NEW ORLEANS CLIMATE NORMALS FOR TODAY
                         NORMAL    RECORD    YEAR
 MAXIMUM TEMPERATURE (F)   74        84      2011
 MINIMUM TEMPERATURE (F)   55        33      1968


SUNRISE AND SUNSET
MARCH 26 2017.........SUNRISE   657 AM CDT   SUNSET   716 PM CDT
MARCH 27 2017.........SUNRISE   656 AM CDT   SUNSET   717 PM CDT


-  INDICATES NEGATIVE NUMBERS.
R  INDICATES RECORD WAS SET OR TIED.
MM INDICATES DATA IS MISSING.
T  INDICATES TRACE AMOUNT.




$$
