960
CDUS44 KLIX 230900
CLINEW


CLIMATE REPORT
NATIONAL WEATHER SERVICE NEW ORLEANS
NATIONAL WEATHER SERVICE NEW ORL
252 AM CST FRI FEB 23 2018


...................................

...THE NEW ORLEANS CLIMATE SUMMARY FOR FEBRUARY 22 2018...

CLIMATE NORMAL PERIOD 1981 TO 2010
CLIMATE RECORD PERIOD 1946 TO 2018


WEATHER ITEM   OBSERVED TIME   RECORD YEAR NORMAL DEPARTURE LAST
                VALUE   (LST)  VALUE       VALUE  FROM      YEAR
                                                  NORMAL
..................................................................
TEMPERATURE (F)
 YESTERDAY
  MAXIMUM         84R   149 PM  82    2006  67     17       75
  MINIMUM         71    708 AM  26    1978  49     22       55
  AVERAGE         78                        58     20       65

PRECIPITATION (IN)
  YESTERDAY        0.00          2.27 1980   0.18  -0.18     0.00
  MONTH TO DATE    1.48                      4.28  -2.80     2.69
  SINCE DEC 1     11.19                     14.67  -3.48    15.45
  SINCE JAN 1      6.03                      9.43  -3.40     7.59

SNOWFALL (IN)
  YESTERDAY        0.0
  MONTH TO DATE    0.0
  SINCE DEC 1      T
  SINCE JUL 1      T
  SNOW DEPTH       0

DEGREE DAYS
 HEATING
  YESTERDAY        0                         8     -8        0
  MONTH TO DATE   51                       211   -160       66
  SINCE DEC 1    867                       903    -36      481
  SINCE JUL 1    999                      1067    -68      552

 COOLING
  YESTERDAY       13                         1     12        0
  MONTH TO DATE   99                        22     77       45
  SINCE DEC 1    133                        65     68      152
  SINCE JAN 1    103                        38     65       97
..................................................................


WIND (MPH)
  HIGHEST WIND SPEED    22   HIGHEST WIND DIRECTION    SE (150)
  HIGHEST GUST SPEED    28   HIGHEST GUST DIRECTION     S (160)
  AVERAGE WIND SPEED    11.6


SKY COVER
  POSSIBLE SUNSHINE  MM
  AVERAGE SKY COVER 0.4


WEATHER CONDITIONS
 THE FOLLOWING WEATHER WAS RECORDED YESTERDAY.
  FOG


RELATIVE HUMIDITY (PERCENT)
 HIGHEST   100          1200 AM
 LOWEST     58           200 PM
 AVERAGE    79

..........................................................


THE NEW ORLEANS CLIMATE NORMALS FOR TODAY
                         NORMAL    RECORD    YEAR
 MAXIMUM TEMPERATURE (F)   67        81      1982
                                             1962
 MINIMUM TEMPERATURE (F)   50        26      1964


SUNRISE AND SUNSET
FEBRUARY 23 2018......SUNRISE   633 AM CST   SUNSET   556 PM CST
FEBRUARY 24 2018......SUNRISE   632 AM CST   SUNSET   557 PM CST


-  INDICATES NEGATIVE NUMBERS.
R  INDICATES RECORD WAS SET OR TIED.
MM INDICATES DATA IS MISSING.
T  INDICATES TRACE AMOUNT.




$$
