000
CDUS44 KLIX 132220
CLINEW


CLIMATE REPORT
NATIONAL WEATHER SERVICE NEW ORLEANS
NATIONAL WEATHER SERVICE NEW ORL
419 PM CST WED DEC 13 2017


...................................

...THE NEW ORLEANS CLIMATE SUMMARY FOR DECEMBER 13 2017...
VALID TODAY AS OF 0400 PM LOCAL TIME.

CLIMATE NORMAL PERIOD 1981 TO 2010
CLIMATE RECORD PERIOD 1946 TO 2017


WEATHER ITEM   OBSERVED TIME   RECORD YEAR NORMAL DEPARTURE LAST
                VALUE   (LST)  VALUE       VALUE  FROM      YEAR
                                                  NORMAL
..................................................................
TEMPERATURE (F)
 TODAY
  MAXIMUM         62    257 PM  81    2016  65     -3       81
  MINIMUM         34    459 AM  17    1962  47    -13       65
  AVERAGE         48                        56     -8       73

PRECIPITATION (IN)
  TODAY            0.00          1.56 1956   0.17  -0.17     0.32
  MONTH TO DATE    1.78                      2.17  -0.39     3.61
  SINCE DEC 1      1.78                      2.17  -0.39     3.61
  SINCE JAN 1     69.04                     59.38   9.66    66.49

SNOWFALL (IN)
  TODAY            0.0
  MONTH TO DATE    T
  SINCE DEC 1      T
  SINCE JUL 1      T
  SNOW DEPTH       0

DEGREE DAYS
 HEATING
  TODAY           17                        10      7        0
  MONTH TO DATE  150                       116     34      102
  SINCE DEC 1    150                       116     34      102
  SINCE JUL 1    282                       280      2      173

 COOLING
  TODAY            0                         1     -1        8
  MONTH TO DATE    8                        13     -5       13
  SINCE DEC 1      8                        13     -5       13
  SINCE JAN 1   3212                      2991    221     3848
..................................................................


WIND (MPH)
  HIGHEST WIND SPEED    14   HIGHEST WIND DIRECTION    SW (210)
  HIGHEST GUST SPEED    19   HIGHEST GUST DIRECTION     W (260)
  AVERAGE WIND SPEED     5.2


SKY COVER
  POSSIBLE SUNSHINE  MM
  AVERAGE SKY COVER 0.4


WEATHER CONDITIONS
 THE FOLLOWING WEATHER WAS RECORDED TODAY.
  NO SIGNIFICANT WEATHER WAS OBSERVED.


RELATIVE HUMIDITY (PERCENT)
 HIGHEST   100           500 AM
 LOWEST     32           200 PM
 AVERAGE    66

..........................................................


THE NEW ORLEANS CLIMATE NORMALS FOR TOMORROW
                         NORMAL    RECORD    YEAR
 MAXIMUM TEMPERATURE (F)   65        80      1971
 MINIMUM TEMPERATURE (F)   47        22      1962


SUNRISE AND SUNSET
DECEMBER 13 2017......SUNRISE   648 AM CST   SUNSET   503 PM CST
DECEMBER 14 2017......SUNRISE   649 AM CST   SUNSET   503 PM CST


-  INDICATES NEGATIVE NUMBERS.
R  INDICATES RECORD WAS SET OR TIED.
MM INDICATES DATA IS MISSING.
T  INDICATES TRACE AMOUNT.




$$
