000
CDUS46 KMTR 200825
CLINUQ


CLIMATE REPORT
NATIONAL WEATHER SERVICE SAN FRANCISCO BAY AREA
125 AM PDT MON OCT 20 2014


...................................

...THE MOFFETT FIELD CLIMATE SUMMARY FOR OCTOBER 19 2014...

CLIMATE NORMAL PERIOD 1981 TO 2010
CLIMATE RECORD PERIOD 1945 TO 2014


WEATHER ITEM   OBSERVED TIME   RECORD YEAR NORMAL DEPARTURE LAST
                VALUE   (LST)  VALUE       VALUE  FROM      YEAR
                                                  NORMAL
..................................................................
TEMPERATURE (F)
 YESTERDAY
  MAXIMUM         74    200 PM  86    1991  73      1       77
  MINIMUM         56    514 AM  37    1949  53      3       50
  AVERAGE         65                        63      2       64

PRECIPITATION (IN)
  YESTERDAY        0.00          0.79 2004   0.03  -0.03     0.00
  MONTH TO DATE    T                         0.29  -0.29     0.00
  SINCE JUL 1      0.41                      0.50  -0.09     0.50
  SINCE JAN 1      5.60                     10.13  -4.53     2.32

DEGREE DAYS
 HEATING
  YESTERDAY        0                                         1
  MONTH TO DATE    3                                        39
  SINCE SEP 1      5                                        44
  SINCE JUL 1      5                                        48

 COOLING
  YESTERDAY        0                                         0
  MONTH TO DATE   72                                        14
  SINCE SEP 1    196                                       119
  SINCE JAN 1    638                                       478
..................................................................


WIND (MPH)
  RESULTANT WIND SPEED   5   RESULTANT WIND DIRECTION   N (340)
  HIGHEST WIND SPEED    21   HIGHEST WIND DIRECTION     N (340)
  HIGHEST GUST SPEED    23   HIGHEST GUST DIRECTION     N (340)
  AVERAGE WIND SPEED     5.1


SKY COVER
  POSSIBLE SUNSHINE  MM
  AVERAGE SKY COVER 0.2


WEATHER CONDITIONS
 THE FOLLOWING WEATHER WAS RECORDED YESTERDAY.
  NO SIGNIFICANT WEATHER WAS OBSERVED.


RELATIVE HUMIDITY (PERCENT)
 HIGHEST   100           100 AM
 LOWEST     57          1200 PM
 AVERAGE    79

..........................................................


THE MOFFETT FIELD CLIMATE NORMALS FOR TODAY
                         NORMAL    RECORD    YEAR
 MAXIMUM TEMPERATURE (F)   73        92      1991
 MINIMUM TEMPERATURE (F)   53        33      1949


SUNRISE AND SUNSET
OCTOBER 20 2014.......SUNRISE   721 AM PDT   SUNSET   624 PM PDT
OCTOBER 21 2014.......SUNRISE   722 AM PDT   SUNSET   623 PM PDT


-  INDICATES NEGATIVE NUMBERS.
R  INDICATES RECORD WAS SET OR TIED.
MM INDICATES DATA IS MISSING.
T  INDICATES TRACE AMOUNT.




$$
