000
CDUS46 KMTR 020826
CLINUQ


CLIMATE REPORT
NATIONAL WEATHER SERVICE SAN FRANCISCO BAY AREA
126 AM PDT THU OCT 2 2014


...................................

...THE MOFFETT FIELD CLIMATE SUMMARY FOR OCTOBER 1 2014...

CLIMATE NORMAL PERIOD 1981 TO 2010
CLIMATE RECORD PERIOD 1945 TO 2014


WEATHER ITEM   OBSERVED TIME   RECORD YEAR NORMAL DEPARTURE LAST
                VALUE   (LST)  VALUE       VALUE  FROM      YEAR
                                                  NORMAL
..................................................................
TEMPERATURE (F)
 YESTERDAY
  MAXIMUM         86    258 PM  93    1980  76     10       72
  MINIMUM         56    540 AM  40    1971  56      0       53
  AVERAGE         71                        66      5       63

PRECIPITATION (IN)
  YESTERDAY        0.00          0.39 1976   0.01  -0.01     0.00
  MONTH TO DATE    0.00                      0.01  -0.01     0.00
  SINCE JUL 1      0.41                      0.22   0.19     0.50
  SINCE JAN 1      5.60                      9.85  -4.25     2.32

DEGREE DAYS
 HEATING
  YESTERDAY        0                                         2
  MONTH TO DATE    0                                         2
  SINCE SEP 1      2                                         7
  SINCE JUL 1      2                                        11

 COOLING
  YESTERDAY        6                                         0
  MONTH TO DATE    6                                         0
  SINCE SEP 1    130                                       105
  SINCE JAN 1    572                                       464
..................................................................


WIND (MPH)
  RESULTANT WIND SPEED   3   RESULTANT WIND DIRECTION  NW (330)
  HIGHEST WIND SPEED    14   HIGHEST WIND DIRECTION     N (350)
  HIGHEST GUST SPEED    17   HIGHEST GUST DIRECTION     N (350)
  AVERAGE WIND SPEED     3.5


SKY COVER
  POSSIBLE SUNSHINE  MM
  AVERAGE SKY COVER 0.0


WEATHER CONDITIONS
 THE FOLLOWING WEATHER WAS RECORDED YESTERDAY.
  NO SIGNIFICANT WEATHER WAS OBSERVED.


RELATIVE HUMIDITY (PERCENT)
 HIGHEST   100           300 AM
 LOWEST     18           200 PM
 AVERAGE    59

..........................................................


THE MOFFETT FIELD CLIMATE NORMALS FOR TODAY
                         NORMAL    RECORD    YEAR
 MAXIMUM TEMPERATURE (F)   76        95      2012
 MINIMUM TEMPERATURE (F)   56        41      1950


SUNRISE AND SUNSET
OCTOBER  2 2014.......SUNRISE   705 AM PDT   SUNSET   650 PM PDT
OCTOBER  3 2014.......SUNRISE   705 AM PDT   SUNSET   648 PM PDT


-  INDICATES NEGATIVE NUMBERS.
R  INDICATES RECORD WAS SET OR TIED.
MM INDICATES DATA IS MISSING.
T  INDICATES TRACE AMOUNT.




$$
