000
CDUS46 KMTR 220040
CLINUQ


CLIMATE REPORT
NATIONAL WEATHER SERVICE SAN FRANCISCO BAY AREA
440 PM PST TUE FEB 21 2017


...................................

...THE MOFFETT FIELD CLIMATE SUMMARY FOR FEBRUARY 21 2017...
VALID TODAY AS OF 0400 PM LOCAL TIME.

CLIMATE NORMAL PERIOD 1981 TO 2010
CLIMATE RECORD PERIOD 1945 TO 2017


WEATHER ITEM   OBSERVED TIME   RECORD YEAR NORMAL DEPARTURE LAST
                VALUE   (LST)  VALUE       VALUE  FROM      YEAR
                                                  NORMAL
..................................................................
TEMPERATURE (F)
 TODAY
  MAXIMUM         60    337 PM  78    1985  63     -3       64
  MINIMUM         51    703 AM  32    1955  46      5       44
  AVERAGE         56                        54      2       54

PRECIPITATION (IN)
  TODAY            0.23          0.34 1979   0.12   0.11     0.00
  MONTH TO DATE    5.01                      2.28   2.73     0.38
  SINCE OCT 1     14.98                      9.87   5.11     8.36
  SINCE JAN 1     10.41                      5.03   5.38     3.96

DEGREE DAYS
 HEATING
  TODAY            9                                        11
  MONTH TO DATE  178                                       171
  SINCE DEC 1   1115                                       999
  SINCE JUL 1   1402                                      1342

 COOLING
  TODAY            0                                         0
  MONTH TO DATE    0                                         2
  SINCE DEC 1      0                                         2
  SINCE JAN 1      0                                         2
..................................................................


WIND (MPH)
  RESULTANT WIND SPEED   5   RESULTANT WIND DIRECTION  SW (210)
  HIGHEST WIND SPEED    13   HIGHEST WIND DIRECTION    SW (230)
  HIGHEST GUST SPEED    21   HIGHEST GUST DIRECTION     S (190)
  AVERAGE WIND SPEED     5.8


SKY COVER
  POSSIBLE SUNSHINE  MM
  AVERAGE SKY COVER 1.0


WEATHER CONDITIONS
 THE FOLLOWING WEATHER WAS RECORDED TODAY.
  RAIN
  LIGHT RAIN
  FOG


RELATIVE HUMIDITY (PERCENT)
 HIGHEST    93           600 AM
 LOWEST     55           300 PM
 AVERAGE    74

..........................................................


THE MOFFETT FIELD CLIMATE NORMALS FOR TOMORROW
                         NORMAL    RECORD    YEAR
 MAXIMUM TEMPERATURE (F)   63        77      2012
                                             1985
 MINIMUM TEMPERATURE (F)   46        33      1951


SUNRISE AND SUNSET
FEBRUARY 21 2017......SUNRISE   650 AM PST   SUNSET   554 PM PST
FEBRUARY 22 2017......SUNRISE   648 AM PST   SUNSET   555 PM PST


-  INDICATES NEGATIVE NUMBERS.
R  INDICATES RECORD WAS SET OR TIED.
MM INDICATES DATA IS MISSING.
T  INDICATES TRACE AMOUNT.




$$
