318
CDUS46 KMTR 220826
CLINUQ


CLIMATE REPORT
NATIONAL WEATHER SERVICE SAN FRANCISCO BAY AREA
1226 AM PST THU FEB 22 2018


...................................

...THE MOFFETT FIELD CLIMATE SUMMARY FOR FEBRUARY 21 2018...

CLIMATE NORMAL PERIOD 1981 TO 2010
CLIMATE RECORD PERIOD 1945 TO 2018


WEATHER ITEM   OBSERVED TIME   RECORD YEAR NORMAL DEPARTURE LAST
                VALUE   (LST)  VALUE       VALUE  FROM      YEAR
                                                  NORMAL
..................................................................
TEMPERATURE (F)
 YESTERDAY
  MAXIMUM         57    355 PM  78    1985  63     -6       60
  MINIMUM         38    348 AM  32    1955  46     -8       46
  AVERAGE         48                        54     -6       53

PRECIPITATION (IN)
  YESTERDAY        0.00          0.41 2017   0.12  -0.12     0.41
  MONTH TO DATE    T                         2.28  -2.28     5.19
  SINCE OCT 1      4.70                      9.87  -5.17    15.16
  SINCE JAN 1      2.75                      5.03  -2.28    10.59

DEGREE DAYS
 HEATING
  YESTERDAY       17                                        12
  MONTH TO DATE  191                                       181
  SINCE DEC 1   1007                                      1118
  SINCE JUL 1   1289                                      1405

 COOLING
  YESTERDAY        0                                         0
  MONTH TO DATE    0                                         0
  SINCE DEC 1      0                                         0
  SINCE JAN 1      0                                         0
..................................................................


WIND (MPH)
  RESULTANT WIND SPEED   2   RESULTANT WIND DIRECTION   N (20)
  HIGHEST WIND SPEED    13   HIGHEST WIND DIRECTION     N (350)
  HIGHEST GUST SPEED    17   HIGHEST GUST DIRECTION     N (350)
  AVERAGE WIND SPEED     5.8


SKY COVER
  POSSIBLE SUNSHINE  MM
  AVERAGE SKY COVER 0.2


WEATHER CONDITIONS
 THE FOLLOWING WEATHER WAS RECORDED YESTERDAY.
  NO SIGNIFICANT WEATHER WAS OBSERVED.


RELATIVE HUMIDITY (PERCENT)
 HIGHEST    76           800 AM
 LOWEST     30           200 PM
 AVERAGE    53

..........................................................


THE MOFFETT FIELD CLIMATE NORMALS FOR TODAY
                         NORMAL    RECORD    YEAR
 MAXIMUM TEMPERATURE (F)   63        77      2012
                                             1985
 MINIMUM TEMPERATURE (F)   46        33      1951


SUNRISE AND SUNSET
FEBRUARY 22 2018......SUNRISE   649 AM PST   SUNSET   555 PM PST
FEBRUARY 23 2018......SUNRISE   647 AM PST   SUNSET   556 PM PST


-  INDICATES NEGATIVE NUMBERS.
R  INDICATES RECORD WAS SET OR TIED.
MM INDICATES DATA IS MISSING.
T  INDICATES TRACE AMOUNT.




$$
