000
CDUS46 KMTR 080840
CLINUQ


CLIMATE REPORT
NATIONAL WEATHER SERVICE SAN FRANCISCO BAY AREA
1239 AM PST MON FEB 8 2016


...................................

...THE MOFFETT FIELD CLIMATE SUMMARY FOR FEBRUARY 7 2016...

CLIMATE NORMAL PERIOD 1981 TO 2010
CLIMATE RECORD PERIOD 1945 TO 2016


WEATHER ITEM   OBSERVED TIME   RECORD YEAR NORMAL DEPARTURE LAST
                VALUE   (LST)  VALUE       VALUE  FROM      YEAR
                                                  NORMAL
..................................................................
TEMPERATURE (F)
 YESTERDAY
  MAXIMUM         72    455 PM  73    1987  61     11       69
  MINIMUM         45    614 AM  28    1989  45      0       58
  AVERAGE         59                        53      6       64

PRECIPITATION (IN)
  YESTERDAY        0.00          0.94 1983   0.11  -0.11     0.37
  MONTH TO DATE    0.06                      0.72  -0.66     1.67
  SINCE OCT 1      8.04                      8.31  -0.27    11.66
  SINCE JAN 1      3.64                      3.47   0.17     1.67

DEGREE DAYS
 HEATING
  YESTERDAY        6                                         1
  MONTH TO DATE   88                                        46
  SINCE DEC 1    916                                       726
  SINCE JUL 1   1259                                       953

 COOLING
  YESTERDAY        0                                         0
  MONTH TO DATE    0                                         0
  SINCE DEC 1      0                                         0
  SINCE JAN 1      0                                         0
..................................................................


WIND (MPH)
  RESULTANT WIND SPEED   3   RESULTANT WIND DIRECTION   N (340)
  HIGHEST WIND SPEED    18   HIGHEST WIND DIRECTION     N (20)
  HIGHEST GUST SPEED    26   HIGHEST GUST DIRECTION     N (10)
  AVERAGE WIND SPEED     4.4


SKY COVER
  POSSIBLE SUNSHINE  MM
  AVERAGE SKY COVER 0.0


WEATHER CONDITIONS
 THE FOLLOWING WEATHER WAS RECORDED YESTERDAY.
  NO SIGNIFICANT WEATHER WAS OBSERVED.


RELATIVE HUMIDITY (PERCENT)
 HIGHEST    80           300 AM
 LOWEST     31           400 PM
 AVERAGE    56

..........................................................


THE MOFFETT FIELD CLIMATE NORMALS FOR TODAY
                         NORMAL    RECORD    YEAR
 MAXIMUM TEMPERATURE (F)   61        74      2006
 MINIMUM TEMPERATURE (F)   45        31      1948


SUNRISE AND SUNSET
FEBRUARY  8 2016......SUNRISE   705 AM PST   SUNSET   540 PM PST
FEBRUARY  9 2016......SUNRISE   704 AM PST   SUNSET   541 PM PST


-  INDICATES NEGATIVE NUMBERS.
R  INDICATES RECORD WAS SET OR TIED.
MM INDICATES DATA IS MISSING.
T  INDICATES TRACE AMOUNT.




$$
