000
CDUS46 KMTR 300826
CLINUQ


CLIMATE REPORT
NATIONAL WEATHER SERVICE SAN FRANCISCO BAY AREA
126 AM PDT FRI SEP 30 2016


...................................

...THE MOFFETT FIELD CLIMATE SUMMARY FOR SEPTEMBER 29 2016...

CLIMATE NORMAL PERIOD 1981 TO 2010
CLIMATE RECORD PERIOD 1945 TO 2016


WEATHER ITEM   OBSERVED TIME   RECORD YEAR NORMAL DEPARTURE LAST
                VALUE   (LST)  VALUE       VALUE  FROM      YEAR
                                                  NORMAL
..................................................................
TEMPERATURE (F)
 YESTERDAY
  MAXIMUM         67    220 PM  94    1966  76     -9       71
  MINIMUM         56   1159 PM  43    1955  57     -1       60
  AVERAGE         62                        66     -4       66

PRECIPITATION (IN)
  YESTERDAY        0.00          0.12 1976   0.01  -0.01     0.00
  MONTH TO DATE    0.00                      0.17  -0.17     0.00
  SINCE OCT 1     13.15                     14.67  -1.52    14.24
  SINCE JAN 1      8.75                      9.83  -1.08     4.25

DEGREE DAYS
 HEATING
  YESTERDAY        3                                         0
  MONTH TO DATE    8                                         1
  SINCE SEP 1      8                                         1
  SINCE JUL 1     15                                         1

 COOLING
  YESTERDAY        0                                         1
  MONTH TO DATE  104                                       158
  SINCE SEP 1    104                                       158
  SINCE JAN 1    440                                       584
..................................................................


WIND (MPH)
  RESULTANT WIND SPEED   6   RESULTANT WIND DIRECTION   N (350)
  HIGHEST WIND SPEED    16   HIGHEST WIND DIRECTION     N (350)
  HIGHEST GUST SPEED    20   HIGHEST GUST DIRECTION     N (340)
  AVERAGE WIND SPEED     6.0


SKY COVER
  POSSIBLE SUNSHINE  MM
  AVERAGE SKY COVER 0.4


WEATHER CONDITIONS
 THE FOLLOWING WEATHER WAS RECORDED YESTERDAY.
  NO SIGNIFICANT WEATHER WAS OBSERVED.


RELATIVE HUMIDITY (PERCENT)
 HIGHEST    84          1200 AM
 LOWEST     63          1100 AM
 AVERAGE    74

..........................................................


THE MOFFETT FIELD CLIMATE NORMALS FOR TODAY
                         NORMAL    RECORD    YEAR
 MAXIMUM TEMPERATURE (F)   76        95      2001
 MINIMUM TEMPERATURE (F)   56        42      1950


SUNRISE AND SUNSET
SEPTEMBER 30 2016.....SUNRISE   703 AM PDT   SUNSET   652 PM PDT
OCTOBER  1 2016.......SUNRISE   704 AM PDT   SUNSET   650 PM PDT


-  INDICATES NEGATIVE NUMBERS.
R  INDICATES RECORD WAS SET OR TIED.
MM INDICATES DATA IS MISSING.
T  INDICATES TRACE AMOUNT.




$$
