000
CDUS41 KOKX 220619
CLINYC


CLIMATE REPORT
NATIONAL WEATHER SERVICE NEW YORK NY
218 AM EDT SUN OCT 22 2017


...................................

...THE CENTRAL PARK NY CLIMATE SUMMARY FOR OCTOBER 21 2017...

CLIMATE NORMAL PERIOD 1981 TO 2010
CLIMATE RECORD PERIOD 1869 TO 2017


WEATHER ITEM   OBSERVED TIME   RECORD YEAR NORMAL DEPARTURE LAST
                VALUE   (LST)  VALUE       VALUE  FROM      YEAR
                                                  NORMAL
..................................................................
TEMPERATURE (F)
 YESTERDAY
  MAXIMUM         78    206 PM  84    1920  62     16       69
  MINIMUM         56    642 AM  32    1974  48      8       57
  AVERAGE         67                        55     12       63

PRECIPITATION (IN)
  YESTERDAY        0.00          2.17 1995   0.14  -0.14     1.11
  MONTH TO DATE    0.70                      3.01  -2.31     1.89
  SINCE SEP 1      2.70                      7.29  -4.59     4.68
  SINCE JAN 1     37.77                     40.53  -2.76    31.61

SNOWFALL (IN)
  YESTERDAY        0.0           0.0  2002   0.0    0.0      0.0
                                      2001
  MONTH TO DATE    0.0                       0.0    0.0      0.0
  SINCE OCT 1      0.0                       0.0    0.0      0.0
  SINCE JUL 1      0.0                       0.0    0.0      0.0
  SNOW DEPTH       0

DEGREE DAYS
 HEATING
  YESTERDAY        0                        10    -10        2
  MONTH TO DATE   46                       153   -107       81
  SINCE SEP 1     63                       196   -133       98
  SINCE JUL 1     63                       198   -135       98

 COOLING
  YESTERDAY        2                         0      2        0
  MONTH TO DATE   70                        13     57       29
  SINCE SEP 1    260                       146    114      257
  SINCE JAN 1   1254                      1100    154     1489
..................................................................


WIND (MPH)
  HIGHEST WIND SPEED     8   HIGHEST WIND DIRECTION     W (260)
  HIGHEST GUST SPEED    14   HIGHEST GUST DIRECTION     W (250)
  AVERAGE WIND SPEED     2.2


SKY COVER
  AVERAGE SKY COVER 0.0


WEATHER CONDITIONS
 THE FOLLOWING WEATHER WAS RECORDED YESTERDAY.
  NO SIGNIFICANT WEATHER WAS OBSERVED.


RELATIVE HUMIDITY (PERCENT)
 HIGHEST    52          1100 PM
 LOWEST     22           100 PM
 AVERAGE    37

..........................................................


THE CENTRAL PARK NY CLIMATE NORMALS FOR TODAY
                         NORMAL    RECORD    YEAR
 MAXIMUM TEMPERATURE (F)   62        88      1979
 MINIMUM TEMPERATURE (F)   48        30      1940


SUNRISE AND SUNSET
OCTOBER 22 2017.......SUNRISE   715 AM EDT   SUNSET   605 PM EDT
OCTOBER 23 2017.......SUNRISE   716 AM EDT   SUNSET   604 PM EDT


-  INDICATES NEGATIVE NUMBERS.
R  INDICATES RECORD WAS SET OR TIED.
MM INDICATES DATA IS MISSING.
T  INDICATES TRACE AMOUNT.




$$
