000
CDUS41 KOKX 280618
CLINYC


CLIMATE REPORT
NATIONAL WEATHER SERVICE NEW YORK NY
218 AM EDT WED SEP 28 2016


...................................

...THE CENTRAL PARK NY CLIMATE SUMMARY FOR SEPTEMBER 27 2016...

CLIMATE NORMAL PERIOD 1981 TO 2010
CLIMATE RECORD PERIOD 1869 TO 2016


WEATHER ITEM   OBSERVED TIME   RECORD YEAR NORMAL DEPARTURE LAST
                VALUE   (LST)  VALUE       VALUE  FROM      YEAR
                                                  NORMAL
..................................................................
TEMPERATURE (F)
 YESTERDAY
  MAXIMUM         74    216 PM  90    1933  71      3       71
  MINIMUM         64   1135 PM  41    1957  57      7       56
                                      1947
  AVERAGE         69                        64      5       64

PRECIPITATION (IN)
  YESTERDAY        0.22          3.13 1985   0.15   0.07     0.00
  MONTH TO DATE    2.39                      3.80  -1.41     1.91
  SINCE SEP 1      2.39                      3.80  -1.41     1.91
  SINCE JAN 1     29.32                     37.04  -7.72    28.96

SNOWFALL (IN)
  YESTERDAY        0.0           0.0  2002   0.0    0.0      0.0
                                      2001
  MONTH TO DATE    0.0                       0.0    0.0      0.0
  SINCE OCT 1     32.8                      25.8    7.0     50.3
  SINCE JUL 1      0.0                       0.0    0.0      0.0
  SNOW DEPTH       0

DEGREE DAYS
 HEATING
  YESTERDAY        0                         3     -3        1
  MONTH TO DATE    4                        30    -26        1
  SINCE SEP 1      4                        30    -26        1
  SINCE JUL 1      4                        32    -28        1

 COOLING
  YESTERDAY        4                         2      2        0
  MONTH TO DATE  228                       127    101      269
  SINCE SEP 1    228                       127    101      269
  SINCE JAN 1   1460                      1081    379     1534
..................................................................


WIND (MPH)
  HIGHEST WIND SPEED    10   HIGHEST WIND DIRECTION     W (260)
  HIGHEST GUST SPEED    18   HIGHEST GUST DIRECTION     W (250)
  AVERAGE WIND SPEED     3.1


SKY COVER
  AVERAGE SKY COVER 0.4


WEATHER CONDITIONS
 THE FOLLOWING WEATHER WAS RECORDED YESTERDAY.
  HEAVY RAIN
  LIGHT RAIN
  FOG


RELATIVE HUMIDITY (PERCENT)
 HIGHEST    87           800 AM
 LOWEST     46           400 PM
 AVERAGE    67

..........................................................


THE CENTRAL PARK NY CLIMATE NORMALS FOR TODAY
                         NORMAL    RECORD    YEAR
 MAXIMUM TEMPERATURE (F)   70        88      1881
 MINIMUM TEMPERATURE (F)   56        41      1947


SUNRISE AND SUNSET
SEPTEMBER 28 2016.....SUNRISE   650 AM EDT   SUNSET   642 PM EDT
SEPTEMBER 29 2016.....SUNRISE   651 AM EDT   SUNSET   640 PM EDT


-  INDICATES NEGATIVE NUMBERS.
R  INDICATES RECORD WAS SET OR TIED.
MM INDICATES DATA IS MISSING.
T  INDICATES TRACE AMOUNT.




$$
