000
CDUS41 KOKX 222039
CLINYC


CLIMATE REPORT
NATIONAL WEATHER SERVICE NEW YORK NY
439 PM EDT MON MAY 22 2017


...................................

...THE CENTRAL PARK NY CLIMATE SUMMARY FOR MAY 22 2017...
VALID TODAY AS OF 0400 PM LOCAL TIME.

CLIMATE NORMAL PERIOD 1981 TO 2010
CLIMATE RECORD PERIOD 1869 TO 2017


WEATHER ITEM   OBSERVED TIME   RECORD YEAR NORMAL DEPARTURE LAST
                VALUE   (LST)  VALUE       VALUE  FROM      YEAR
                                                  NORMAL
..................................................................
TEMPERATURE (F)
 TODAY
  MAXIMUM         60    225 PM  96    1941  72    -12       70
  MINIMUM         53    631 AM  44    1990  56     -3       52
  AVERAGE         57                        64     -7       61

PRECIPITATION (IN)
  TODAY            0.51          1.25 1881   0.15   0.36     0.09
  MONTH TO DATE    5.36                      2.85   2.51     1.90
  SINCE MAR 1     14.45                     11.71   2.74     4.68
  SINCE JAN 1     21.76                     18.45   3.31    13.49

SNOWFALL (IN)
  TODAY            0.0           0.0  2002   0.0    0.0      0.0
                                      2001
  MONTH TO DATE    0.0                       0.0    0.0      0.0
  SINCE OCT 1     30.2                      25.8    4.4     32.8
  SINCE JUL 1     30.2                      25.8    4.4     32.8
  SNOW DEPTH       0

DEGREE DAYS
 HEATING
  TODAY            8                         3      5        4
  MONTH TO DATE  141                       115     26      161
  SINCE MAR 1   1195                      1186      9     1014
  SINCE JUL 1   4178                      4708   -530     3761

 COOLING
  TODAY            0                         2     -2        0
  MONTH TO DATE   53                        30     23        3
  SINCE MAR 1     87                        42     45       22
  SINCE JAN 1     87                        42     45       22
..................................................................


WIND (MPH)
  HIGHEST WIND SPEED    10   HIGHEST WIND DIRECTION    SE (140)
  HIGHEST GUST SPEED    16   HIGHEST GUST DIRECTION    SE (140)
  AVERAGE WIND SPEED     3.6


SKY COVER
  AVERAGE SKY COVER 1.0


WEATHER CONDITIONS
 THE FOLLOWING WEATHER WAS RECORDED TODAY.
  RAIN
  LIGHT RAIN
  FOG


RELATIVE HUMIDITY (PERCENT)
 HIGHEST   100          1100 AM
 LOWEST     62          1200 AM
 AVERAGE    81

..........................................................


THE CENTRAL PARK NY CLIMATE NORMALS FOR TOMORROW
                         NORMAL    RECORD    YEAR
 MAXIMUM TEMPERATURE (F)   73        94      1964
 MINIMUM TEMPERATURE (F)   56        43      1963


SUNRISE AND SUNSET
MAY 22 2017...........SUNRISE   533 AM EDT   SUNSET   813 PM EDT
MAY 23 2017...........SUNRISE   532 AM EDT   SUNSET   814 PM EDT


-  INDICATES NEGATIVE NUMBERS.
R  INDICATES RECORD WAS SET OR TIED.
MM INDICATES DATA IS MISSING.
T  INDICATES TRACE AMOUNT.




$$
