000
CDUS41 KOKX 250617
CLINYC


CLIMATE REPORT
NATIONAL WEATHER SERVICE NEW YORK NY
217 AM EDT SAT MAR 25 2017


...................................

...THE CENTRAL PARK NY CLIMATE SUMMARY FOR MARCH 24 2017...

CLIMATE NORMAL PERIOD 1981 TO 2010
CLIMATE RECORD PERIOD 1869 TO 2017


WEATHER ITEM   OBSERVED TIME   RECORD YEAR NORMAL DEPARTURE LAST
                VALUE   (LST)  VALUE       VALUE  FROM      YEAR
                                                  NORMAL
..................................................................
TEMPERATURE (F)
 YESTERDAY
  MAXIMUM         57    537 PM  76    1988  52      5       55
  MINIMUM         36    337 AM  12    1888  37     -1       44
  AVERAGE         47                        45      2       50

PRECIPITATION (IN)
  YESTERDAY        T             2.05 1989   0.15  -0.15     0.00
  MONTH TO DATE    2.60                      3.29  -0.69     0.75
  SINCE MAR 1      2.60                      3.29  -0.69     0.75
  SINCE JAN 1      9.91                     10.03  -0.12     9.56

SNOWFALL (IN)
  YESTERDAY        0.0           1.2  1956   0.0    0.0      0.0
  MONTH TO DATE    9.7                       3.4    6.3      0.9
  SINCE OCT 1     30.2                      24.7    5.5     32.8
  SINCE JUL 1     30.2                      24.7    5.5     32.8
  SNOW DEPTH       0

DEGREE DAYS
 HEATING
  YESTERDAY       18                        20     -2       15
  MONTH TO DATE  655                       568     87      404
  SINCE MAR 1    655                       568     87      404
  SINCE JUL 1   3638                      4090   -452     3151

 COOLING
  YESTERDAY        0                         0      0        0
  MONTH TO DATE    0                         0      0        6
  SINCE MAR 1      0                         0      0        6
  SINCE JAN 1      0                         0      0        6
..................................................................


WIND (MPH)
  HIGHEST WIND SPEED    15   HIGHEST WIND DIRECTION     W (250)
  HIGHEST GUST SPEED    23   HIGHEST GUST DIRECTION    SW (240)
  AVERAGE WIND SPEED     6.2


SKY COVER
  AVERAGE SKY COVER 0.5


WEATHER CONDITIONS
 THE FOLLOWING WEATHER WAS RECORDED YESTERDAY.
  LIGHT RAIN


RELATIVE HUMIDITY (PERCENT)
 HIGHEST    52           700 AM
 LOWEST     33           200 AM
 AVERAGE    43

..........................................................


THE CENTRAL PARK NY CLIMATE NORMALS FOR TODAY
                         NORMAL    RECORD    YEAR
 MAXIMUM TEMPERATURE (F)   53        79      1963
 MINIMUM TEMPERATURE (F)   38        13      1878


SUNRISE AND SUNSET
MARCH 25 2017.........SUNRISE   651 AM EDT   SUNSET   714 PM EDT
MARCH 26 2017.........SUNRISE   649 AM EDT   SUNSET   715 PM EDT


-  INDICATES NEGATIVE NUMBERS.
R  INDICATES RECORD WAS SET OR TIED.
MM INDICATES DATA IS MISSING.
T  INDICATES TRACE AMOUNT.




$$
