000
CDUS41 KOKX 220623
CLINYC


CLIMATE REPORT
NATIONAL WEATHER SERVICE NEW YORK NY
122 AM EST MON DEC 22 2014


...................................

...THE CENTRAL PARK NY CLIMATE SUMMARY FOR DECEMBER 21 2014...

CLIMATE NORMAL PERIOD 1981 TO 2010
CLIMATE RECORD PERIOD 1869 TO 2014


WEATHER ITEM   OBSERVED TIME   RECORD YEAR NORMAL DEPARTURE LAST
                VALUE   (LST)  VALUE       VALUE  FROM      YEAR
                                                  NORMAL
..................................................................
TEMPERATURE (F)
 YESTERDAY
  MAXIMUM         36    431 PM  65    2013  41     -5       65
  MINIMUM         31    812 AM  -1    1942  30      1       51
                                      1871
  AVERAGE         34                        36     -2       58

PRECIPITATION (IN)
  YESTERDAY        T             2.49 1973   0.13  -0.13     0.01
  MONTH TO DATE    4.85                      2.79   2.06     3.14
  SINCE DEC 1      4.85                      2.79   2.06     3.14
  SINCE JAN 1     52.60                     48.73   3.87    44.61

SNOWFALL (IN)
  YESTERDAY        T             4.0  1884   0.1   -0.1      0.0
  MONTH TO DATE    1.0                       2.7   -1.7      8.6
  SINCE OCT 1      1.2                       3.0   -1.8      8.6
  SINCE JUL 1      1.2                       3.0   -1.8      8.6
  SNOW DEPTH       0

DEGREE DAYS
 HEATING
  YESTERDAY       31                        29      2        7
  MONTH TO DATE  534                       546    -12      563
  SINCE DEC 1    534                       546    -12      563
  SINCE JUL 1   1319                      1379    -60     1371

 COOLING
  YESTERDAY        0                         0      0        0
  MONTH TO DATE    0                         0      0        0
  SINCE DEC 1      0                         0      0        0
  SINCE JAN 1   1128                      1105     23     1271
..................................................................


WIND (MPH)
  HIGHEST WIND SPEED     9   HIGHEST WIND DIRECTION     N (10)
  HIGHEST GUST SPEED    13   HIGHEST GUST DIRECTION     N (10)
  AVERAGE WIND SPEED     4.8


SKY COVER
  AVERAGE SKY COVER 1.0


WEATHER CONDITIONS
 THE FOLLOWING WEATHER WAS RECORDED YESTERDAY.
  LIGHT SNOW
  HAZE


RELATIVE HUMIDITY (PERCENT)
 HIGHEST    82           900 PM
 LOWEST     63          1200 AM
 AVERAGE    73

..........................................................


THE CENTRAL PARK NY CLIMATE NORMALS FOR TODAY
                         NORMAL    RECORD    YEAR
 MAXIMUM TEMPERATURE (F)   41        71      2013
 MINIMUM TEMPERATURE (F)   30         2      1872


SUNRISE AND SUNSET
DECEMBER 22 2014......SUNRISE   717 AM EST   SUNSET   432 PM EST
DECEMBER 23 2014......SUNRISE   718 AM EST   SUNSET   432 PM EST


-  INDICATES NEGATIVE NUMBERS.
R  INDICATES RECORD WAS SET OR TIED.
MM INDICATES DATA IS MISSING.
T  INDICATES TRACE AMOUNT.




$$
