000
CDUS41 KOKX 190617
CLINYC


CLIMATE REPORT
NATIONAL WEATHER SERVICE NEW YORK NY
216 AM EDT SAT AUG 19 2017


...................................

...THE CENTRAL PARK NY CLIMATE SUMMARY FOR AUGUST 18 2017...

CLIMATE NORMAL PERIOD 1981 TO 2010
CLIMATE RECORD PERIOD 1869 TO 2017


WEATHER ITEM   OBSERVED TIME   RECORD YEAR NORMAL DEPARTURE LAST
                VALUE   (LST)  VALUE       VALUE  FROM      YEAR
                                                  NORMAL
..................................................................
TEMPERATURE (F)
 YESTERDAY
  MAXIMUM         82    309 PM  94    2002  83     -1       85
                                      1987
                                      1913
  MINIMUM         73    952 PM  55    1915  68      5       72
  AVERAGE         78                        75      3       79

PRECIPITATION (IN)
  YESTERDAY        0.88          3.95 1879   0.14   0.74     0.03
  MONTH TO DATE    2.74                      2.70   0.04     0.82
  SINCE JUN 1     11.69                     11.71  -0.02    10.44
  SINCE JAN 1     34.47                     31.50   2.97    25.78

SNOWFALL (IN)
  YESTERDAY        0.0           0.0  2002   0.0    0.0      0.0
                                      2001
  MONTH TO DATE    0.0                       0.0    0.0      0.0
  SINCE OCT 1     30.2                      25.8    4.4     32.8
  SINCE JUL 1      0.0                       0.0    0.0      0.0
  SNOW DEPTH       0

DEGREE DAYS
 HEATING
  YESTERDAY        0                         0      0        0
  MONTH TO DATE    0                         0      0        0
  SINCE JUN 1     24                        19      5        7
  SINCE JUL 1      0                         0      0        0

 COOLING
  YESTERDAY       13                        10      3       14
  MONTH TO DATE  183                       196    -13      268
  SINCE JUN 1    797                       763     34      932
  SINCE JAN 1    886                       832     54     1051
..................................................................


WIND (MPH)
  HIGHEST WIND SPEED    10   HIGHEST WIND DIRECTION     W (250)
  HIGHEST GUST SPEED    19   HIGHEST GUST DIRECTION    SW (240)
  AVERAGE WIND SPEED     3.3


SKY COVER
  AVERAGE SKY COVER 0.8


WEATHER CONDITIONS
 THE FOLLOWING WEATHER WAS RECORDED YESTERDAY.
  HEAVY RAIN
  RAIN
  LIGHT RAIN
  FOG
  FOG W/VISIBILITY <= 1/4 MILE


RELATIVE HUMIDITY (PERCENT)
 HIGHEST    97          1200 PM
 LOWEST     79           500 AM
 AVERAGE    88

..........................................................


THE CENTRAL PARK NY CLIMATE NORMALS FOR TODAY
                         NORMAL    RECORD    YEAR
 MAXIMUM TEMPERATURE (F)   83        94      2002
                                             1966
                                             1914
 MINIMUM TEMPERATURE (F)   68        55      1924


SUNRISE AND SUNSET
AUGUST 19 2017........SUNRISE   610 AM EDT   SUNSET   748 PM EDT
AUGUST 20 2017........SUNRISE   611 AM EDT   SUNSET   746 PM EDT


-  INDICATES NEGATIVE NUMBERS.
R  INDICATES RECORD WAS SET OR TIED.
MM INDICATES DATA IS MISSING.
T  INDICATES TRACE AMOUNT.




$$
