000
CDUS41 KOKX 230619
CLINYC


CLIMATE REPORT
NATIONAL WEATHER SERVICE NEW YORK NY
118 AM EST MON JAN 23 2017


...................................

...THE CENTRAL PARK NY CLIMATE SUMMARY FOR JANUARY 22 2017...

CLIMATE NORMAL PERIOD 1981 TO 2010
CLIMATE RECORD PERIOD 1869 TO 2017


WEATHER ITEM   OBSERVED TIME   RECORD YEAR NORMAL DEPARTURE LAST
                VALUE   (LST)  VALUE       VALUE  FROM      YEAR
                                                  NORMAL
..................................................................
TEMPERATURE (F)
 YESTERDAY
  MAXIMUM         48    836 PM  61    1959  38     10       30
                                      1916
  MINIMUM         43    848 AM   0    1888  27     16       21
  AVERAGE         46                        32     14       26

PRECIPITATION (IN)
  YESTERDAY        0.05          1.70 1949   0.12  -0.07     0.01
  MONTH TO DATE    2.41                      2.65  -0.24     2.10
  SINCE DEC 1      5.30                      6.65  -1.35     6.82
  SINCE JAN 1      2.41                      2.65  -0.24     2.10

SNOWFALL (IN)
  YESTERDAY        0.0           8.5  2005   0.2   -0.2      0.2
  MONTH TO DATE    6.9                       4.8    2.1      0.6
  SINCE OCT 1     10.1                       9.9    0.2      0.6
  SINCE JUL 1     10.1                       9.9    0.2      0.6
  SNOW DEPTH       0

DEGREE DAYS
 HEATING
  YESTERDAY       19                        33    -14       39
  MONTH TO DATE  595                       717   -122      680
  SINCE DEC 1   1414                      1569   -155     1114
  SINCE JUL 1   2101                      2402   -301     1702

 COOLING
  YESTERDAY        0                         0      0        0
  MONTH TO DATE    0                         0      0        0
  SINCE DEC 1      0                         0      0        3
  SINCE JAN 1      0                         0      0        0
..................................................................


WIND (MPH)
  HIGHEST WIND SPEED    21   HIGHEST WIND DIRECTION    NE (60)
  HIGHEST GUST SPEED    33   HIGHEST GUST DIRECTION    NE (50)
  AVERAGE WIND SPEED     6.6


SKY COVER
  AVERAGE SKY COVER 1.0


WEATHER CONDITIONS
 THE FOLLOWING WEATHER WAS RECORDED YESTERDAY.
  LIGHT RAIN
  FOG
  FOG W/VISIBILITY <= 1/4 MILE
  HAZE


RELATIVE HUMIDITY (PERCENT)
 HIGHEST   100          1200 AM
 LOWEST     82           900 PM
 AVERAGE    91

..........................................................


THE CENTRAL PARK NY CLIMATE NORMALS FOR TODAY
                         NORMAL    RECORD    YEAR
 MAXIMUM TEMPERATURE (F)   38        62      1906
                                             1887
                                             1874
 MINIMUM TEMPERATURE (F)   27        -3      1936


SUNRISE AND SUNSET
JANUARY 23 2017.......SUNRISE   713 AM EST   SUNSET   503 PM EST
JANUARY 24 2017.......SUNRISE   713 AM EST   SUNSET   504 PM EST


-  INDICATES NEGATIVE NUMBERS.
R  INDICATES RECORD WAS SET OR TIED.
MM INDICATES DATA IS MISSING.
T  INDICATES TRACE AMOUNT.




$$
