000
CDUS41 KOKX 112138
CLINYC


CLIMATE REPORT
NATIONAL WEATHER SERVICE NEW YORK NY
437 PM EST MON DEC 11 2017


...................................

...THE CENTRAL PARK NY CLIMATE SUMMARY FOR DECEMBER 11 2017...
VALID TODAY AS OF 0400 PM LOCAL TIME.

CLIMATE NORMAL PERIOD 1981 TO 2010
CLIMATE RECORD PERIOD 1869 TO 2017


WEATHER ITEM   OBSERVED TIME   RECORD YEAR NORMAL DEPARTURE LAST
                VALUE   (LST)  VALUE       VALUE  FROM      YEAR
                                                  NORMAL
..................................................................
TEMPERATURE (F)
 TODAY
  MAXIMUM         41    236 PM  64    1879  44     -3       35
  MINIMUM         33    834 AM   6    1880  33      0       28
  AVERAGE         37                        39     -2       32

PRECIPITATION (IN)
  TODAY            0.00          2.41 1992   0.14  -0.14     0.03
  MONTH TO DATE    1.21                      1.53  -0.32     0.73
  SINCE DEC 1      1.21                      1.53  -0.32     0.73
  SINCE JAN 1     44.04                     47.47  -3.43    40.01

SNOWFALL (IN)
  TODAY            0.0           3.6  1960   0.1   -0.1      0.4
  MONTH TO DATE    4.6                       1.1    3.5      0.4
  SINCE OCT 1      4.6                       1.4    3.2      0.4
  SINCE JUL 1      4.6                       1.4    3.2      0.4
  SNOW DEPTH       2

DEGREE DAYS
 HEATING
  TODAY           28                        26      2       33
  MONTH TO DATE  245                       268    -23      267
  SINCE DEC 1    245                       268    -23      267
  SINCE JUL 1    907                      1101   -194      954

 COOLING
  TODAY            0                         0      0        0
  MONTH TO DATE    0                         0      0        0
  SINCE DEC 1      0                         0      0        0
  SINCE JAN 1   1265                      1105    160     1489
..................................................................


WIND (MPH)
  HIGHEST WIND SPEED    13   HIGHEST WIND DIRECTION    SW (240)
  HIGHEST GUST SPEED    22   HIGHEST GUST DIRECTION     W (260)
  AVERAGE WIND SPEED     6.1


SKY COVER
  AVERAGE SKY COVER 0.5


WEATHER CONDITIONS
 THE FOLLOWING WEATHER WAS RECORDED TODAY.
  NO SIGNIFICANT WEATHER WAS OBSERVED.


RELATIVE HUMIDITY (PERCENT)
 HIGHEST    75           900 AM
 LOWEST     41           200 PM
 AVERAGE    58

..........................................................


THE CENTRAL PARK NY CLIMATE NORMALS FOR TOMORROW
                         NORMAL    RECORD    YEAR
 MAXIMUM TEMPERATURE (F)   44        68      1931
 MINIMUM TEMPERATURE (F)   33         5      1988


SUNRISE AND SUNSET
DECEMBER 11 2017......SUNRISE   710 AM EST   SUNSET   428 PM EST
DECEMBER 12 2017......SUNRISE   711 AM EST   SUNSET   428 PM EST


-  INDICATES NEGATIVE NUMBERS.
R  INDICATES RECORD WAS SET OR TIED.
MM INDICATES DATA IS MISSING.
T  INDICATES TRACE AMOUNT.




$$
