000
CDUS41 KOKX 030617
CLINYC


CLIMATE REPORT
NATIONAL WEATHER SERVICE NEW YORK NY
117 AM EST SAT DEC 3 2016


...................................

...THE CENTRAL PARK NY CLIMATE SUMMARY FOR DECEMBER 2 2016...

CLIMATE NORMAL PERIOD 1981 TO 2010
CLIMATE RECORD PERIOD 1869 TO 2016


WEATHER ITEM   OBSERVED TIME   RECORD YEAR NORMAL DEPARTURE LAST
                VALUE   (LST)  VALUE       VALUE  FROM      YEAR
                                                  NORMAL
..................................................................
TEMPERATURE (F)
 YESTERDAY
  MAXIMUM         51    220 PM  66    1970  48      3       57
  MINIMUM         40    734 AM  12    1875  37      3       46
  AVERAGE         46                        42      4       52

PRECIPITATION (IN)
  YESTERDAY        0.00          2.16 1974   0.14  -0.14     0.14
  MONTH TO DATE    0.07                      0.28  -0.21     0.47
  SINCE DEC 1      0.07                      0.28  -0.21     0.47
  SINCE JAN 1     39.35                     46.22  -6.87    36.72

SNOWFALL (IN)
  YESTERDAY        0.0           3.9  1929   0.1   -0.1      0.0
  MONTH TO DATE    0.0                       0.2   -0.2      0.0
  SINCE OCT 1      T                         0.5   -0.5      0.0
  SINCE JUL 1      T                         0.5   -0.5      0.0
  SNOW DEPTH       0

DEGREE DAYS
 HEATING
  YESTERDAY       19                        23     -4       13
  MONTH TO DATE   36                        46    -10       30
  SINCE DEC 1     36                        46    -10       30
  SINCE JUL 1    723                       879   -156      618

 COOLING
  YESTERDAY        0                         0      0        0
  MONTH TO DATE    0                         0      0        0
  SINCE DEC 1      0                         0      0        0
  SINCE JAN 1   1489                      1105    384     1578
..................................................................


WIND (MPH)
  HIGHEST WIND SPEED    17   HIGHEST WIND DIRECTION     W (290)
  HIGHEST GUST SPEED    28   HIGHEST GUST DIRECTION     W (290)
  AVERAGE WIND SPEED     8.7


SKY COVER
  AVERAGE SKY COVER 0.3


WEATHER CONDITIONS
 THE FOLLOWING WEATHER WAS RECORDED YESTERDAY.
  NO SIGNIFICANT WEATHER WAS OBSERVED.


RELATIVE HUMIDITY (PERCENT)
 HIGHEST    60           700 AM
 LOWEST     39           300 PM
 AVERAGE    50

..........................................................


THE CENTRAL PARK NY CLIMATE NORMALS FOR TODAY
                         NORMAL    RECORD    YEAR
 MAXIMUM TEMPERATURE (F)   47        69      1998
 MINIMUM TEMPERATURE (F)   36         9      1976


SUNRISE AND SUNSET
DECEMBER  3 2016......SUNRISE   703 AM EST   SUNSET   428 PM EST
DECEMBER  4 2016......SUNRISE   704 AM EST   SUNSET   428 PM EST


-  INDICATES NEGATIVE NUMBERS.
R  INDICATES RECORD WAS SET OR TIED.
MM INDICATES DATA IS MISSING.
T  INDICATES TRACE AMOUNT.




$$
