000
CDUS45 KPSR 280826
CLINYL

CLIMATE REPORT
NATIONAL WEATHER SERVICE PHOENIX AZ
125 AM MST FRI NOV 28 2014


...................................

...THE YUMA AZ CLIMATE SUMMARY FOR NOVEMBER 27 2014...

CLIMATE NORMAL PERIOD 1981 TO 2010
CLIMATE RECORD PERIOD 1876 TO 2014


WEATHER ITEM   OBSERVED TIME   RECORD YEAR NORMAL DEPARTURE LAST
                VALUE   (LST)  VALUE       VALUE  FROM      YEAR
                                                  NORMAL
..................................................................
TEMPERATURE (F)
 YESTERDAY
  MAXIMUM         85    414 PM  88    1950  73     12       72
  MINIMUM         55    613 AM  31    1880  50      5       54
  AVERAGE         70                        61      9       63

PRECIPITATION (IN)
  YESTERDAY        0.00          0.14 1919   0.01  -0.01     0.00
  MONTH TO DATE    T                         0.18  -0.18     1.00
  SINCE OCT 1      0.05                      0.39  -0.34     1.00
  SINCE JAN 1      2.33                      3.01  -0.68     3.31

DEGREE DAYS
 HEATING
  YESTERDAY        0                         4     -4        2
  MONTH TO DATE   15                        50    -35       30
  SINCE SEP 1     15                        52    -37       30
  SINCE JUL 1     15                        52    -37       30

 COOLING
  YESTERDAY        5                         1      4        0
  MONTH TO DATE  104                        86     18      105
  SINCE SEP 1   1451                      1195    256     1107
  SINCE JAN 1   5287                      4648    639     4805
..................................................................


WIND (MPH)
  HIGHEST WIND SPEED    13   HIGHEST WIND DIRECTION     N (350)
  HIGHEST GUST SPEED    16   HIGHEST GUST DIRECTION    NE (50)
  AVERAGE WIND SPEED     6.8


SKY COVER
  AVERAGE SKY COVER 0.1


WEATHER CONDITIONS
 THE FOLLOWING WEATHER WAS RECORDED YESTERDAY.
  NO SIGNIFICANT WEATHER WAS OBSERVED.


RELATIVE HUMIDITY (PERCENT)
 HIGHEST    35
 LOWEST      9
 AVERAGE    22

..........................................................


THE YUMA AZ CLIMATE NORMALS FOR TODAY
                         NORMAL    RECORD    YEAR
 MAXIMUM TEMPERATURE (F)   72        87      1954
 MINIMUM TEMPERATURE (F)   50        31      1919


SUNRISE AND SUNSET
NOVEMBER 28 2014......SUNRISE   720 AM MST   SUNSET   533 PM MST
NOVEMBER 29 2014......SUNRISE   721 AM MST   SUNSET   533 PM MST


-  INDICATES NEGATIVE NUMBERS.
R  INDICATES RECORD WAS SET OR TIED.
MM INDICATES DATA IS MISSING.
T  INDICATES TRACE AMOUNT.

$$
