000
CDUS45 KPSR 290815 RRA
CLINYL

CLIMATE REPORT
NATIONAL WEATHER SERVICE PHOENIX AZ
114 AM MST SUN MAR 29 2015


...................................

...THE YUMA AZ CLIMATE SUMMARY FOR MARCH 28 2015...

CLIMATE NORMAL PERIOD 1981 TO 2010
CLIMATE RECORD PERIOD 1876 TO 2015


WEATHER ITEM   OBSERVED TIME   RECORD YEAR NORMAL DEPARTURE LAST
                VALUE   (LST)  VALUE       VALUE  FROM      YEAR
                                                  NORMAL
..................................................................
TEMPERATURE (F)
 YESTERDAY
  MAXIMUM         98R   413 PM  97    1893  82     16       83
  MINIMUM         62    628 AM  39    1913  56      6       52
                                      1907
                                      1898
  AVERAGE         80                        69     11       68

PRECIPITATION (IN)
  YESTERDAY        0.00          0.72 1914   0.01  -0.01     0.00
  MONTH TO DATE    0.32                      0.31   0.01     0.07
  SINCE OCT 1      0.95                      2.01  -1.06     1.18
  SINCE JAN 1      0.51                      1.07  -0.56     0.07

DEGREE DAYS
 HEATING
  YESTERDAY        0                         1     -1        0
  MONTH TO DATE   23                        48    -25        4
  SINCE MAR 1     23                        48    -25        4
  SINCE JUL 1     83                       671   -588      365

 COOLING
  YESTERDAY       15                         5     10        3
  MONTH TO DATE  245                       102    143      164
  SINCE MAR 1    245                       102    143      164
  SINCE JAN 1    356                       138    218      278
..................................................................


WIND (MPH)
  HIGHEST WIND SPEED     9   HIGHEST WIND DIRECTION     S (190)
  HIGHEST GUST SPEED    12   HIGHEST GUST DIRECTION    NW (300)
  AVERAGE WIND SPEED     1.8


SKY COVER
  AVERAGE SKY COVER 0.0


WEATHER CONDITIONS
 THE FOLLOWING WEATHER WAS RECORDED YESTERDAY.
  NO SIGNIFICANT WEATHER WAS OBSERVED.


RELATIVE HUMIDITY (PERCENT)
 HIGHEST    43
 LOWEST      8
 AVERAGE    26

..........................................................


THE YUMA AZ CLIMATE NORMALS FOR TODAY
                         NORMAL    RECORD    YEAR
 MAXIMUM TEMPERATURE (F)   82       100      1879
 MINIMUM TEMPERATURE (F)   56        40      1907
                                             1892


SUNRISE AND SUNSET
MARCH 29 2015.........SUNRISE   631 AM MST   SUNSET   656 PM MST
MARCH 30 2015.........SUNRISE   629 AM MST   SUNSET   657 PM MST


-  INDICATES NEGATIVE NUMBERS.
R  INDICATES RECORD WAS SET OR TIED.
MM INDICATES DATA IS MISSING.
T  INDICATES TRACE AMOUNT.

$$
