000
CDUS45 KPSR 210012
CLINYL

CLIMATE REPORT
NATIONAL WEATHER SERVICE PHOENIX AZ
511 PM MST MON OCT 20 2014


...................................

...THE YUMA AZ CLIMATE SUMMARY FOR OCTOBER 20 2014...
VALID TODAY AS OF 0500 PM LOCAL TIME.

CLIMATE NORMAL PERIOD 1981 TO 2010
CLIMATE RECORD PERIOD 1876 TO 2014


WEATHER ITEM   OBSERVED TIME   RECORD YEAR NORMAL DEPARTURE LAST
                VALUE   (LST)  VALUE       VALUE  FROM      YEAR
                                                  NORMAL
..................................................................
TEMPERATURE (F)
 TODAY
  MAXIMUM         94    408 PM 105    2003  88      6       93
  MINIMUM         73    615 AM  44    1949  63     10       57
  AVERAGE         84                        76      8       75

PRECIPITATION (IN)
  TODAY            0.00          0.14 1886   0.01  -0.01     0.00
  MONTH TO DATE    0.05                      0.15  -0.10      T
  SINCE OCT 1      0.05                      0.15  -0.10      T
  SINCE JAN 1      2.33                      2.77  -0.44     2.31

DEGREE DAYS
 HEATING
  TODAY            0                         0      0        0
  MONTH TO DATE    0                         0      0        0
  SINCE SEP 1      0                         0      0        0
  SINCE JUL 1      0                         0      0        0

 COOLING
  TODAY           19                        11      8       10
  MONTH TO DATE  353                       291     62      223
  SINCE SEP 1   1170                      1012    158      908
  SINCE JAN 1   5006                      4465    541     4606
..................................................................


WIND (MPH)
  RESULTANT WIND SPEED   5   RESULTANT WIND DIRECTION   E (100)
  HIGHEST WIND SPEED    12   HIGHEST WIND DIRECTION     E (90)
  HIGHEST GUST SPEED    16   HIGHEST GUST DIRECTION     E (80)
  AVERAGE WIND SPEED     6.3


SKY COVER
  AVERAGE SKY COVER 0.0


WEATHER CONDITIONS
 THE FOLLOWING WEATHER WAS RECORDED TODAY.
  NO SIGNIFICANT WEATHER WAS OBSERVED.


RELATIVE HUMIDITY (PERCENT)
 HIGHEST    69
 LOWEST     22
 AVERAGE    46

..........................................................


THE YUMA AZ CLIMATE NORMALS FOR TOMORROW
                         NORMAL    RECORD    YEAR
 MAXIMUM TEMPERATURE (F)   88       104      2003
 MINIMUM TEMPERATURE (F)   63        42      1920


SUNRISE AND SUNSET
OCTOBER 20 2014.......SUNRISE   646 AM MST   SUNSET   600 PM MST
OCTOBER 21 2014.......SUNRISE   647 AM MST   SUNSET   559 PM MST


-  INDICATES NEGATIVE NUMBERS.
R  INDICATES RECORD WAS SET OR TIED.
MM INDICATES DATA IS MISSING.
T  INDICATES TRACE AMOUNT.

$$
