000
CDUS45 KPSR 130832
CLINYL

CLIMATE REPORT
NATIONAL WEATHER SERVICE PHOENIX AZ
130 AM MST SUN JUL 13 2014


...................................

...THE YUMA AZ CLIMATE SUMMARY FOR JULY 12 2014...

CLIMATE NORMAL PERIOD 1981 TO 2010
CLIMATE RECORD PERIOD 1876 TO 2014


WEATHER ITEM   OBSERVED TIME   RECORD YEAR NORMAL DEPARTURE LAST
                VALUE   (LST)  VALUE       VALUE  FROM      YEAR
                                                  NORMAL
..................................................................
TEMPERATURE (F)
 YESTERDAY
  MAXIMUM        109    445 PM 119    1939 107      2      105
  MINIMUM         81    557 AM  67    1944  82     -1       82
  AVERAGE         95                        94      1       94

PRECIPITATION (IN)
  YESTERDAY        0.00          0.16 2012   0.01  -0.01     0.00
  MONTH TO DATE    0.22                      0.05   0.17      T
  SINCE OCT 1      1.40                      2.32  -0.92     1.74
  SINCE JAN 1      0.29                      1.38  -1.09     1.11

DEGREE DAYS
 HEATING
  YESTERDAY        0                         0      0        0
  MONTH TO DATE    0                         0      0        0
  SINCE JUN 1      0                         0      0        0
  SINCE JUL 1      0                         0      0        0

 COOLING
  YESTERDAY       30                        29      1       29
  MONTH TO DATE  372                       344     28      373
  SINCE JUN 1   1181                      1065    116     1178
  SINCE JAN 1   2343                      1977    366     2239
..................................................................


WIND (MPH)
  HIGHEST WIND SPEED    14   HIGHEST WIND DIRECTION    NW (300)
  HIGHEST GUST SPEED    17   HIGHEST GUST DIRECTION    SW (240)
  AVERAGE WIND SPEED     4.9


SKY COVER
  AVERAGE SKY COVER 0.0


WEATHER CONDITIONS
 THE FOLLOWING WEATHER WAS RECORDED YESTERDAY.
  NO SIGNIFICANT WEATHER WAS OBSERVED.


RELATIVE HUMIDITY (PERCENT)
 HIGHEST    36
 LOWEST      9
 AVERAGE    23

..........................................................


THE YUMA AZ CLIMATE NORMALS FOR TODAY
                         NORMAL    RECORD    YEAR
 MAXIMUM TEMPERATURE (F)  107       115      1983
                                             1958
                                             1939
 MINIMUM TEMPERATURE (F)   82        67      1944


SUNRISE AND SUNSET
JULY 13 2014..........SUNRISE   540 AM MST   SUNSET   748 PM MST
JULY 14 2014..........SUNRISE   541 AM MST   SUNSET   747 PM MST


-  INDICATES NEGATIVE NUMBERS.
R  INDICATES RECORD WAS SET OR TIED.
MM INDICATES DATA IS MISSING.
T  INDICATES TRACE AMOUNT.

$$
