000
CDUS45 KPSR 280854 RRA
CLINYL

CLIMATE REPORT
NATIONAL WEATHER SERVICE PHOENIX AZ
152 AM MST FRI AUG 28 2015


...................................

...THE YUMA AZ CLIMATE SUMMARY FOR AUGUST 27 2015...

CLIMATE NORMAL PERIOD 1981 TO 2010
CLIMATE RECORD PERIOD 1876 TO 2015


WEATHER ITEM   OBSERVED TIME   RECORD YEAR NORMAL DEPARTURE LAST
                VALUE   (LST)  VALUE       VALUE  FROM      YEAR
                                                  NORMAL
..................................................................
TEMPERATURE (F)
 YESTERDAY
  MAXIMUM        110    345 PM 120    1981 106      4      107
  MINIMUM         88    658 AM  62    1920  82      6       83
  AVERAGE         99                        94      5       95

PRECIPITATION (IN)
  YESTERDAY        0.00          0.31 1929   0.01  -0.01     0.00
  MONTH TO DATE    T                         0.41  -0.41     0.49
  SINCE OCT 1      1.68                      2.97  -1.29     1.95
  SINCE JAN 1      1.24                      2.03  -0.79     0.84

DEGREE DAYS
 HEATING
  YESTERDAY        0                         0      0        0
  MONTH TO DATE    0                         0      0        0
  SINCE JUN 1      0                         0      0        0
  SINCE JUL 1      0                         0      0        0

 COOLING
  YESTERDAY       34                        29      5       30
  MONTH TO DATE  887                       795     92      755
  SINCE JUN 1   2572                      2429    143     2542
  SINCE JAN 1   3651                      3341    310     3704
..................................................................


WIND (MPH)
  HIGHEST WIND SPEED    15   HIGHEST WIND DIRECTION    SW (220)
  HIGHEST GUST SPEED    18   HIGHEST GUST DIRECTION    SW (210)
  AVERAGE WIND SPEED     5.7


SKY COVER
  AVERAGE SKY COVER 0.4


WEATHER CONDITIONS
 THE FOLLOWING WEATHER WAS RECORDED YESTERDAY.
  THUNDERSTORM


RELATIVE HUMIDITY (PERCENT)
 HIGHEST    55
 LOWEST     21
 AVERAGE    38

..........................................................


THE YUMA AZ CLIMATE NORMALS FOR TODAY
                         NORMAL    RECORD    YEAR
 MAXIMUM TEMPERATURE (F)  106       118      1981
 MINIMUM TEMPERATURE (F)   81        60      1920


SUNRISE AND SUNSET
AUGUST 28 2015........SUNRISE   611 AM MST   SUNSET   708 PM MST
AUGUST 29 2015........SUNRISE   611 AM MST   SUNSET   707 PM MST


-  INDICATES NEGATIVE NUMBERS.
R  INDICATES RECORD WAS SET OR TIED.
MM INDICATES DATA IS MISSING.
T  INDICATES TRACE AMOUNT.

$$
