000
CDUS45 KPSR 250820 RRA
CLINYL

CLIMATE REPORT
NATIONAL WEATHER SERVICE PHOENIX AZ
119 AM MST SAT NOV 25 2017


...................................

...THE YUMA AZ CLIMATE SUMMARY FOR NOVEMBER 24 2017...

CLIMATE NORMAL PERIOD 1981 TO 2010
CLIMATE RECORD PERIOD 1876 TO 2017


WEATHER ITEM   OBSERVED TIME   RECORD YEAR NORMAL DEPARTURE LAST
                VALUE   (LST)  VALUE       VALUE  FROM      YEAR
                                                  NORMAL
..................................................................
TEMPERATURE (F)
 YESTERDAY
  MAXIMUM         90R   324 PM  89    1950  74     16       76
  MINIMUM         58    729 AM  34    1902  51      7       56
                                      1898
  AVERAGE         74                        62     12       66

PRECIPITATION (IN)
  YESTERDAY        0.00          0.34 1978   0.01  -0.01     0.00
  MONTH TO DATE    0.07                      0.15  -0.08     0.01
  SINCE OCT 1      0.07                      0.36  -0.29     0.01
  SINCE JAN 1      2.31                      2.98  -0.67     1.88

DEGREE DAYS
 HEATING
  YESTERDAY        0                         4     -4        0
  MONTH TO DATE    0                        38    -38        7
  SINCE SEP 1      0                        40    -40        7
  SINCE JUL 1      0                        40    -40        7

 COOLING
  YESTERDAY        9                         1      8        1
  MONTH TO DATE  168                        83     85      170
  SINCE SEP 1   1267                      1192     75     1325
  SINCE JAN 1   5035                      4645    390     5072
..................................................................


WIND (MPH)
  HIGHEST WIND SPEED    10   HIGHEST WIND DIRECTION    NE (30)
  HIGHEST GUST SPEED    13   HIGHEST GUST DIRECTION    NE (30)
  AVERAGE WIND SPEED     2.7


SKY COVER
  AVERAGE SKY COVER 0.0


WEATHER CONDITIONS
 THE FOLLOWING WEATHER WAS RECORDED YESTERDAY.
  NO SIGNIFICANT WEATHER WAS OBSERVED.


RELATIVE HUMIDITY (PERCENT)
 HIGHEST    51
 LOWEST     16
 AVERAGE    34

..........................................................


THE YUMA AZ CLIMATE NORMALS FOR TODAY
                         NORMAL    RECORD    YEAR
 MAXIMUM TEMPERATURE (F)   73        90      1950
 MINIMUM TEMPERATURE (F)   50        31      1906


SUNRISE AND SUNSET
NOVEMBER 25 2017......SUNRISE   718 AM MST   SUNSET   533 PM MST
NOVEMBER 26 2017......SUNRISE   719 AM MST   SUNSET   533 PM MST


-  INDICATES NEGATIVE NUMBERS.
R  INDICATES RECORD WAS SET OR TIED.
MM INDICATES DATA IS MISSING.
T  INDICATES TRACE AMOUNT.

$$
