000
CDUS45 KPSR 260014 RRA
CLINYL

CLIMATE REPORT
NATIONAL WEATHER SERVICE PHOENIX AZ
514 PM MST THU MAY 25 2017


...................................

...THE YUMA AZ CLIMATE SUMMARY FOR MAY 25 2017...
VALID TODAY AS OF 0500 PM LOCAL TIME.

CLIMATE NORMAL PERIOD 1981 TO 2010
CLIMATE RECORD PERIOD 1876 TO 2017


WEATHER ITEM   OBSERVED TIME   RECORD YEAR NORMAL DEPARTURE LAST
                VALUE   (LST)  VALUE       VALUE  FROM      YEAR
                                                  NORMAL
..................................................................
TEMPERATURE (F)
 TODAY
  MAXIMUM        102    338 PM 112    1951  98      4       85
  MINIMUM         69    551 AM  51    1916  69      0       62
  AVERAGE         86                        84      2       74

PRECIPITATION (IN)
  TODAY            0.00          T    1979   0.00   0.00     0.00
                                      1964
                                      1896
  MONTH TO DATE    0.14                      0.07   0.07     0.18
  SINCE OCT 1      2.65                      2.25   0.40     1.12
  SINCE JAN 1      1.70                      1.31   0.39     0.98

DEGREE DAYS
 HEATING
  TODAY            0                         0      0        0
  MONTH TO DATE    0                         0      0        0
  SINCE MAR 1     13                        63    -50       22
  SINCE JUL 1    526                       686   -160      598

 COOLING
  TODAY           21                        19      2        9
  MONTH TO DATE  350                       389    -39      321
  SINCE MAR 1    913                       759    154      773
  SINCE JAN 1    954                       795    159      909
..................................................................


WIND (MPH)
  HIGHEST WIND SPEED    25   HIGHEST WIND DIRECTION     S (190)
  HIGHEST GUST SPEED    31   HIGHEST GUST DIRECTION    SW (210)
  AVERAGE WIND SPEED     9.5


SKY COVER
  AVERAGE SKY COVER 0.4


WEATHER CONDITIONS
 THE FOLLOWING WEATHER WAS RECORDED TODAY.
  NO SIGNIFICANT WEATHER WAS OBSERVED.


RELATIVE HUMIDITY (PERCENT)
 HIGHEST    24
 LOWEST      6
 AVERAGE    15

..........................................................


THE YUMA AZ CLIMATE NORMALS FOR TOMORROW
                         NORMAL    RECORD    YEAR
 MAXIMUM TEMPERATURE (F)   98       115      1951
 MINIMUM TEMPERATURE (F)   69        50      1916
                                             1911


SUNRISE AND SUNSET
MAY 25 2017...........SUNRISE   534 AM MST   SUNSET   737 PM MST
MAY 26 2017...........SUNRISE   534 AM MST   SUNSET   738 PM MST


-  INDICATES NEGATIVE NUMBERS.
R  INDICATES RECORD WAS SET OR TIED.
MM INDICATES DATA IS MISSING.
T  INDICATES TRACE AMOUNT.

$$
