000
CDUS45 KPSR 260817
CLINYL

CLIMATE REPORT
NATIONAL WEATHER SERVICE PHOENIX AZ
116 AM MST SUN FEB 26 2017


...................................

...THE YUMA AZ CLIMATE SUMMARY FOR FEBRUARY 25 2017...

CLIMATE NORMAL PERIOD 1981 TO 2010
CLIMATE RECORD PERIOD 1876 TO 2017


WEATHER ITEM   OBSERVED TIME   RECORD YEAR NORMAL DEPARTURE LAST
                VALUE   (LST)  VALUE       VALUE  FROM      YEAR
                                                  NORMAL
..................................................................
TEMPERATURE (F)
 YESTERDAY
  MAXIMUM         69    512 PM  95    1986  76     -7       84
  MINIMUM         45    731 AM  32    1960  52     -7       49
  AVERAGE         57                        64     -7       67

PRECIPITATION (IN)
  YESTERDAY        0.00          0.30 2003   0.02  -0.02     0.00
  MONTH TO DATE    0.86                      0.35   0.51     0.00
  SINCE OCT 1      2.12                      1.66   0.46     0.63
  SINCE JAN 1      1.17                      0.72   0.45     0.49

DEGREE DAYS
 HEATING
  YESTERDAY        8                         3      5        0
  MONTH TO DATE   49                       105    -56       54
  SINCE DEC 1    454                       545    -91      506
  SINCE JUL 1    500                       613   -113      576

 COOLING
  YESTERDAY        0                         2     -2        2
  MONTH TO DATE   41                        28     13      107
  SINCE DEC 1     50                        36     14      111
  SINCE JAN 1     41                        34      7      109
..................................................................


WIND (MPH)
  HIGHEST WIND SPEED    10   HIGHEST WIND DIRECTION     S (190)
  HIGHEST GUST SPEED    13   HIGHEST GUST DIRECTION     S (180)
  AVERAGE WIND SPEED     2.9


SKY COVER
  AVERAGE SKY COVER 0.0


WEATHER CONDITIONS
 THE FOLLOWING WEATHER WAS RECORDED YESTERDAY.
  NO SIGNIFICANT WEATHER WAS OBSERVED.


RELATIVE HUMIDITY (PERCENT)
 HIGHEST    62
 LOWEST     14
 AVERAGE    38

..........................................................


THE YUMA AZ CLIMATE NORMALS FOR TODAY
                         NORMAL    RECORD    YEAR
 MAXIMUM TEMPERATURE (F)   76        96      1986
 MINIMUM TEMPERATURE (F)   52        32      1912


SUNRISE AND SUNSET
FEBRUARY 26 2017......SUNRISE   709 AM MST   SUNSET   634 PM MST
FEBRUARY 27 2017......SUNRISE   708 AM MST   SUNSET   634 PM MST


-  INDICATES NEGATIVE NUMBERS.
R  INDICATES RECORD WAS SET OR TIED.
MM INDICATES DATA IS MISSING.
T  INDICATES TRACE AMOUNT.

$$
