000
CDUS45 KPSR 130851
CLINYL

CLIMATE REPORT
NATIONAL WEATHER SERVICE PHOENIX AZ
148 AM MST SAT FEB 13 2016


...................................

...THE YUMA AZ CLIMATE SUMMARY FOR FEBRUARY 12 2016...

CLIMATE NORMAL PERIOD 1981 TO 2010
CLIMATE RECORD PERIOD 1876 TO 2016


WEATHER ITEM   OBSERVED TIME   RECORD YEAR NORMAL DEPARTURE LAST
                VALUE   (LST)  VALUE       VALUE  FROM      YEAR
                                                  NORMAL
..................................................................
TEMPERATURE (F)
 YESTERDAY
  MAXIMUM         87R       MM  87    1957  73     14       84
  MINIMUM         53        MM  29    1880  50      3       59
  AVERAGE         70                        61      9       72

PRECIPITATION (IN)
  YESTERDAY        0.00          0.37 1931   0.01  -0.01     0.00
  MONTH TO DATE    0.00                      0.15  -0.15     0.00
  SINCE OCT 1      0.63                      1.46  -0.83     0.63
  SINCE JAN 1      0.49                      0.52  -0.03     0.19

DEGREE DAYS
 HEATING
  YESTERDAY        0                         4     -4        0
  MONTH TO DATE   54                        58     -4        0
  SINCE DEC 1    506                       498      8       39
  SINCE JUL 1    576                       566     10       54

 COOLING
  YESTERDAY        5                         1      4        7
  MONTH TO DATE   33                        11     22       57
  SINCE DEC 1     37                        19     18       59
  SINCE JAN 1     35                        17     18       59
..................................................................


WIND (MPH)
  HIGHEST WIND SPEED    13   HIGHEST WIND DIRECTION     N (20)
  HIGHEST GUST SPEED    MM   HIGHEST GUST DIRECTION    MM
  AVERAGE WIND SPEED     5.6


SKY COVER
  AVERAGE SKY COVER 0.1


WEATHER CONDITIONS
 THE FOLLOWING WEATHER WAS RECORDED YESTERDAY.
  NO SIGNIFICANT WEATHER WAS OBSERVED.


RELATIVE HUMIDITY (PERCENT)
 HIGHEST    41
 LOWEST      9
 AVERAGE    25

..........................................................


THE YUMA AZ CLIMATE NORMALS FOR TODAY
                         NORMAL    RECORD    YEAR
 MAXIMUM TEMPERATURE (F)   73        93      1957
 MINIMUM TEMPERATURE (F)   50        27      1948


SUNRISE AND SUNSET
FEBRUARY 13 2016......SUNRISE   724 AM MST   SUNSET   622 PM MST
FEBRUARY 14 2016......SUNRISE   723 AM MST   SUNSET   623 PM MST


-  INDICATES NEGATIVE NUMBERS.
R  INDICATES RECORD WAS SET OR TIED.
MM INDICATES DATA IS MISSING.
T  INDICATES TRACE AMOUNT.

$$
