000
CDUS46 KMTR 270828
CLIOAK


CLIMATE REPORT
NATIONAL WEATHER SERVICE SAN FRANCISCO BAY AREA
128 AM PDT FRI MAY 27 2016


...................................

...THE OAKLAND AIRPORT CLIMATE SUMMARY FOR MAY 26 2016...

CLIMATE NORMAL PERIOD 1981 TO 2010
CLIMATE RECORD PERIOD 1948 TO 2016


WEATHER ITEM   OBSERVED TIME   RECORD YEAR NORMAL DEPARTURE LAST
                VALUE   (LST)  VALUE       VALUE  FROM      YEAR
                                                  NORMAL
..................................................................
TEMPERATURE (F)
 YESTERDAY
  MAXIMUM         70   1229 PM  86    1974  68      2       65
  MINIMUM         55    926 PM  44    1953  52      3       53
  AVERAGE         63                        60      3       59

PRECIPITATION (IN)
  YESTERDAY        0.00          0.06 1961   0.01  -0.01      T
  MONTH TO DATE    0.02                      0.61  -0.59      T
  SINCE OCT 1     16.56                     20.28  -3.72    14.39
  SINCE JAN 1     11.34                     12.97  -1.63     3.17

SNOWFALL (IN)
  YESTERDAY        0.0                                       0.0
  MONTH TO DATE    0.0                                       0.0
  SINCE MAR 1      0.0                                       0.0
  SINCE JUL 1      0.0                                       0.0

DEGREE DAYS
 HEATING
  YESTERDAY        2                         5     -3        6
  MONTH TO DATE   79                       157    -78      177
  SINCE MAR 1    414                       721   -307      589
  SINCE JUL 1   1889                      2743   -854     1898

 COOLING
  YESTERDAY        0                         0      0        0
  MONTH TO DATE   10                         0     10        0
  SINCE MAR 1     28                         6     22        4
  SINCE JAN 1     29                         6     23        4
..................................................................


WIND (MPH)
  RESULTANT WIND SPEED   8   RESULTANT WIND DIRECTION   W (250)
  HIGHEST WIND SPEED    20   HIGHEST WIND DIRECTION     W (270)
  HIGHEST GUST SPEED    24   HIGHEST GUST DIRECTION     W (260)
  AVERAGE WIND SPEED    10.3


SKY COVER
  POSSIBLE SUNSHINE  MM
  AVERAGE SKY COVER 0.5


WEATHER CONDITIONS
 THE FOLLOWING WEATHER WAS RECORDED YESTERDAY.
  NO SIGNIFICANT WEATHER WAS OBSERVED.


RELATIVE HUMIDITY (PERCENT)
 HIGHEST    80           200 AM
 LOWEST     55           100 PM
 AVERAGE    68

..........................................................


THE OAKLAND AIRPORT CLIMATE NORMALS FOR TODAY
                         NORMAL    RECORD    YEAR
 MAXIMUM TEMPERATURE (F)   68        89      1984
 MINIMUM TEMPERATURE (F)   52        44      1953


SUNRISE AND SUNSET
MAY 27 2016...........SUNRISE   551 AM PDT   SUNSET   822 PM PDT
MAY 28 2016...........SUNRISE   550 AM PDT   SUNSET   823 PM PDT


-  INDICATES NEGATIVE NUMBERS.
R  INDICATES RECORD WAS SET OR TIED.
MM INDICATES DATA IS MISSING.
T  INDICATES TRACE AMOUNT.




$$
