000
CDUS46 KMTR 210025
CLIOAK


CLIMATE REPORT
NATIONAL WEATHER SERVICE SAN FRANCISCO BAY AREA
525 PM PDT THU JUL 20 2017


...................................

...THE OAKLAND AIRPORT CLIMATE SUMMARY FOR JULY 20 2017...
VALID TODAY AS OF 0500 PM LOCAL TIME.

CLIMATE NORMAL PERIOD 1981 TO 2010
CLIMATE RECORD PERIOD 1948 TO 2017


WEATHER ITEM   OBSERVED TIME   RECORD YEAR NORMAL DEPARTURE LAST
                VALUE   (LST)  VALUE       VALUE  FROM      YEAR
                                                  NORMAL
..................................................................
TEMPERATURE (F)
 TODAY
  MAXIMUM         71    235 PM  92    1960  70      1       70
  MINIMUM         58   1228 AM  52    1953  56      2       56
  AVERAGE         65                        63      2       63

PRECIPITATION (IN)
  TODAY            0.00          0.07 1985   0.00   0.00     0.00
  MONTH TO DATE    0.00                      0.01  -0.01      T
  SINCE OCT 1     28.48                     20.54   7.94    16.56
  SINCE JAN 1     20.05                     13.23   6.82    11.34

SNOWFALL (IN)
  TODAY            0.0           0.0  1985
  MONTH TO DATE    0.0
  SINCE JUN 1      0.0
  SINCE JUL 1      0.0

DEGREE DAYS
 HEATING
  TODAY            0                         3     -3        2
  MONTH TO DATE   11                        60    -49       32
  SINCE JUN 1     50                       163   -113       63
  SINCE JUL 1     11                        60    -49       32

 COOLING
  TODAY            0                         1     -1        0
  MONTH TO DATE   27                        20      7        9
  SINCE JUN 1     81                        38     43       41
  SINCE JAN 1    117                        54     63       75
..................................................................


WIND (MPH)
  RESULTANT WIND SPEED   6   RESULTANT WIND DIRECTION   W (250)
  HIGHEST WIND SPEED    17   HIGHEST WIND DIRECTION     W (250)
  HIGHEST GUST SPEED    21   HIGHEST GUST DIRECTION     W (250)
  AVERAGE WIND SPEED     7.3


SKY COVER
  POSSIBLE SUNSHINE  MM
  AVERAGE SKY COVER 0.6


WEATHER CONDITIONS
 THE FOLLOWING WEATHER WAS RECORDED TODAY.
  NO SIGNIFICANT WEATHER WAS OBSERVED.


RELATIVE HUMIDITY (PERCENT)
 HIGHEST    86          1200 AM
 LOWEST     61           100 PM
 AVERAGE    74

..........................................................


THE OAKLAND AIRPORT CLIMATE NORMALS FOR TOMORROW
                         NORMAL    RECORD    YEAR
 MAXIMUM TEMPERATURE (F)   70        84      2006
 MINIMUM TEMPERATURE (F)   56        52      2011
                                             1955


SUNRISE AND SUNSET
JULY 20 2017..........SUNRISE   603 AM PDT   SUNSET   827 PM PDT
JULY 21 2017..........SUNRISE   604 AM PDT   SUNSET   826 PM PDT


-  INDICATES NEGATIVE NUMBERS.
R  INDICATES RECORD WAS SET OR TIED.
MM INDICATES DATA IS MISSING.
T  INDICATES TRACE AMOUNT.




$$
