000
CDUS43 KOAX 172226
CLIOAX


CLIMATE REPORT
NATIONAL WEATHER SERVICE OMAHA NEBRASKA
423 PM CST FRI NOV 17 2017


...................................

...THE VALLEY  NWS, NEBRASKA CLIMATE SUMMARY FOR NOVEMBER 17 2017...
VALID TODAY AS OF 0400 PM LOCAL TIME.

CLIMATE NORMAL PERIOD 1981 TO 2010
CLIMATE RECORD PERIOD 1997 TO 2017


WEATHER ITEM   OBSERVED TIME   NORMAL DEPARTURE LAST
                VALUE   (LST)  VALUE  FROM      YEAR
                                      NORMAL
......................................................
TEMPERATURE (F)
 TODAY
  MAXIMUM         62    214 PM  48     14       61
  MINIMUM         42   1200 AM  28     14       44
  AVERAGE         52            38     14       53

PRECIPITATION (IN)
  TODAY            T             0.04  -0.04     0.00
  MONTH TO DATE    0.07          0.87  -0.80     0.01
  SINCE SEP 1     10.42          6.01   4.41     4.34
  SINCE JAN 1     35.64         30.93   4.71    41.78

SNOWFALL (IN)
  TODAY            0.0                           0.0
  MONTH TO DATE    T                             0.0
  SINCE JUL 1      T                             0.0
  SNOW DEPTH       0

DEGREE DAYS
 HEATING
  TODAY           13            27    -14       12
  MONTH TO DATE  432           388     44      195
  SINCE SEP 1    792           863    -71      460
  SINCE JUL 1    792           869    -77      462

 COOLING
  TODAY            0             0      0        0
  MONTH TO DATE    0             0      0        0
  SINCE SEP 1    200           124     76      187
  SINCE JAN 1   1205          1075    130     1284
......................................................


WIND (MPH)
  HIGHEST WIND SPEED    MM   HIGHEST WIND DIRECTION    MM
  HIGHEST GUST SPEED    33   HIGHEST GUST DIRECTION    MM



WEATHER CONDITIONS
 THE FOLLOWING WEATHER WAS RECORDED TODAY.
  LIGHT RAIN


..........................................................


THE VALLEY  NWS, NEBRASKA CLIMATE NORMALS FOR TOMORROW
                         NORMAL
 MAXIMUM TEMPERATURE (F)   47
 MINIMUM TEMPERATURE (F)   28


SUNRISE AND SUNSET
NOVEMBER 17 2017......SUNRISE   716 AM CST   SUNSET   504 PM CST
NOVEMBER 18 2017......SUNRISE   718 AM CST   SUNSET   503 PM CST


-  INDICATES NEGATIVE NUMBERS.
R  INDICATES RECORD WAS SET OR TIED.
MM INDICATES DATA IS MISSING.
T  INDICATES TRACE AMOUNT.




$$
