000
CDUS43 KOAX 290639
CLIOAX


CLIMATE REPORT
NATIONAL WEATHER SERVICE OMAHA NEBRASKA
126 AM CDT SAT APR 29 2017


...................................

...THE VALLEY  NWS, NEBRASKA CLIMATE SUMMARY FOR APRIL 28 2017...

CLIMATE NORMAL PERIOD 1981 TO 2010
CLIMATE RECORD PERIOD 1997 TO 2017


WEATHER ITEM   OBSERVED TIME   NORMAL DEPARTURE LAST
                VALUE   (LST)  VALUE  FROM      YEAR
                                      NORMAL
......................................................
TEMPERATURE (F)
 YESTERDAY
  MAXIMUM         49   1200 AM  66    -17       50
  MINIMUM         37    719 AM  45     -8       44
  AVERAGE         43            55    -12       47

PRECIPITATION (IN)
  YESTERDAY        0.39          0.13   0.26     0.01
  MONTH TO DATE    2.39          2.78  -0.39     5.29
  SINCE MAR 1      4.92          4.78   0.14     6.47
  SINCE JAN 1      6.63          6.49   0.14     8.21

SNOWFALL (IN)
  YESTERDAY        0.0                           0.0
  MONTH TO DATE    0.0                           0.0
  SINCE JUL 1     11.8                          28.7
  SNOW DEPTH       0

DEGREE DAYS
 HEATING
  YESTERDAY       22            10     12       18
  MONTH TO DATE  306           420   -114      292
  SINCE MAR 1    986          1248   -262      845
  SINCE JUL 1   4863          6079  -1216     4833

 COOLING
  YESTERDAY        0             0      0        0
  MONTH TO DATE    3             0      3        0
  SINCE MAR 1      3             0      3        0
  SINCE JAN 1      3             0      3        0
......................................................


WIND (MPH)
  HIGHEST WIND SPEED    MM   HIGHEST WIND DIRECTION    MM
  HIGHEST GUST SPEED    35   HIGHEST GUST DIRECTION    MM


SKY COVER
  POSSIBLE SUNSHINE  MM


WEATHER CONDITIONS
 THE FOLLOWING WEATHER WAS RECORDED YESTERDAY.
  RAIN
  LIGHT RAIN
  FOG


..........................................................


THE VALLEY  NWS, NEBRASKA CLIMATE NORMALS FOR TODAY
                         NORMAL
 MAXIMUM TEMPERATURE (F)   66
 MINIMUM TEMPERATURE (F)   45


SUNRISE AND SUNSET
APRIL 29 2017.........SUNRISE   625 AM CDT   SUNSET   821 PM CDT
APRIL 30 2017.........SUNRISE   624 AM CDT   SUNSET   822 PM CDT


-  INDICATES NEGATIVE NUMBERS.
R  INDICATES RECORD WAS SET OR TIED.
MM INDICATES DATA IS MISSING.
T  INDICATES TRACE AMOUNT.




$$
