000
CDUS43 KOAX 010643
CLIOAX


CLIMATE REPORT
NATIONAL WEATHER SERVICE OMAHA NEBRASKA
143 AM CDT SAT OCT 1 2016


...................................

...THE VALLEY  NWS, NEBRASKA CLIMATE SUMMARY FOR SEPTEMBER 30 2016...

CLIMATE NORMAL PERIOD 1981 TO 2010
CLIMATE RECORD PERIOD 1997 TO 2016


WEATHER ITEM   OBSERVED TIME   NORMAL DEPARTURE LAST
                VALUE   (LST)  VALUE  FROM      YEAR
                                      NORMAL
......................................................
TEMPERATURE (F)
 YESTERDAY
  MAXIMUM         74    315 PM  72      2       68
  MINIMUM         46    631 AM  48     -2       47
  AVERAGE         60            60      0       58

PRECIPITATION (IN)
  YESTERDAY        0.00          0.09  -0.09     0.00
  MONTH TO DATE    2.62          2.85  -0.23     5.31
  SINCE SEP 1      2.62          2.85  -0.23     5.31
  SINCE JAN 1     40.06         27.77  12.29    30.96

SNOWFALL (IN)
  YESTERDAY        0.0                           0.0
  MONTH TO DATE    0.0                           0.0
  SINCE JUL 1      0.0                           0.0
  SNOW DEPTH       0

DEGREE DAYS
 HEATING
  YESTERDAY        5             7     -2        7
  MONTH TO DATE   38            91    -53       34
  SINCE SEP 1     38            90    -52       34
  SINCE JUL 1     40            96    -56       41

 COOLING
  YESTERDAY        0             1     -1        0
  MONTH TO DATE  174           108     66      214
  SINCE SEP 1    174           108     66      214
  SINCE JAN 1   1271          1059    212     1055
......................................................


WIND (MPH)
  HIGHEST WIND SPEED    MM   HIGHEST WIND DIRECTION    MM
  HIGHEST GUST SPEED    17   HIGHEST GUST DIRECTION    MM


SKY COVER
  POSSIBLE SUNSHINE  MM


WEATHER CONDITIONS
 THE FOLLOWING WEATHER WAS RECORDED YESTERDAY.
  NO SIGNIFICANT WEATHER WAS OBSERVED.


..........................................................


THE VALLEY  NWS, NEBRASKA CLIMATE NORMALS FOR TODAY
                         NORMAL
 MAXIMUM TEMPERATURE (F)   71
 MINIMUM TEMPERATURE (F)   48


SUNRISE AND SUNSET
OCTOBER  1 2016.......SUNRISE   723 AM CDT   SUNSET   706 PM CDT
OCTOBER  2 2016.......SUNRISE   724 AM CDT   SUNSET   705 PM CDT


-  INDICATES NEGATIVE NUMBERS.
R  INDICATES RECORD WAS SET OR TIED.
MM INDICATES DATA IS MISSING.
T  INDICATES TRACE AMOUNT.




$$
