000
CDUS43 KOAX 310631
CLIOAX


CLIMATE REPORT
NATIONAL WEATHER SERVICE OMAHA NEBRASKA
1230 AM CST SAT JAN 31 2015


...................................

...THE VALLEY  NWS, NEBRASKA CLIMATE SUMMARY FOR JANUARY 30 2015...

CLIMATE NORMAL PERIOD 1981 TO 2010
CLIMATE RECORD PERIOD 1997 TO 2015


WEATHER ITEM   OBSERVED TIME   NORMAL DEPARTURE LAST
                VALUE   (LST)  VALUE  FROM      YEAR
                                      NORMAL
......................................................
TEMPERATURE (F)
 YESTERDAY
  MAXIMUM         42    407 PM  34      8       41
  MINIMUM         17    533 AM  15      2       18
  AVERAGE         30            24      6       30

PRECIPITATION (IN)
  YESTERDAY        0.00          0.03  -0.03      T
  MONTH TO DATE    0.09          0.75  -0.66     0.14
  SINCE DEC 1      1.99          1.86   0.13     0.32
  SINCE JAN 1      0.09          0.75  -0.66     0.14

SNOWFALL (IN)
  YESTERDAY        0.0                            T
  MONTH TO DATE    1.9                           1.8
  SINCE JUL 1      6.2                           5.9
  SNOW DEPTH       0

DEGREE DAYS
 HEATING
  YESTERDAY       35            41     -6       35
  MONTH TO DATE 1113          1253   -140     1292
  SINCE DEC 1   2161          2463   -302     2604
  SINCE JUL 1   3478          3733   -255     3823

 COOLING
  YESTERDAY        0             0      0        0
  MONTH TO DATE    0             0      0        0
  SINCE DEC 1      0             0      0        0
  SINCE JAN 1      0             0      0        0
......................................................


WIND (MPH)
  HIGHEST WIND SPEED    MM   HIGHEST WIND DIRECTION    MM
  HIGHEST GUST SPEED    21   HIGHEST GUST DIRECTION    MM


SKY COVER
  POSSIBLE SUNSHINE  MM


WEATHER CONDITIONS
 THE FOLLOWING WEATHER WAS RECORDED YESTERDAY.
  NO SIGNIFICANT WEATHER WAS OBSERVED.


..........................................................


THE VALLEY  NWS, NEBRASKA CLIMATE NORMALS FOR TODAY
                         NORMAL
 MAXIMUM TEMPERATURE (F)   34
 MINIMUM TEMPERATURE (F)   15


SUNRISE AND SUNSET
JANUARY 31 2015.......SUNRISE   738 AM CST   SUNSET   540 PM CST
FEBRUARY  1 2015......SUNRISE   737 AM CST   SUNSET   542 PM CST


-  INDICATES NEGATIVE NUMBERS.
R  INDICATES RECORD WAS SET OR TIED.
MM INDICATES DATA IS MISSING.
T  INDICATES TRACE AMOUNT.




$$
