000
CDUS43 KOAX 280627
CLIOAX


CLIMATE REPORT
NATIONAL WEATHER SERVICE OMAHA NEBRASKA
125 AM CDT FRI AUG 28 2015


...................................

...THE VALLEY  NWS, NEBRASKA CLIMATE SUMMARY FOR AUGUST 27 2015...

CLIMATE NORMAL PERIOD 1981 TO 2010
CLIMATE RECORD PERIOD 1997 TO 2015


WEATHER ITEM   OBSERVED TIME   NORMAL DEPARTURE LAST
                VALUE   (LST)  VALUE  FROM      YEAR
                                      NORMAL
......................................................
TEMPERATURE (F)
 YESTERDAY
  MAXIMUM         79    423 PM  82     -3       76
  MINIMUM         66    335 AM  62      4       67
  AVERAGE         73            72      1       72

PRECIPITATION (IN)
  YESTERDAY        0.27          0.13   0.14     0.97
  MONTH TO DATE    4.99          3.56   1.43     5.10
  SINCE JUN 1     13.06         13.10  -0.04    17.67
  SINCE JAN 1     24.91         24.42   0.49    26.58

SNOWFALL (IN)
  YESTERDAY        0.0                           0.0
  MONTH TO DATE    0.0                           0.0
  SINCE JUL 1      0.0                           0.0
  SNOW DEPTH       0

DEGREE DAYS
 HEATING
  YESTERDAY        0             0      0        0
  MONTH TO DATE    7             0      7        0
  SINCE JUN 1      8            17     -9        5
  SINCE JUL 1      7             1      6        1

 COOLING
  YESTERDAY        8             7      1        7
  MONTH TO DATE  214           258    -44      273
  SINCE JUN 1    791           851    -60      760
  SINCE JAN 1    822           923   -101      890
......................................................


WIND (MPH)
  HIGHEST WIND SPEED    MM   HIGHEST WIND DIRECTION    MM
  HIGHEST GUST SPEED    32   HIGHEST GUST DIRECTION    MM


SKY COVER
  POSSIBLE SUNSHINE  MM


WEATHER CONDITIONS
 THE FOLLOWING WEATHER WAS RECORDED YESTERDAY.
  THUNDERSTORM
  RAIN
  LIGHT RAIN


..........................................................


THE VALLEY  NWS, NEBRASKA CLIMATE NORMALS FOR TODAY
                         NORMAL
 MAXIMUM TEMPERATURE (F)   82
 MINIMUM TEMPERATURE (F)   61


SUNRISE AND SUNSET
AUGUST 28 2015........SUNRISE   648 AM CDT   SUNSET   805 PM CDT
AUGUST 29 2015........SUNRISE   649 AM CDT   SUNSET   804 PM CDT


-  INDICATES NEGATIVE NUMBERS.
R  INDICATES RECORD WAS SET OR TIED.
MM INDICATES DATA IS MISSING.
T  INDICATES TRACE AMOUNT.




$$
