000
CDUS43 KOAX 290624
CLIOAX


CLIMATE REPORT
NATIONAL WEATHER SERVICE OMAHA NEBRASKA
121 AM CDT SUN MAY 29 2016


...................................

...THE VALLEY  NWS, NEBRASKA CLIMATE SUMMARY FOR MAY 28 2016...

CLIMATE NORMAL PERIOD 1981 TO 2010
CLIMATE RECORD PERIOD 1997 TO 2016


WEATHER ITEM   OBSERVED TIME   NORMAL DEPARTURE LAST
                VALUE   (LST)  VALUE  FROM      YEAR
                                      NORMAL
......................................................
TEMPERATURE (F)
 YESTERDAY
  MAXIMUM         73    342 PM  77     -4       73
  MINIMUM         59   1250 AM  57      2       63
  AVERAGE         66            67     -1       68

PRECIPITATION (IN)
  YESTERDAY        T             0.15  -0.15     0.02
  MONTH TO DATE    6.91          4.09   2.82     5.83
  SINCE MAR 1     14.70          9.12   5.58    10.01
  SINCE JAN 1     16.44         10.83   5.61    11.58

SNOWFALL (IN)
  YESTERDAY        0.0                           0.0
  MONTH TO DATE    0.0                           0.0
  SINCE JUL 1     28.7                          19.3
  SNOW DEPTH       0

DEGREE DAYS
 HEATING
  YESTERDAY        0             2     -2        0
  MONTH TO DATE  129           145    -16      138
  SINCE MAR 1   1011          1412   -401     1126
  SINCE JUL 1   4999          6243  -1244     5855

 COOLING
  YESTERDAY        1             4     -3        3
  MONTH TO DATE   34            53    -19       26
  SINCE MAR 1     34            60    -26       30
  SINCE JAN 1     34            60    -26       30
......................................................


WIND (MPH)
  HIGHEST WIND SPEED    MM   HIGHEST WIND DIRECTION    MM
  HIGHEST GUST SPEED    33   HIGHEST GUST DIRECTION    MM


SKY COVER
  POSSIBLE SUNSHINE  MM


WEATHER CONDITIONS
 THE FOLLOWING WEATHER WAS RECORDED YESTERDAY.
  LIGHT RAIN


..........................................................


THE VALLEY  NWS, NEBRASKA CLIMATE NORMALS FOR TODAY
                         NORMAL
 MAXIMUM TEMPERATURE (F)   77
 MINIMUM TEMPERATURE (F)   57


SUNRISE AND SUNSET
MAY 29 2016...........SUNRISE   556 AM CDT   SUNSET   850 PM CDT
MAY 30 2016...........SUNRISE   555 AM CDT   SUNSET   851 PM CDT


-  INDICATES NEGATIVE NUMBERS.
R  INDICATES RECORD WAS SET OR TIED.
MM INDICATES DATA IS MISSING.
T  INDICATES TRACE AMOUNT.


$$

BCM
