000
CDUS43 KGID 230632
CLIODX


CLIMATE REPORT
NATIONAL WEATHER SERVICE HASTINGS NE
131 AM CDT WED JUL 23 2014


...................................

...THE ORD NE CLIMATE SUMMARY FOR JULY 22 2014...

CLIMATE NORMAL PERIOD 1981 TO 2010
CLIMATE RECORD PERIOD 1895 TO 2014


WEATHER ITEM   OBSERVED TIME   NORMAL DEPARTURE LAST
                VALUE   (LST)  VALUE  FROM      YEAR
                                      NORMAL
......................................................
TEMPERATURE (F)
 YESTERDAY
  MAXIMUM         89    234 PM  88      1       92
  MINIMUM         64   1159 PM  62      2       66
  AVERAGE         77            75      2       79

PRECIPITATION (IN)
  YESTERDAY        0.00          0.09  -0.09     0.00
  MONTH TO DATE    1.71          1.85  -0.14     2.35
  SINCE JUN 1      9.79          5.97   3.82     4.28
  SINCE JAN 1     12.01         14.63  -2.62    14.42

DEGREE DAYS
 HEATING
  YESTERDAY        0             0      0        0
  MONTH TO DATE   19             0     19        1
  SINCE JUN 1     51            37     14       48
  SINCE JUL 1     19             0     19        1

 COOLING
  YESTERDAY       12            10      2       14
  MONTH TO DATE  121           207    -86      239
  SINCE JUN 1    267           369   -102      405
  SINCE JAN 1    336           410    -74      452
......................................................


WIND (MPH)
  HIGHEST WIND SPEED    23   HIGHEST WIND DIRECTION    NW (330)
  HIGHEST GUST SPEED    28   HIGHEST GUST DIRECTION    NW (330)
  AVERAGE WIND SPEED     6.6


SKY COVER
  AVERAGE SKY COVER 0.0


WEATHER CONDITIONS
 THE FOLLOWING WEATHER WAS RECORDED YESTERDAY.
  NO SIGNIFICANT WEATHER WAS OBSERVED.


RELATIVE HUMIDITY (PERCENT)
 HIGHEST    93          1100 PM
 LOWEST     44           200 PM
 AVERAGE    69

..........................................................


THE ORD NE CLIMATE NORMALS FOR TODAY
                         NORMAL
 MAXIMUM TEMPERATURE (F)   88
 MINIMUM TEMPERATURE (F)   62


SUNRISE AND SUNSET
JULY 23 2014..........SUNRISE   622 AM CDT   SUNSET   902 PM CDT
JULY 24 2014..........SUNRISE   623 AM CDT   SUNSET   901 PM CDT


-  INDICATES NEGATIVE NUMBERS.
R  INDICATES RECORD WAS SET OR TIED.
MM INDICATES DATA IS MISSING.
T  INDICATES TRACE AMOUNT.




$$
