000
CDUS43 KGID 192228
CLIODX


CLIMATE REPORT
NATIONAL WEATHER SERVICE HASTINGS NE
525 PM CDT FRI SEP 19 2014


...................................

...THE ORD NE CLIMATE SUMMARY FOR SEPTEMBER 19 2014...
VALID TODAY AS OF 0500 PM LOCAL TIME.

CLIMATE NORMAL PERIOD 1981 TO 2010
CLIMATE RECORD PERIOD 1895 TO 2014


WEATHER ITEM   OBSERVED TIME   NORMAL DEPARTURE LAST
                VALUE   (LST)  VALUE  FROM      YEAR
                                      NORMAL
......................................................
TEMPERATURE (F)
 TODAY
  MAXIMUM         89    358 PM  77     12       77
  MINIMUM         62    643 AM  47     15       47
  AVERAGE         76            62     14       62

PRECIPITATION (IN)
  TODAY            0.00          0.09  -0.09     0.19
  MONTH TO DATE    1.13          1.66  -0.53     0.39
  SINCE SEP 1      1.13          1.66  -0.53     0.39
  SINCE JAN 1     18.77         20.57  -1.80    19.82

DEGREE DAYS
 HEATING
  TODAY            0             5     -5        3
  MONTH TO DATE  120            46     74       14
  SINCE SEP 1    120            46     74       14
  SINCE JUL 1    139            60     79       21

 COOLING
  TODAY           11             2      9        0
  MONTH TO DATE   32            69    -37      133
  SINCE SEP 1     32            69    -37      133
  SINCE JAN 1    667           826   -159      893
......................................................


WIND (MPH)
  HIGHEST WIND SPEED    23   HIGHEST WIND DIRECTION     S (200)
  HIGHEST GUST SPEED    29   HIGHEST GUST DIRECTION     S (190)
  AVERAGE WIND SPEED    13.5


SKY COVER
  AVERAGE SKY COVER 0.4


WEATHER CONDITIONS
 THE FOLLOWING WEATHER WAS RECORDED TODAY.
  NO SIGNIFICANT WEATHER WAS OBSERVED.


RELATIVE HUMIDITY (PERCENT)
 HIGHEST    93          1200 AM
 LOWEST     46           300 PM
 AVERAGE    70

..........................................................


THE ORD NE CLIMATE NORMALS FOR TOMORROW
                         NORMAL
 MAXIMUM TEMPERATURE (F)   77
 MINIMUM TEMPERATURE (F)   47


SUNRISE AND SUNSET
SEPTEMBER 19 2014.....SUNRISE   720 AM CDT   SUNSET   738 PM CDT
SEPTEMBER 20 2014.....SUNRISE   721 AM CDT   SUNSET   736 PM CDT


-  INDICATES NEGATIVE NUMBERS.
R  INDICATES RECORD WAS SET OR TIED.
MM INDICATES DATA IS MISSING.
T  INDICATES TRACE AMOUNT.

$$
DOXEY
