000
CDUS43 KGID 120632
CLIODX


CLIMATE REPORT
NATIONAL WEATHER SERVICE HASTINGS NE
131 AM CDT SAT JUL 12 2014


...................................

...THE ORD NE CLIMATE SUMMARY FOR JULY 11 2014...

CLIMATE NORMAL PERIOD 1981 TO 2010
CLIMATE RECORD PERIOD 1895 TO 2014


WEATHER ITEM   OBSERVED TIME   NORMAL DEPARTURE LAST
                VALUE   (LST)  VALUE  FROM      YEAR
                                      NORMAL
......................................................
TEMPERATURE (F)
 YESTERDAY
  MAXIMUM         82    553 PM  87     -5       88
  MINIMUM         68    623 AM  61      7       66
  AVERAGE         75            74      1       77

PRECIPITATION (IN)
  YESTERDAY        0.31          0.07   0.24      T
  MONTH TO DATE    1.42          0.96   0.46     1.71
  SINCE JUN 1      9.50          5.08   4.42     3.64
  SINCE JAN 1     11.72         13.74  -2.02    13.78

DEGREE DAYS
 HEATING
  YESTERDAY        0             0      0        0
  MONTH TO DATE    6             0      6        1
  SINCE JUN 1     38            37      1       48
  SINCE JUL 1      6             0      6        1

 COOLING
  YESTERDAY       10             9      1       12
  MONTH TO DATE   59            97    -38      104
  SINCE JUN 1    205           259    -54      270
  SINCE JAN 1    274           300    -26      317
......................................................


WIND (MPH)
  HIGHEST WIND SPEED    12   HIGHEST WIND DIRECTION     E (90)
  HIGHEST GUST SPEED    16   HIGHEST GUST DIRECTION    SE (150)
  AVERAGE WIND SPEED     6.9


SKY COVER
  AVERAGE SKY COVER 0.2


WEATHER CONDITIONS
 THE FOLLOWING WEATHER WAS RECORDED YESTERDAY.
  THUNDERSTORM
  HEAVY RAIN
  LIGHT RAIN
  FOG


RELATIVE HUMIDITY (PERCENT)
 HIGHEST    94           900 PM
 LOWEST     69           200 PM
 AVERAGE    82

..........................................................


THE ORD NE CLIMATE NORMALS FOR TODAY
                         NORMAL
 MAXIMUM TEMPERATURE (F)   88
 MINIMUM TEMPERATURE (F)   61


SUNRISE AND SUNSET
JULY 12 2014..........SUNRISE   612 AM CDT   SUNSET   910 PM CDT
JULY 13 2014..........SUNRISE   613 AM CDT   SUNSET   910 PM CDT


-  INDICATES NEGATIVE NUMBERS.
R  INDICATES RECORD WAS SET OR TIED.
MM INDICATES DATA IS MISSING.
T  INDICATES TRACE AMOUNT.




$$
