000
CDUS43 KGID 250644
CLIODX


CLIMATE REPORT
NATIONAL WEATHER SERVICE HASTINGS NE
1241 AM CST THU DEC 25 2014


...................................

...THE ORD NE CLIMATE SUMMARY FOR DECEMBER 24 2014...

CLIMATE NORMAL PERIOD 1981 TO 2010
CLIMATE RECORD PERIOD 1895 TO 2014


WEATHER ITEM   OBSERVED TIME   NORMAL DEPARTURE LAST
                VALUE   (LST)  VALUE  FROM      YEAR
                                      NORMAL
......................................................
TEMPERATURE (F)
 YESTERDAY
  MAXIMUM         38    420 PM  35      3       40
  MINIMUM         22    918 AM  12     10        8
  AVERAGE         30            23      7       24

PRECIPITATION (IN)
  YESTERDAY        0.00          0.00   0.00     0.00
  MONTH TO DATE    1.25          0.51   0.74      T
  SINCE DEC 1      1.25          0.51   0.74      T
  SINCE JAN 1     21.77         24.86  -3.09    24.35

DEGREE DAYS
 HEATING
  YESTERDAY       35            42     -7       41
  MONTH TO DATE  813           951   -138      924
  SINCE DEC 1    813           951   -138      924
  SINCE JUL 1   2399          2432    -33     2404

 COOLING
  YESTERDAY        0             0      0        0
  MONTH TO DATE    0             0      0        0
  SINCE DEC 1      0             0      0        0
  SINCE JAN 1    692           845   -153      907
......................................................


WIND (MPH)
  HIGHEST WIND SPEED    22   HIGHEST WIND DIRECTION    NW (330)
  HIGHEST GUST SPEED    27   HIGHEST GUST DIRECTION     N (350)
  AVERAGE WIND SPEED     9.1


SKY COVER
  AVERAGE SKY COVER 0.4


WEATHER CONDITIONS
 THE FOLLOWING WEATHER WAS RECORDED YESTERDAY.
  NO SIGNIFICANT WEATHER WAS OBSERVED.


RELATIVE HUMIDITY (PERCENT)
 HIGHEST    92           900 AM
 LOWEST     52           300 PM
 AVERAGE    72

..........................................................


THE ORD NE CLIMATE NORMALS FOR TODAY
                         NORMAL
 MAXIMUM TEMPERATURE (F)   35
 MINIMUM TEMPERATURE (F)   12


SUNRISE AND SUNSET
DECEMBER 25 2014......SUNRISE   801 AM CST   SUNSET   511 PM CST
DECEMBER 26 2014......SUNRISE   801 AM CST   SUNSET   512 PM CST


-  INDICATES NEGATIVE NUMBERS.
R  INDICATES RECORD WAS SET OR TIED.
MM INDICATES DATA IS MISSING.
T  INDICATES TRACE AMOUNT.




$$
