000
CDUS43 KGID 271310 CCA
CLIODX

CLIMATE REPORT...CORRECTION
NATIONAL WEATHER SERVICE HASTINGS NE
129 AM CDT WED JUL 27 2016
CORRECTED PRECIPITATION AND DEPARTURES


...................................

...THE ORD NE CLIMATE SUMMARY FOR JULY 26 2016...

CLIMATE NORMAL PERIOD 1981 TO 2010
CLIMATE RECORD PERIOD 1895 TO 2016


WEATHER ITEM   OBSERVED TIME   NORMAL DEPARTURE LAST
                VALUE   (LST)  VALUE  FROM      YEAR
                                      NORMAL
......................................................
TEMPERATURE (F)
 YESTERDAY
  MAXIMUM         87    253 PM  88     -1       93
  MINIMUM         60    539 AM  62     -2       65
  AVERAGE         74            75     -1       79

PRECIPITATION (IN)
  YESTERDAY        0.08          0.11  -0.03     0.09
  MONTH TO DATE    3.62          2.20   1.42     2.16
  SINCE JUN 1      7.14          6.32   0.82     5.43
  SINCE JAN 1     23.68         14.98   8.70    11.89

DEGREE DAYS
 HEATING
  YESTERDAY        0             0      0        0
  MONTH TO DATE    8             0      8        5
  SINCE JUN 1     10            37    -27       11
  SINCE JUL 1      8             0      8        5

 COOLING
  YESTERDAY        9            10     -1       14
  MONTH TO DATE  251           247      4      255
  SINCE JUN 1    516           409    107      415
  SINCE JAN 1    538           450     88      424
......................................................


WIND (MPH)
  HIGHEST WIND SPEED    MM   HIGHEST WIND DIRECTION    MM
  HIGHEST GUST SPEED    MM   HIGHEST GUST DIRECTION    MM
  AVERAGE WIND SPEED    MM


SKY COVER
  AVERAGE SKY COVER 0.0


WEATHER CONDITIONS
 THE FOLLOWING WEATHER WAS RECORDED YESTERDAY.
  THUNDERSTORM
  LIGHT RAIN
  HEAVY RAIN

RELATIVE HUMIDITY (PERCENT)
 HIGHEST    93           700 AM
 LOWEST     45           400 PM
 AVERAGE    69

..........................................................


THE ORD NE CLIMATE NORMALS FOR TODAY
                         NORMAL
 MAXIMUM TEMPERATURE (F)   88
 MINIMUM TEMPERATURE (F)   62


SUNRISE AND SUNSET
JULY 27 2016..........SUNRISE   626 AM CDT   SUNSET   858 PM CDT
JULY 28 2016..........SUNRISE   627 AM CDT   SUNSET   857 PM CDT


-  INDICATES NEGATIVE NUMBERS.
R  INDICATES RECORD WAS SET OR TIED.
MM INDICATES DATA IS MISSING.
T  INDICATES TRACE AMOUNT.

$$
DOXEY
