000
CDUS43 KGID 040728
CLIODX


CLIMATE REPORT
NATIONAL WEATHER SERVICE HASTINGS NE
227 AM CDT FRI SEP 4 2015


...................................

...THE ORD NE CLIMATE SUMMARY FOR SEPTEMBER 3 2015...

CLIMATE NORMAL PERIOD 1981 TO 2010
CLIMATE RECORD PERIOD 1895 TO 2015


WEATHER ITEM   OBSERVED TIME   NORMAL DEPARTURE LAST
                VALUE   (LST)  VALUE  FROM      YEAR
                                      NORMAL
......................................................
TEMPERATURE (F)
 YESTERDAY
  MAXIMUM         94    438 PM  83     11       86
  MINIMUM         59    402 AM  55      4       62
  AVERAGE         77            69      8       74

PRECIPITATION (IN)
  YESTERDAY        0.00          0.09  -0.09     0.00
  MONTH TO DATE    0.00          0.29  -0.29     0.42
  SINCE SEP 1      0.00          0.29  -0.29     0.42
  SINCE JAN 1     14.54         19.20  -4.66    18.06

DEGREE DAYS
 HEATING
  YESTERDAY        0             1     -1        0
  MONTH TO DATE    0             3     -3        0
  SINCE SEP 1      0             3     -3        0
  SINCE JUL 1     23            17      6       19

 COOLING
  YESTERDAY       12             5      7        9
  MONTH TO DATE   38            17     21       10
  SINCE SEP 1     38            17     21       10
  SINCE JAN 1    701           774    -73      645
......................................................


WIND (MPH)
  HIGHEST WIND SPEED    18   HIGHEST WIND DIRECTION     S (160)
  HIGHEST GUST SPEED    26   HIGHEST GUST DIRECTION     S (170)
  AVERAGE WIND SPEED     6.9


SKY COVER
  AVERAGE SKY COVER 0.0


WEATHER CONDITIONS
 THE FOLLOWING WEATHER WAS RECORDED YESTERDAY.
  FOG


RELATIVE HUMIDITY (PERCENT)
 HIGHEST   100           200 AM
 LOWEST     36           400 PM
 AVERAGE    68

..........................................................


THE ORD NE CLIMATE NORMALS FOR TODAY
                         NORMAL
 MAXIMUM TEMPERATURE (F)   83
 MINIMUM TEMPERATURE (F)   55


SUNRISE AND SUNSET
SEPTEMBER  4 2015.....SUNRISE   705 AM CDT   SUNSET   804 PM CDT
SEPTEMBER  5 2015.....SUNRISE   706 AM CDT   SUNSET   803 PM CDT


-  INDICATES NEGATIVE NUMBERS.
R  INDICATES RECORD WAS SET OR TIED.
MM INDICATES DATA IS MISSING.
T  INDICATES TRACE AMOUNT.




$$
