000
CDUS43 KGID 290653
CLIODX


CLIMATE REPORT
NATIONAL WEATHER SERVICE HASTINGS NE
1252 AM CST THU JAN 29 2015


...................................

...THE ORD NE CLIMATE SUMMARY FOR JANUARY 28 2015...

CLIMATE NORMAL PERIOD 1981 TO 2010
CLIMATE RECORD PERIOD 1895 TO 2015


WEATHER ITEM   OBSERVED TIME   NORMAL DEPARTURE LAST
                VALUE   (LST)  VALUE  FROM      YEAR
                                      NORMAL
......................................................
TEMPERATURE (F)
 YESTERDAY
  MAXIMUM         66    259 PM  38     28       22
  MINIMUM         23    639 AM  13     10       -5
  AVERAGE         45            25     20        9

PRECIPITATION (IN)
  YESTERDAY        T             0.02  -0.02     0.00
  MONTH TO DATE    0.07          0.33  -0.26     0.06
  SINCE DEC 1      1.63          0.92   0.71     0.06
  SINCE JAN 1      0.07          0.33  -0.26     0.06

DEGREE DAYS
 HEATING
  YESTERDAY       20            40    -20       56
  MONTH TO DATE 1103          1133    -30     1141
  SINCE DEC 1   2284          2376    -92     2314
  SINCE JUL 1   3870          3857     13     3794

 COOLING
  YESTERDAY        0             0      0        0
  MONTH TO DATE    0             0      0        0
  SINCE DEC 1      0             0      0        0
  SINCE JAN 1      0             0      0        0
......................................................


WIND (MPH)
  HIGHEST WIND SPEED    41   HIGHEST WIND DIRECTION     N (340)
  HIGHEST GUST SPEED    49   HIGHEST GUST DIRECTION     N (340)
  AVERAGE WIND SPEED    13.6


SKY COVER
  AVERAGE SKY COVER 0.1


WEATHER CONDITIONS
 THE FOLLOWING WEATHER WAS RECORDED YESTERDAY.
  LIGHT RAIN


RELATIVE HUMIDITY (PERCENT)
 HIGHEST   100           200 AM
 LOWEST     26           400 PM
 AVERAGE    63

..........................................................


THE ORD NE CLIMATE NORMALS FOR TODAY
                         NORMAL
 MAXIMUM TEMPERATURE (F)   38
 MINIMUM TEMPERATURE (F)   13


SUNRISE AND SUNSET
JANUARY 29 2015.......SUNRISE   751 AM CST   SUNSET   547 PM CST
JANUARY 30 2015.......SUNRISE   750 AM CST   SUNSET   549 PM CST


-  INDICATES NEGATIVE NUMBERS.
R  INDICATES RECORD WAS SET OR TIED.
MM INDICATES DATA IS MISSING.
T  INDICATES TRACE AMOUNT.




$$
