000
CDUS43 KOAX 160625
CLIOFK


CLIMATE REPORT
NATIONAL WEATHER SERVICE OMAHA NEBRASKA
122 AM CDT TUE SEP 16 2014


...................................

...THE NORFOLK, NEBRASKA CLIMATE SUMMARY FOR SEPTEMBER 15 2014...

CLIMATE NORMAL PERIOD 1981 TO 2010
CLIMATE RECORD PERIOD 1888 TO 2014


WEATHER ITEM   OBSERVED TIME   RECORD YEAR NORMAL DEPARTURE LAST
                VALUE   (LST)  VALUE       VALUE  FROM      YEAR
                                                  NORMAL
..................................................................
TEMPERATURE (F)
 YESTERDAY
  MAXIMUM         64    413 PM  99    1955  77    -13       73
  MINIMUM         40   1147 PM  30    1916  51    -11       61
  AVERAGE         52                        64    -12       67

PRECIPITATION (IN)
  YESTERDAY        0.00          1.96 1988   0.09  -0.09     0.00
  MONTH TO DATE    0.96                      1.35  -0.39     0.12
  SINCE SEP 1      0.96                      1.35  -0.39     0.12
  SINCE JAN 1     26.18                     21.88   4.30    18.53

SNOWFALL (IN)
  YESTERDAY        0.0                       0.0    0.0      0.0
  MONTH TO DATE    0.0                       0.0    0.0      0.0
  SINCE JUL 1      0.0                       0.0    0.0      0.0
  SNOW DEPTH       0

DEGREE DAYS
 HEATING
  YESTERDAY       13                         4      9        0
  MONTH TO DATE   92                        35     57        5
  SINCE SEP 1     92                        35     57        5
  SINCE JUL 1    104                        51     53       21

 COOLING
  YESTERDAY        0                         3     -3        2
  MONTH TO DATE   30                        66    -36      121
  SINCE SEP 1     30                        66    -36      121
  SINCE JAN 1    757                       882   -125      945
..................................................................


WIND (MPH)
  HIGHEST WIND SPEED    22   HIGHEST WIND DIRECTION     N (020)
  HIGHEST GUST SPEED    27   HIGHEST GUST DIRECTION     N (020)
  AVERAGE WIND SPEED     9.2


SKY COVER
  POSSIBLE SUNSHINE  MM
  AVERAGE SKY COVER 0.3


WEATHER CONDITIONS
 THE FOLLOWING WEATHER WAS RECORDED YESTERDAY.
  NO SIGNIFICANT WEATHER WAS OBSERVED.


RELATIVE HUMIDITY (PERCENT)
 HIGHEST    96           200 AM
 LOWEST     44           300 PM
 AVERAGE    70

..........................................................


THE NORFOLK, NEBRASKA CLIMATE NORMALS FOR TODAY
                         NORMAL    RECORD    YEAR
 MAXIMUM TEMPERATURE (F)   77        96      1955
 MINIMUM TEMPERATURE (F)   51        25      1903


SUNRISE AND SUNSET
SEPTEMBER 16 2014.....SUNRISE   711 AM CDT   SUNSET   737 PM CDT
SEPTEMBER 17 2014.....SUNRISE   712 AM CDT   SUNSET   736 PM CDT


-  INDICATES NEGATIVE NUMBERS.
R  INDICATES RECORD WAS SET OR TIED.
MM INDICATES DATA IS MISSING.
T  INDICATES TRACE AMOUNT.


$$

BCM
