000
CDUS43 KOAX 240637
CLIOFK


CLIMATE REPORT
NATIONAL WEATHER SERVICE OMAHA NEBRASKA
1236 AM CST TUE JAN 24 2017


...................................

...THE NORFOLK, NEBRASKA CLIMATE SUMMARY FOR JANUARY 23 2017...

CLIMATE NORMAL PERIOD 1981 TO 2010
CLIMATE RECORD PERIOD 1888 TO 2017


WEATHER ITEM   OBSERVED TIME   RECORD YEAR NORMAL DEPARTURE LAST
                VALUE   (LST)  VALUE       VALUE  FROM      YEAR
                                                  NORMAL
..................................................................
TEMPERATURE (F)
 YESTERDAY
  MAXIMUM         36    258 PM  65    1981  33      3       31
  MINIMUM         28    917 AM -26    1948  12     16       22
  AVERAGE         32                        23      9       27

PRECIPITATION (IN)
  YESTERDAY        0.00          0.36 1939   0.02  -0.02     0.00
  MONTH TO DATE    0.69                      0.43   0.26     0.50
  SINCE DEC 1      1.53                      1.18   0.35     2.77
  SINCE JAN 1      0.69                      0.43   0.26     0.50

SNOWFALL (IN)
  YESTERDAY        0.0                       0.2   -0.2      0.0
  MONTH TO DATE    2.4                       4.6   -2.2      4.4
  SINCE JUL 1      8.5                      15.5   -7.0     24.4
  SNOW DEPTH       0

DEGREE DAYS
 HEATING
  YESTERDAY       33                        42     -9       38
  MONTH TO DATE  981                       985     -4     1017
  SINCE DEC 1   2266                      2246     20     2079
  SINCE JUL 1   3311                      3691   -380     3100

 COOLING
  YESTERDAY        0                         0      0        0
  MONTH TO DATE    0                         0      0        0
  SINCE DEC 1      0                         0      0        0
  SINCE JAN 1      0                         0      0        0
..................................................................


WIND (MPH)
  HIGHEST WIND SPEED    16   HIGHEST WIND DIRECTION    SE (130)
  HIGHEST GUST SPEED    22   HIGHEST GUST DIRECTION    SE (130)
  AVERAGE WIND SPEED     7.7


SKY COVER
  POSSIBLE SUNSHINE  MM
  AVERAGE SKY COVER 0.9


WEATHER CONDITIONS
 THE FOLLOWING WEATHER WAS RECORDED YESTERDAY.
  FOG


RELATIVE HUMIDITY (PERCENT)
 HIGHEST    92           800 PM
 LOWEST     70           200 PM
 AVERAGE    81

..........................................................


THE NORFOLK, NEBRASKA CLIMATE NORMALS FOR TODAY
                         NORMAL    RECORD    YEAR
 MAXIMUM TEMPERATURE (F)   33        71      1981
 MINIMUM TEMPERATURE (F)   12       -27      1894


SUNRISE AND SUNSET
JANUARY 24 2017.......SUNRISE   749 AM CST   SUNSET   535 PM CST
JANUARY 25 2017.......SUNRISE   749 AM CST   SUNSET   536 PM CST


-  INDICATES NEGATIVE NUMBERS.
R  INDICATES RECORD WAS SET OR TIED.
MM INDICATES DATA IS MISSING.
T  INDICATES TRACE AMOUNT.




$$
