000
CDUS43 KOAX 302237
CLIOFK


CLIMATE REPORT
NATIONAL WEATHER SERVICE OMAHA NEBRASKA
436 PM CST FRI JAN 30 2015


...................................

...THE NORFOLK, NEBRASKA CLIMATE SUMMARY FOR JANUARY 30 2015...
VALID TODAY AS OF 400 PM LOCAL TIME.

CLIMATE NORMAL PERIOD 1981 TO 2010
CLIMATE RECORD PERIOD 1888 TO 2015


WEATHER ITEM   OBSERVED TIME   RECORD YEAR NORMAL DEPARTURE LAST
                VALUE   (LST)  VALUE       VALUE  FROM      YEAR
                                                  NORMAL
..................................................................
TEMPERATURE (F)
 TODAY
  MAXIMUM         44    359 PM  67    2012  34     10       45
  MINIMUM         14    622 AM -25    1902  13      1       17
  AVERAGE         29                        23      6       31

PRECIPITATION (IN)
  TODAY            0.00          0.40 1922   0.02  -0.02      T
  MONTH TO DATE    0.27                      0.57  -0.30     0.13
  SINCE DEC 1      1.47                      1.32   0.15     0.27
  SINCE JAN 1      0.27                      0.57  -0.30     0.13

SNOWFALL (IN)
  TODAY            0.0                       0.3   -0.3       T
  MONTH TO DATE    3.7                       6.2   -2.5      1.0
  SINCE JUL 1     13.3                      17.1   -3.8      4.3
  SNOW DEPTH       0

DEGREE DAYS
 HEATING
  TODAY           36                        42     -6       34
  MONTH TO DATE 1170                      1279   -109     1287
  SINCE DEC 1   2306                      2540   -234     2663
  SINCE JUL 1   3799                      3985   -186     4049

 COOLING
  TODAY            0                         0      0        0
  MONTH TO DATE    0                         0      0        0
  SINCE DEC 1      0                         0      0        0
  SINCE JAN 1      0                         0      0        0
..................................................................


WIND (MPH)
  HIGHEST WIND SPEED    22   HIGHEST WIND DIRECTION     S (200)
  HIGHEST GUST SPEED    29   HIGHEST GUST DIRECTION     S (190)
  AVERAGE WIND SPEED     8.9


SKY COVER
  POSSIBLE SUNSHINE  MM
  AVERAGE SKY COVER 0.0


WEATHER CONDITIONS
 THE FOLLOWING WEATHER WAS RECORDED TODAY.
  NO SIGNIFICANT WEATHER WAS OBSERVED.


RELATIVE HUMIDITY (PERCENT)
 HIGHEST    92           500 AM
 LOWEST     49           300 PM
 AVERAGE    71

..........................................................


THE NORFOLK, NEBRASKA CLIMATE NORMALS FOR TOMORROW
                         NORMAL    RECORD    YEAR
 MAXIMUM TEMPERATURE (F)   34        65      1989
 MINIMUM TEMPERATURE (F)   13       -26      1918


SUNRISE AND SUNSET
JANUARY 30 2015.......SUNRISE   745 AM CST   SUNSET   542 PM CST
JANUARY 31 2015.......SUNRISE   744 AM CST   SUNSET   543 PM CST


-  INDICATES NEGATIVE NUMBERS.
R  INDICATES RECORD WAS SET OR TIED.
MM INDICATES DATA IS MISSING.
T  INDICATES TRACE AMOUNT.




$$

KLISH
