000
CDUS43 KOAX 040659
CLIOFK


CLIMATE REPORT
NATIONAL WEATHER SERVICE OMAHA NEBRASKA
1258 AM CST WED MAR 4 2015


...................................

...THE NORFOLK, NEBRASKA CLIMATE SUMMARY FOR MARCH 3 2015...

CLIMATE NORMAL PERIOD 1981 TO 2010
CLIMATE RECORD PERIOD 1888 TO 2015


WEATHER ITEM   OBSERVED TIME   RECORD YEAR NORMAL DEPARTURE LAST
                VALUE   (LST)  VALUE       VALUE  FROM      YEAR
                                                  NORMAL
..................................................................
TEMPERATURE (F)
 YESTERDAY
  MAXIMUM         32    934 AM  77    1921  43    -11       22
                                      1905
  MINIMUM         17    946 PM -14    2014  22     -5      -14
  AVERAGE         25                        32     -7        4

PRECIPITATION (IN)
  YESTERDAY        T             0.61 1979   0.04  -0.04     0.00
  MONTH TO DATE    T                         0.11  -0.11     0.15
  SINCE MAR 1      T                         0.11  -0.11     0.15
  SINCE JAN 1      0.88                      1.46  -0.58     0.71

SNOWFALL (IN)
  YESTERDAY        T                         0.2   -0.2      0.0
  MONTH TO DATE    T                         0.6   -0.6      3.2
  SINCE JUL 1     20.3                      23.4   -3.1     14.6
  SNOW DEPTH       0

DEGREE DAYS
 HEATING
  YESTERDAY       40                        33      7       61
  MONTH TO DATE  117                       100     17      191
  SINCE MAR 1    117                       100     17      191
  SINCE JUL 1   5163                      5193    -30     5541

 COOLING
  YESTERDAY        0                         0      0        0
  MONTH TO DATE    0                         0      0        0
  SINCE MAR 1      0                         0      0        0
  SINCE JAN 1      0                         0      0        0
..................................................................


WIND (MPH)
  HIGHEST WIND SPEED    36   HIGHEST WIND DIRECTION    NW (330)
  HIGHEST GUST SPEED    50   HIGHEST GUST DIRECTION     N (340)
  AVERAGE WIND SPEED    14.7


SKY COVER
  POSSIBLE SUNSHINE  MM
  AVERAGE SKY COVER 0.6


WEATHER CONDITIONS
 THE FOLLOWING WEATHER WAS RECORDED YESTERDAY.
  LIGHT SNOW
  FOG


RELATIVE HUMIDITY (PERCENT)
 HIGHEST    92           500 AM
 LOWEST     34           300 PM
 AVERAGE    63

..........................................................


THE NORFOLK, NEBRASKA CLIMATE NORMALS FOR TODAY
                         NORMAL    RECORD    YEAR
 MAXIMUM TEMPERATURE (F)   43        75      1918
 MINIMUM TEMPERATURE (F)   22       -20      1960


SUNRISE AND SUNSET
MARCH  4 2015.........SUNRISE   700 AM CST   SUNSET   623 PM CST
MARCH  5 2015.........SUNRISE   659 AM CST   SUNSET   624 PM CST


-  INDICATES NEGATIVE NUMBERS.
R  INDICATES RECORD WAS SET OR TIED.
MM INDICATES DATA IS MISSING.
T  INDICATES TRACE AMOUNT.




$$
