000
CDUS43 KOAX 231027
CLIOFK

CLIMATE REPORT
NATIONAL WEATHER SERVICE OMAHA NEBRASKA
525 AM CDT SAT MAY 23 2015


...................................

...THE NORFOLK, NEBRASKA CLIMATE SUMMARY FOR MAY 22 2015...

CLIMATE NORMAL PERIOD 1981 TO 2010
CLIMATE RECORD PERIOD 1888 TO 2015


WEATHER ITEM   OBSERVED TIME   RECORD YEAR NORMAL DEPARTURE LAST
                VALUE   (LST)  VALUE       VALUE  FROM      YEAR
                                                  NORMAL
..................................................................
TEMPERATURE (F)
 YESTERDAY
  MAXIMUM         67   1134 AM  92    1954  74     -7       79
                                      1925
  MINIMUM         39    518 AM  29    1931  51    -12       57
  AVERAGE         53                        62     -9       68

PRECIPITATION (IN)
  YESTERDAY        0.18          2.96 1906   0.13   0.05     0.00
  MONTH TO DATE    2.74                      2.69   0.05     0.43
  SINCE MAR 1      5.50                      7.11  -1.61     4.11
  SINCE JAN 1      6.38                      8.46  -2.08     4.67

SNOWFALL (IN)
  YESTERDAY       0.0                        0.0             0.0
  MONTH TO DATE    0.0                       0.3   -0.3      0.0
  SINCE JUL 1     20.7                      30.8  -10.1     19.9
  SNOW DEPTH       0

DEGREE DAYS
 HEATING
  YESTERDAY       12                         5      7        0
  MONTH TO DATE  157                       158     -1      202
  SINCE MAR 1   1211                      1488   -277     1582
  SINCE JUL 1   6257                      6581   -324     6932

 COOLING
  YESTERDAY        0                         2     -2        3
  MONTH TO DATE   18                        28    -10       24
  SINCE MAR 1     23                        40    -17       26
  SINCE JAN 1     23                        40    -17       26
..................................................................


WIND (MPH)
  HIGHEST WIND SPEED    23   HIGHEST WIND DIRECTION     S (160)
  HIGHEST GUST SPEED    32   HIGHEST GUST DIRECTION     S (160)
  AVERAGE WIND SPEED     5.6


SKY COVER
  POSSIBLE SUNSHINE  MM
  AVERAGE SKY COVER 0.4


WEATHER CONDITIONS
 THE FOLLOWING WEATHER WAS RECORDED YESTERDAY.
  RAIN
  LIGHT RAIN


RELATIVE HUMIDITY (PERCENT)
 HIGHEST    93          1000 PM
 LOWEST     34          1100 AM
 AVERAGE    64

..........................................................


THE NORFOLK, NEBRASKA CLIMATE NORMALS FOR TODAY
                         NORMAL    RECORD    YEAR
 MAXIMUM TEMPERATURE (F)   74        95      1950
 MINIMUM TEMPERATURE (F)   51        35      1913
                                             1893


SUNRISE AND SUNSET
MAY 23 2015...........SUNRISE   602 AM CDT   SUNSET   851 PM CDT
MAY 24 2015...........SUNRISE   602 AM CDT   SUNSET   852 PM CDT


-  INDICATES NEGATIVE NUMBERS.
R  INDICATES RECORD WAS SET OR TIED.
MM INDICATES DATA IS MISSING.
T  INDICATES TRACE AMOUNT.




$$
