932
CDUS43 KOAX 070658
CLIOFK


CLIMATE REPORT
NATIONAL WEATHER SERVICE OMAHA NEBRASKA
1257 AM CST SUN FEB 7 2016


...................................

...THE NORFOLK, NEBRASKA CLIMATE SUMMARY FOR FEBRUARY 6 2016...

CLIMATE NORMAL PERIOD 1981 TO 2010
CLIMATE RECORD PERIOD 1888 TO 2016


WEATHER ITEM   OBSERVED TIME   RECORD YEAR NORMAL DEPARTURE LAST
                VALUE   (LST)  VALUE       VALUE  FROM      YEAR
                                                  NORMAL
..................................................................
TEMPERATURE (F)
 YESTERDAY
  MAXIMUM         39    157 PM  58    1957  35      4       50
  MINIMUM         13    722 AM -25    1905  14     -1       22
  AVERAGE         26                        24      2       36

PRECIPITATION (IN)
  YESTERDAY        0.00          0.60 1921   0.03  -0.03     0.00
  MONTH TO DATE    1.29                      0.15   1.14     0.26
  SINCE DEC 1      4.13                      1.49   2.64     2.03
  SINCE JAN 1      1.86                      0.74   1.12     0.83

SNOWFALL (IN)
  YESTERDAY        0.0                       0.2   -0.2      0.0
  MONTH TO DATE   14.2                       1.3   12.9      3.7
  SINCE JUL 1     38.7                      18.6   20.1     20.0
  SNOW DEPTH       9

DEGREE DAYS
 HEATING
  YESTERDAY       39                        41     -2       29
  MONTH TO DATE  242                       246     -4      295
  SINCE DEC 1   2585                      2823   -238     2633
  SINCE JUL 1   3606                      4268   -662     4126

 COOLING
  YESTERDAY        0                         0      0        0
  MONTH TO DATE    0                         0      0        0
  SINCE DEC 1      0                         0      0        0
  SINCE JAN 1      0                         0      0        0
..................................................................


WIND (MPH)
  HIGHEST WIND SPEED    18   HIGHEST WIND DIRECTION     S (200)
  HIGHEST GUST SPEED    24   HIGHEST GUST DIRECTION    SW (210)
  AVERAGE WIND SPEED     7.6


SKY COVER
  POSSIBLE SUNSHINE  MM
  AVERAGE SKY COVER 0.1


WEATHER CONDITIONS
 THE FOLLOWING WEATHER WAS RECORDED YESTERDAY.
  FOG
  FOG W/VISIBILITY <= 1/4 MILE
  HAZE


RELATIVE HUMIDITY (PERCENT)
 HIGHEST    92          1200 AM
 LOWEST     54           200 PM
 AVERAGE    73

..........................................................


THE NORFOLK, NEBRASKA CLIMATE NORMALS FOR TODAY
                         NORMAL    RECORD    YEAR
 MAXIMUM TEMPERATURE (F)   35        71      1987
 MINIMUM TEMPERATURE (F)   14       -23      1895


SUNRISE AND SUNSET
FEBRUARY  7 2016......SUNRISE   736 AM CST   SUNSET   552 PM CST
FEBRUARY  8 2016......SUNRISE   735 AM CST   SUNSET   553 PM CST


-  INDICATES NEGATIVE NUMBERS.
R  INDICATES RECORD WAS SET OR TIED.
MM INDICATES DATA IS MISSING.
T  INDICATES TRACE AMOUNT.




$$
