000
CDUS43 KOAX 080625
CLIOFK


CLIMATE REPORT
NATIONAL WEATHER SERVICE OMAHA NEBRASKA
1223 AM CST THU DEC 8 2016


...................................

...THE NORFOLK, NEBRASKA CLIMATE SUMMARY FOR DECEMBER 7 2016...

CLIMATE NORMAL PERIOD 1981 TO 2010
CLIMATE RECORD PERIOD 1888 TO 2016


WEATHER ITEM   OBSERVED TIME   RECORD YEAR NORMAL DEPARTURE LAST
                VALUE   (LST)  VALUE       VALUE  FROM      YEAR
                                                  NORMAL
..................................................................
TEMPERATURE (F)
 YESTERDAY
  MAXIMUM         21    253 PM  69    1984  36    -15       60
  MINIMUM         11   1159 PM -13    1908  16     -5       35
  AVERAGE         16                        26    -10       48

PRECIPITATION (IN)
  YESTERDAY        0.00          1.07 1926   0.03  -0.03     0.00
  MONTH TO DATE    0.02                      0.21  -0.19     0.03
  SINCE DEC 1      0.02                      0.21  -0.19     0.03
  SINCE JAN 1     30.61                     26.87   3.74    25.60

SNOWFALL (IN)
  YESTERDAY        0.0                       0.2   -0.2      0.0
  MONTH TO DATE    T                         1.4   -1.4      0.4
  SINCE JUL 1      2.5                       6.3   -3.8      9.2
  SNOW DEPTH       0

DEGREE DAYS
 HEATING
  YESTERDAY       49                        39     10       17
  MONTH TO DATE  255                       266    -11      210
  SINCE DEC 1    255                       266    -11      210
  SINCE JUL 1   1300                      1711   -411     1231

 COOLING
  YESTERDAY        0                         0      0        0
  MONTH TO DATE    0                         0      0        0
  SINCE DEC 1      0                         0      0        0
  SINCE JAN 1    963                       915     48      917
..................................................................


WIND (MPH)
  HIGHEST WIND SPEED    26   HIGHEST WIND DIRECTION    NW (310)
  HIGHEST GUST SPEED    32   HIGHEST GUST DIRECTION    NW (310)
  AVERAGE WIND SPEED    17.8


SKY COVER
  POSSIBLE SUNSHINE  MM
  AVERAGE SKY COVER 0.1


WEATHER CONDITIONS
 THE FOLLOWING WEATHER WAS RECORDED YESTERDAY.
  NO SIGNIFICANT WEATHER WAS OBSERVED.


RELATIVE HUMIDITY (PERCENT)
 HIGHEST    67           300 AM
 LOWEST     45           100 PM
 AVERAGE    56

..........................................................


THE NORFOLK, NEBRASKA CLIMATE NORMALS FOR TODAY
                         NORMAL    RECORD    YEAR
 MAXIMUM TEMPERATURE (F)   35        70      1970
 MINIMUM TEMPERATURE (F)   16       -17      1927


SUNRISE AND SUNSET
DECEMBER  8 2016......SUNRISE   745 AM CST   SUNSET   458 PM CST
DECEMBER  9 2016......SUNRISE   746 AM CST   SUNSET   458 PM CST


-  INDICATES NEGATIVE NUMBERS.
R  INDICATES RECORD WAS SET OR TIED.
MM INDICATES DATA IS MISSING.
T  INDICATES TRACE AMOUNT.


$$

BCM
