000
CDUS43 KOAX 270638
CLIOFK


CLIMATE REPORT
NATIONAL WEATHER SERVICE OMAHA NEBRASKA
138 AM CDT THU JUL 27 2017


...................................

...THE NORFOLK, NEBRASKA CLIMATE SUMMARY FOR JULY 26 2017...

CLIMATE NORMAL PERIOD 1981 TO 2010
CLIMATE RECORD PERIOD 1888 TO 2017


WEATHER ITEM   OBSERVED TIME   RECORD YEAR NORMAL DEPARTURE LAST
                VALUE   (LST)  VALUE       VALUE  FROM      YEAR
                                                  NORMAL
..................................................................
TEMPERATURE (F)
 YESTERDAY
  MAXIMUM         84    329 PM 110    1936  86     -2       86
  MINIMUM         70    439 AM  46    1962  64      6       59
  AVERAGE         77                        75      2       73

PRECIPITATION (IN)
  YESTERDAY        1.23          1.26 1905   0.10   1.13     0.00
  MONTH TO DATE    2.10                      2.81  -0.71     2.69
  SINCE JUN 1      4.57                      7.07  -2.50     5.90
  SINCE JAN 1     16.18                     16.77  -0.59    22.35

SNOWFALL (IN)
  YESTERDAY        0.0                       0.0    0.0      0.0
  MONTH TO DATE    0.0                       0.0    0.0      0.0
  SINCE JUL 1      0.0                       0.0    0.0      0.0
  SNOW DEPTH       0

DEGREE DAYS
 HEATING
  YESTERDAY        0                         0      0        0
  MONTH TO DATE    0                         0      0        7
  SINCE JUN 1     12                        30    -18       10
  SINCE JUL 1      0                         0      0        7

 COOLING
  YESTERDAY       12                        10      2        8
  MONTH TO DATE  338                       258     80      255
  SINCE JUN 1    575                       444    131      531
  SINCE JAN 1    603                       505     98      569
..................................................................


WIND (MPH)
  HIGHEST WIND SPEED    21   HIGHEST WIND DIRECTION    NE (40)
  HIGHEST GUST SPEED    28   HIGHEST GUST DIRECTION    NW (300)
  AVERAGE WIND SPEED     9.5


SKY COVER
  POSSIBLE SUNSHINE  MM
  AVERAGE SKY COVER 0.5


WEATHER CONDITIONS
 THE FOLLOWING WEATHER WAS RECORDED YESTERDAY.
  THUNDERSTORM
  HEAVY RAIN
  RAIN
  LIGHT RAIN
  FOG


RELATIVE HUMIDITY (PERCENT)
 HIGHEST    93           500 AM
 LOWEST     62          1200 AM
 AVERAGE    78

..........................................................


THE NORFOLK, NEBRASKA CLIMATE NORMALS FOR TODAY
                         NORMAL    RECORD    YEAR
 MAXIMUM TEMPERATURE (F)   86       108      1935
                                             1930
 MINIMUM TEMPERATURE (F)   64        47      2005


SUNRISE AND SUNSET
JULY 27 2017..........SUNRISE   619 AM CDT   SUNSET   853 PM CDT
JULY 28 2017..........SUNRISE   620 AM CDT   SUNSET   852 PM CDT


-  INDICATES NEGATIVE NUMBERS.
R  INDICATES RECORD WAS SET OR TIED.
MM INDICATES DATA IS MISSING.
T  INDICATES TRACE AMOUNT.




$$
