000
CDUS43 KOAX 250651
CLIOFK


CLIMATE REPORT
NATIONAL WEATHER SERVICE OMAHA NEBRASKA
149 AM CDT WED MAY 25 2016


...................................

...THE NORFOLK, NEBRASKA CLIMATE SUMMARY FOR MAY 24 2016...

CLIMATE NORMAL PERIOD 1981 TO 2010
CLIMATE RECORD PERIOD 1888 TO 2016


WEATHER ITEM   OBSERVED TIME   RECORD YEAR NORMAL DEPARTURE LAST
                VALUE   (LST)  VALUE       VALUE  FROM      YEAR
                                                  NORMAL
..................................................................
TEMPERATURE (F)
 YESTERDAY
  MAXIMUM         86    344 PM 102    1967  75     11       66
  MINIMUM         54    432 AM  29    1924  51      3       55
  AVERAGE         70                        63      7       61

PRECIPITATION (IN)
  YESTERDAY        0.00          2.10 1907   0.13  -0.13     0.52
  MONTH TO DATE    4.02                      2.96   1.06     3.29
  SINCE MAR 1     11.64                      7.38   4.26     6.05
  SINCE JAN 1     13.79                      8.73   5.06     6.93

SNOWFALL (IN)
  YESTERDAY        0.0                       0.0    0.0      0.0
  MONTH TO DATE    0.0                       0.3   -0.3      0.0
  SINCE JUL 1     53.0                      30.8   22.2     20.7
  SNOW DEPTH       0

DEGREE DAYS
 HEATING
  YESTERDAY        0                         4     -4        4
  MONTH TO DATE  189                       166     23      168
  SINCE MAR 1   1271                      1496   -225     1222
  SINCE JUL 1   5572                      6589  -1017     6268

 COOLING
  YESTERDAY        5                         2      3        0
  MONTH TO DATE   19                        32    -13       18
  SINCE MAR 1     19                        44    -25       23
  SINCE JAN 1     19                        44    -25       23
..................................................................


WIND (MPH)
  HIGHEST WIND SPEED    20   HIGHEST WIND DIRECTION    SE (130)
  HIGHEST GUST SPEED    25   HIGHEST GUST DIRECTION    SE (130)
  AVERAGE WIND SPEED     6.8


SKY COVER
  POSSIBLE SUNSHINE  MM
  AVERAGE SKY COVER 0.0


WEATHER CONDITIONS
 THE FOLLOWING WEATHER WAS RECORDED YESTERDAY.
  FOG


RELATIVE HUMIDITY (PERCENT)
 HIGHEST    93          1200 AM
 LOWEST     32           300 PM
 AVERAGE    63

..........................................................


THE NORFOLK, NEBRASKA CLIMATE NORMALS FOR TODAY
                         NORMAL    RECORD    YEAR
 MAXIMUM TEMPERATURE (F)   75       103      1967
 MINIMUM TEMPERATURE (F)   52        30      1925


SUNRISE AND SUNSET
MAY 25 2016...........SUNRISE   600 AM CDT   SUNSET   853 PM CDT
MAY 26 2016...........SUNRISE   600 AM CDT   SUNSET   854 PM CDT


-  INDICATES NEGATIVE NUMBERS.
R  INDICATES RECORD WAS SET OR TIED.
MM INDICATES DATA IS MISSING.
T  INDICATES TRACE AMOUNT.




$$
