000
CDUS42 KCAE 260541
CLIOGB


CLIMATE REPORT
NATIONAL WEATHER SERVICE COLUMBIA SC
1241 AM EST WED NOV 26 2014


...................................

...THE ORANGEBURG AIRPORT SC CLIMATE SUMMARY FOR NOVEMBER 25 2014...

CLIMATE NORMAL PERIOD 1981 TO 2010
CLIMATE RECORD PERIOD 9999 TO 9999


WEATHER ITEM   OBSERVED TIME   RECORD YEAR NORMAL DEPARTURE LAST
                VALUE   (LST)  VALUE       VALUE  FROM      YEAR
                                                  NORMAL
..................................................................
TEMPERATURE (F)
 YESTERDAY
  MAXIMUM         64    134 PM  MM      MM  65     -1       50
  MINIMUM         58   1159 PM  MM      MM  42     16       26
  AVERAGE         61                        54      7       38

PRECIPITATION (IN)
  YESTERDAY        0.31         MM      MM   0.10   0.21     0.00
  MONTH TO DATE    2.42                      2.40   0.02     0.79
  SINCE SEP 1      7.98                      9.58  -1.60     2.85
  SINCE JAN 1     43.00                     42.89   0.11    50.16

DEGREE DAYS
 HEATING
  YESTERDAY        4                        12     -8       27
  MONTH TO DATE  318                       215    103      245
  SINCE SEP 1    382                       305     77      304
  SINCE JUL 1    382                       305     77      304

 COOLING
  YESTERDAY        0                         0      0        0
  MONTH TO DATE    7                        12     -5       19
  SINCE SEP 1    459                       406     53      450
  SINCE JAN 1   2250                      2099    151     2042
..................................................................


WIND (MPH)
  HIGHEST WIND SPEED    16   HIGHEST WIND DIRECTION    SW (240)
  HIGHEST GUST SPEED    18   HIGHEST GUST DIRECTION    SW (240)
  AVERAGE WIND SPEED     3.6


SKY COVER
  AVERAGE SKY COVER 0.8


WEATHER CONDITIONS
 THE FOLLOWING WEATHER WAS RECORDED YESTERDAY.
  HEAVY RAIN
  RAIN
  LIGHT RAIN
  FOG


RELATIVE HUMIDITY (PERCENT)
 HIGHEST    97           300 AM
 LOWEST     84           300 PM

..........................................................


THE ORANGEBURG AIRPORT SC CLIMATE NORMALS FOR TODAY
                         NORMAL    RECORD    YEAR
 MAXIMUM TEMPERATURE (F)   65        MM        MM
 MINIMUM TEMPERATURE (F)   41        MM        MM


SUNRISE AND SUNSET
NOVEMBER 26 2014......SUNRISE   705 AM EST   SUNSET   516 PM EST
NOVEMBER 27 2014......SUNRISE   706 AM EST   SUNSET   516 PM EST


-  INDICATES NEGATIVE NUMBERS.
R  INDICATES RECORD WAS SET OR TIED.
MM INDICATES DATA IS MISSING.
T  INDICATES TRACE AMOUNT.




$$
