000
CDUS42 KCAE 162128
CLIOGB


CLIMATE REPORT
NATIONAL WEATHER SERVICE COLUMBIA SC
526 PM EDT WED AUG 16 2017


...................................

...THE ORANGEBURG AIRPORT SC CLIMATE SUMMARY FOR AUGUST 16 2017...
VALID TODAY AS OF 0500 PM LOCAL TIME.

CLIMATE NORMAL PERIOD 1981 TO 2010
CLIMATE RECORD PERIOD 9999 TO 9999


WEATHER ITEM   OBSERVED TIME   NORMAL DEPARTURE LAST
                VALUE   (LST)  VALUE  FROM      YEAR
                                      NORMAL
......................................................
TEMPERATURE (F)
 TODAY
  MAXIMUM         97    333 PM  90      7       95
  MINIMUM         75    545 AM  71      4       74
  AVERAGE         86            80      6       85

PRECIPITATION (IN)
  TODAY            0.00          0.17  -0.17     0.00
  MONTH TO DATE    2.95          2.87   0.08     2.20
  SINCE JUN 1     11.38         13.28  -1.90     7.97
  SINCE JAN 1     27.89         30.90  -3.01    24.13

DEGREE DAYS
 HEATING
  TODAY            0             0      0        0
  MONTH TO DATE    0             0      0        0
  SINCE JUN 1      0             1     -1        0
  SINCE JUL 1      0             0      0        0

 COOLING
  TODAY           21            15      6       20
  MONTH TO DATE  252           258     -6      288
  SINCE JUN 1   1176          1177     -1     1392
  SINCE JAN 1   1644          1480    164     1787
......................................................


WIND (MPH)
  HIGHEST WIND SPEED    12   HIGHEST WIND DIRECTION     W (270)
  HIGHEST GUST SPEED    13   HIGHEST GUST DIRECTION     W (260)
  AVERAGE WIND SPEED     3.9


SKY COVER
  AVERAGE SKY COVER 0.1


WEATHER CONDITIONS
 THE FOLLOWING WEATHER WAS RECORDED TODAY.
  NO SIGNIFICANT WEATHER WAS OBSERVED.


RELATIVE HUMIDITY (PERCENT)
 HIGHEST    94           300 AM
 LOWEST     45           400 PM

..........................................................


THE ORANGEBURG AIRPORT SC CLIMATE NORMALS FOR TOMORROW
                         NORMAL
 MAXIMUM TEMPERATURE (F)   90
 MINIMUM TEMPERATURE (F)   71


SUNRISE AND SUNSET
AUGUST 16 2017........SUNRISE   647 AM EDT   SUNSET   808 PM EDT
AUGUST 17 2017........SUNRISE   647 AM EDT   SUNSET   807 PM EDT


-  INDICATES NEGATIVE NUMBERS.
R  INDICATES RECORD WAS SET OR TIED.
MM INDICATES DATA IS MISSING.
T  INDICATES TRACE AMOUNT.




$$
