000
CDUS42 KCAE 290534
CLIOGB


CLIMATE REPORT
NATIONAL WEATHER SERVICE COLUMBIA SC
132 AM EDT FRI APR 29 2016


...................................

...THE ORANGEBURG AIRPORT SC CLIMATE SUMMARY FOR APRIL 28 2016...

CLIMATE NORMAL PERIOD 1981 TO 2010
CLIMATE RECORD PERIOD 9999 TO 9999


WEATHER ITEM   OBSERVED TIME   NORMAL DEPARTURE LAST
                VALUE   (LST)  VALUE  FROM      YEAR
                                      NORMAL
......................................................
TEMPERATURE (F)
 YESTERDAY
  MAXIMUM         88    343 PM  80      8       72
  MINIMUM         64    406 AM  53     11       50
  AVERAGE         76            66     10       61

PRECIPITATION (IN)
  YESTERDAY        T             0.07  -0.07     0.00
  MONTH TO DATE    1.26          2.72  -1.46     2.87
  SINCE MAR 1      3.61          6.70  -3.09     5.84
  SINCE JAN 1     10.78         14.27  -3.49    12.69

DEGREE DAYS
 HEATING
  YESTERDAY        0             2     -2        4
  MONTH TO DATE   79           106    -27       28
  SINCE MAR 1    220           383   -163      236
  SINCE JUL 1   1621          2315   -694     2310

 COOLING
  YESTERDAY       11             3      8        0
  MONTH TO DATE   68            57     11       96
  SINCE MAR 1    136            74     62      122
  SINCE JAN 1    142            77     65      122
......................................................


WIND (MPH)
  HIGHEST WIND SPEED    21   HIGHEST WIND DIRECTION    SW (220)
  HIGHEST GUST SPEED    26   HIGHEST GUST DIRECTION    SW (240)
  AVERAGE WIND SPEED     7.4


SKY COVER
  AVERAGE SKY COVER 0.3


WEATHER CONDITIONS
 THE FOLLOWING WEATHER WAS RECORDED YESTERDAY.
  LIGHT RAIN


RELATIVE HUMIDITY (PERCENT)
 HIGHEST    93           400 AM
 LOWEST     46           400 PM

..........................................................


THE ORANGEBURG AIRPORT SC CLIMATE NORMALS FOR TODAY
                         NORMAL    RECORD    YEAR
 MAXIMUM TEMPERATURE (F)   80        MM        MM
 MINIMUM TEMPERATURE (F)   54        MM        MM


SUNRISE AND SUNSET
APRIL 29 2016.........SUNRISE   637 AM EDT   SUNSET   805 PM EDT
APRIL 30 2016.........SUNRISE   636 AM EDT   SUNSET   806 PM EDT


-  INDICATES NEGATIVE NUMBERS.
R  INDICATES RECORD WAS SET OR TIED.
MM INDICATES DATA IS MISSING.
T  INDICATES TRACE AMOUNT.




$$
