000
CDUS42 KCAE 260641
CLIOGB


CLIMATE REPORT
NATIONAL WEATHER SERVICE COLUMBIA SC
241 AM EDT WED APR 26 2017


...................................

...THE ORANGEBURG AIRPORT SC CLIMATE SUMMARY FOR APRIL 25 2017...

CLIMATE NORMAL PERIOD 1981 TO 2010
CLIMATE RECORD PERIOD 9999 TO 9999


WEATHER ITEM   OBSERVED TIME   NORMAL DEPARTURE LAST
                VALUE   (LST)  VALUE  FROM      YEAR
                                      NORMAL
......................................................
TEMPERATURE (F)
 YESTERDAY
  MAXIMUM         74    555 PM  79     -5       82
  MINIMUM         56    537 AM  53      3       54
  AVERAGE         65            66     -1       68

PRECIPITATION (IN)
  YESTERDAY        0.07          0.07   0.00     0.00
  MONTH TO DATE    2.28          2.50  -0.22     2.57
  SINCE MAR 1      4.04          6.48  -2.44     4.92
  SINCE JAN 1     10.69         14.05  -3.36    12.09

DEGREE DAYS
 HEATING
  YESTERDAY        0             2     -2        0
  MONTH TO DATE   37           100    -63       79
  SINCE MAR 1    309           377    -68      220
  SINCE JUL 1   1618          2309   -691     1621

 COOLING
  YESTERDAY        0             3     -3        3
  MONTH TO DATE   85            48     37       43
  SINCE MAR 1    131            65     66      111
  SINCE JAN 1    157            68     89      117
......................................................


WIND (MPH)
  HIGHEST WIND SPEED    16   HIGHEST WIND DIRECTION    NW (300)
  HIGHEST GUST SPEED    23   HIGHEST GUST DIRECTION    NW (320)
  AVERAGE WIND SPEED     5.8


SKY COVER
  AVERAGE SKY COVER 0.7


WEATHER CONDITIONS
 THE FOLLOWING WEATHER WAS RECORDED YESTERDAY.
  LIGHT RAIN
  FOG


RELATIVE HUMIDITY (PERCENT)
 HIGHEST   100          1000 PM
 LOWEST     57           300 PM

..........................................................


THE ORANGEBURG AIRPORT SC CLIMATE NORMALS FOR TODAY
                         NORMAL    RECORD    YEAR
 MAXIMUM TEMPERATURE (F)   79        MM        MM
 MINIMUM TEMPERATURE (F)   53        MM        MM


SUNRISE AND SUNSET
APRIL 26 2017.........SUNRISE   640 AM EDT   SUNSET   803 PM EDT
APRIL 27 2017.........SUNRISE   639 AM EDT   SUNSET   803 PM EDT


-  INDICATES NEGATIVE NUMBERS.
R  INDICATES RECORD WAS SET OR TIED.
MM INDICATES DATA IS MISSING.
T  INDICATES TRACE AMOUNT.




$$
