000
CDUS42 KCAE 190520
CLIOGB


CLIMATE REPORT
NATIONAL WEATHER SERVICE COLUMBIA SC
120 AM EDT SAT APR 19 2014


...................................

...THE ORANGEBURG AIRPORT SC CLIMATE SUMMARY FOR APRIL 18 2014...

CLIMATE NORMAL PERIOD 1981 TO 2010
CLIMATE RECORD PERIOD 9999 TO 9999


WEATHER ITEM   OBSERVED TIME   RECORD YEAR NORMAL DEPARTURE LAST
                VALUE   (LST)  VALUE       VALUE  FROM      YEAR
                                                  NORMAL
..................................................................
TEMPERATURE (F)
 YESTERDAY
  MAXIMUM         60   1216 PM  MM      MM  77    -17       82
  MINIMUM         51    650 AM  MM      MM  51      0       62
  AVERAGE         56                        64     -8       72

PRECIPITATION (IN)
  YESTERDAY        1.79         MM      MM   0.10   1.69     0.01
  MONTH TO DATE    3.07                      1.86   1.21     1.26
  SINCE MAR 1      5.94                      5.84   0.10     4.32
  SINCE JAN 1     11.86                     13.41  -1.55    12.48

DEGREE DAYS
 HEATING
  YESTERDAY        9                         3      6        0
  MONTH TO DATE   62                        82    -20       56
  SINCE MAR 1    448                       359     89      490
  SINCE JUL 1   2312                      2291     21     2123

 COOLING
  YESTERDAY        0                         2     -2        7
  MONTH TO DATE   31                        31      0       48
  SINCE MAR 1     33                        48    -15       54
  SINCE JAN 1     39                        51    -12       74
..................................................................


WIND (MPH)
  HIGHEST WIND SPEED    21   HIGHEST WIND DIRECTION    NE (30)
  HIGHEST GUST SPEED    32   HIGHEST GUST DIRECTION    NE (30)
  AVERAGE WIND SPEED    10.7


SKY COVER
  AVERAGE SKY COVER 0.7


WEATHER CONDITIONS
 THE FOLLOWING WEATHER WAS RECORDED YESTERDAY.
  HEAVY RAIN
  RAIN
  LIGHT RAIN
  FOG


RELATIVE HUMIDITY (PERCENT)
 HIGHEST    93           700 PM
 LOWEST     57          1000 AM

..........................................................


THE ORANGEBURG AIRPORT SC CLIMATE NORMALS FOR TODAY
                         NORMAL    RECORD    YEAR
 MAXIMUM TEMPERATURE (F)   77        MM        MM
 MINIMUM TEMPERATURE (F)   51        MM        MM


SUNRISE AND SUNSET
APRIL 19 2014.........SUNRISE   648 AM EDT   SUNSET   757 PM EDT
APRIL 20 2014.........SUNRISE   647 AM EDT   SUNSET   758 PM EDT


-  INDICATES NEGATIVE NUMBERS.
R  INDICATES RECORD WAS SET OR TIED.
MM INDICATES DATA IS MISSING.
T  INDICATES TRACE AMOUNT.




$$
