000
CDHW42 PHFO 210231
CLIOGG


CLIMATE REPORT
NATIONAL WEATHER SERVICE HONOLULU HI
431 PM HST TUE FEB 20 2018


...................................

...THE KAHULUI HI CLIMATE SUMMARY FOR FEBRUARY 20 2018...
VALID TODAY AS OF 0400 PM LOCAL TIME.

CLIMATE NORMAL PERIOD 1981 TO 2010
CLIMATE RECORD PERIOD 1946 TO 2018


WEATHER ITEM   OBSERVED TIME   RECORD YEAR NORMAL DEPARTURE LAST
                VALUE   (LST)  VALUE       VALUE  FROM      YEAR
                                                  NORMAL
..................................................................
TEMPERATURE (F)
 TODAY
  MAXIMUM         79    303 PM  86    2014  81     -2       80
                                      1977
  MINIMUM         59    601 AM  54    1972  63     -4       70
  AVERAGE         69                        72     -3       75

PRECIPITATION (IN)
  TODAY            0.00          0.57 1991   0.06  -0.06      T
  MONTH TO DATE    5.40                      1.36   4.04     1.83
  SINCE DEC 1     13.59                      7.58   6.01     8.97
  SINCE JAN 1      5.67                      4.23   1.44     2.38

SNOWFALL (IN)
  TODAY            0.0
  MONTH TO DATE    0.0
  SINCE DEC 1      0.0
  SINCE JUL 1      0.0
  SNOW DEPTH      MM

DEGREE DAYS
 HEATING
  TODAY            0                         0      0        0
  MONTH TO DATE    0                         0      0        0
  SINCE DEC 1      0                         0      0        0
  SINCE JUL 1      0                         0      0        0

 COOLING
  TODAY            4                         7     -3       10
  MONTH TO DATE  153                       140     13      181
  SINCE DEC 1    594                       616    -22      703
  SINCE JAN 1    371                       357     14      408
..................................................................


WIND (MPH)
  HIGHEST WIND SPEED    13   HIGHEST WIND DIRECTION     N (10)
  HIGHEST GUST SPEED    18   HIGHEST GUST DIRECTION     N (350)
  AVERAGE WIND SPEED    MM


SKY COVER
  POSSIBLE SUNSHINE  MM
  AVERAGE SKY COVER  MM


WEATHER CONDITIONS
 THE FOLLOWING WEATHER WAS RECORDED TODAY.
  HAZE


RELATIVE HUMIDITY (PERCENT)
 HIGHEST    MM
 LOWEST     MM
 AVERAGE    MM

..........................................................


THE KAHULUI HI CLIMATE NORMALS FOR TOMORROW
                         NORMAL    RECORD    YEAR
 MAXIMUM TEMPERATURE (F)   81        86      1974
                                             1954
 MINIMUM TEMPERATURE (F)   63        53      2009


SUNRISE AND SUNSET
FEBRUARY 20 2018......SUNRISE   652 AM HST   SUNSET   627 PM HST
FEBRUARY 21 2018......SUNRISE   652 AM HST   SUNSET   627 PM HST


-  INDICATES NEGATIVE NUMBERS.
R  INDICATES RECORD WAS SET OR TIED.
MM INDICATES DATA IS MISSING.
T  INDICATES TRACE AMOUNT.




$$
