000
CDHW42 PHFO 270314
CLIOGG


CLIMATE REPORT
NATIONAL WEATHER SERVICE HONOLULU HI
508 PM HST TUE JUL 26 2016


...................................

...THE KAHULUI HI CLIMATE SUMMARY FOR JULY 26 2016...
VALID TODAY AS OF 0500 PM LOCAL TIME.

CLIMATE NORMAL PERIOD 1981 TO 2010
CLIMATE RECORD PERIOD 1946 TO 2016


WEATHER ITEM   OBSERVED TIME   RECORD YEAR NORMAL DEPARTURE LAST
                VALUE   (LST)  VALUE       VALUE  FROM      YEAR
                                                  NORMAL
..................................................................
TEMPERATURE (F)
 TODAY
  MAXIMUM         93    210 PM  94    2015  88      5       94
  MINIMUM         69    621 AM  62    1970  72     -3       70
  AVERAGE         81                        80      1       82

PRECIPITATION (IN)
  TODAY            0.00          0.44 2002   0.01  -0.01     0.00
  MONTH TO DATE    1.01                      0.40   0.61     0.83
  SINCE JUN 1      1.37                      0.60   0.77     0.93
  SINCE JAN 1      9.10                     10.10  -1.00    19.89

SNOWFALL (IN)
  TODAY            0.0
  MONTH TO DATE    0.0
  SINCE JUN 1      0.0
  SINCE JUL 1      0.0
  SNOW DEPTH       0

DEGREE DAYS
 HEATING
  TODAY            0                         0      0        0
  MONTH TO DATE    0                         0      0        0
  SINCE JUN 1      0                         0      0        0
  SINCE JUL 1      0                         0      0        0

 COOLING
  TODAY           16                        14      2       17
  MONTH TO DATE  402                       364     38      404
  SINCE JUN 1    828                       752     76      820
  SINCE JAN 1   2317                      2011    306     2142
..................................................................


WIND (MPH)
  HIGHEST WIND SPEED    25   HIGHEST WIND DIRECTION    NE (50)
  HIGHEST GUST SPEED    32   HIGHEST GUST DIRECTION    NE (50)
  AVERAGE WIND SPEED     7.0


SKY COVER
  POSSIBLE SUNSHINE  MM
  AVERAGE SKY COVER 0.3


WEATHER CONDITIONS
 THE FOLLOWING WEATHER WAS RECORDED TODAY.
  NO SIGNIFICANT WEATHER WAS OBSERVED.


RELATIVE HUMIDITY (PERCENT)
 HIGHEST    97           300 AM
 LOWEST     49          1200 PM
 AVERAGE    73

..........................................................


THE KAHULUI HI CLIMATE NORMALS FOR TOMORROW
                         NORMAL    RECORD    YEAR
 MAXIMUM TEMPERATURE (F)   88        96      1951
 MINIMUM TEMPERATURE (F)   72        59      1971


SUNRISE AND SUNSET
JULY 26 2016..........SUNRISE   558 AM HST   SUNSET   706 PM HST
JULY 27 2016..........SUNRISE   558 AM HST   SUNSET   706 PM HST


-  INDICATES NEGATIVE NUMBERS.
R  INDICATES RECORD WAS SET OR TIED.
MM INDICATES DATA IS MISSING.
T  INDICATES TRACE AMOUNT.




$$
