000
CDHW42 PHFO 251452
CLIOGG


CLIMATE REPORT
NATIONAL WEATHER SERVICE HONOLULU HI
452 AM HST SUN JAN 25 2015


...................................

...THE KAHULUI HI CLIMATE SUMMARY FOR JANUARY 24 2015...

CLIMATE NORMAL PERIOD 1981 TO 2010
CLIMATE RECORD PERIOD 1946 TO 2015


WEATHER ITEM   OBSERVED TIME   RECORD YEAR NORMAL DEPARTURE LAST
                VALUE   (LST)  VALUE       VALUE  FROM      YEAR
                                                  NORMAL
..................................................................
TEMPERATURE (F)
 YESTERDAY
  MAXIMUM         74   1215 PM  88    1981  81     -7       80
  MINIMUM         68   1154 PM  55    2014  63      5       55
  AVERAGE         71                        72     -1       68

PRECIPITATION (IN)
  YESTERDAY        0.45          1.07 1950   0.09   0.36     0.00
  MONTH TO DATE    1.11                      2.27  -1.16     2.12
  SINCE DEC 1      5.35                      5.62  -0.27     4.16
  SINCE JAN 1      1.11                      2.27  -1.16     2.12

SNOWFALL (IN)
  YESTERDAY        0.0
  MONTH TO DATE    0.0
  SINCE DEC 1      0.0
  SINCE JUL 1      0.0
  SNOW DEPTH       0

DEGREE DAYS
 HEATING
  YESTERDAY        0                         0      0        0
  MONTH TO DATE    0                         0      0        0
  SINCE DEC 1      0                         0      0        0
  SINCE JUL 1      0                         0      0        0

 COOLING
  YESTERDAY        6                         7     -1        3
  MONTH TO DATE  136                       168    -32      193
  SINCE DEC 1    396                       427    -31      501
  SINCE JAN 1    136                       168    -32      193
..................................................................


WIND (MPH)
  HIGHEST WIND SPEED    22   HIGHEST WIND DIRECTION    NE (30)
  HIGHEST GUST SPEED    25   HIGHEST GUST DIRECTION    NE (30)
  AVERAGE WIND SPEED     9.4


SKY COVER
  POSSIBLE SUNSHINE  MM
  AVERAGE SKY COVER 0.9


WEATHER CONDITIONS
 THE FOLLOWING WEATHER WAS RECORDED YESTERDAY.
  RAIN
  LIGHT RAIN
  FOG


RELATIVE HUMIDITY (PERCENT)
 HIGHEST   100           300 PM
 LOWEST     84          1100 PM
 AVERAGE    92

..........................................................


THE KAHULUI HI CLIMATE NORMALS FOR TODAY
                         NORMAL    RECORD    YEAR
 MAXIMUM TEMPERATURE (F)   81        86      2013
                                             1981
 MINIMUM TEMPERATURE (F)   63        54      2000


SUNRISE AND SUNSET
JANUARY 25 2015.......SUNRISE   704 AM HST   SUNSET   612 PM HST
JANUARY 26 2015.......SUNRISE   704 AM HST   SUNSET   613 PM HST


-  INDICATES NEGATIVE NUMBERS.
R  INDICATES RECORD WAS SET OR TIED.
MM INDICATES DATA IS MISSING.
T  INDICATES TRACE AMOUNT.




$$
