000
CDHW42 PHFO 240227
CLIOGG


CLIMATE REPORT
NATIONAL WEATHER SERVICE HONOLULU HI
426 PM HST THU NOV 23 2017


...................................

...THE KAHULUI HI CLIMATE SUMMARY FOR NOVEMBER 23 2017...
VALID TODAY AS OF 0400 PM LOCAL TIME.

CLIMATE NORMAL PERIOD 1981 TO 2010
CLIMATE RECORD PERIOD 1946 TO 2017


WEATHER ITEM   OBSERVED TIME   RECORD YEAR NORMAL DEPARTURE LAST
                VALUE   (LST)  VALUE       VALUE  FROM      YEAR
                                                  NORMAL
..................................................................
TEMPERATURE (F)
 TODAY
  MAXIMUM         79    243 PM  89    1977  83     -4       85
  MINIMUM         68    413 AM  58    1953  68      0       73
  AVERAGE         74                        75     -1       79

PRECIPITATION (IN)
  TODAY            0.08          1.66 1990   0.08   0.00     0.00
  MONTH TO DATE    0.71                      1.54  -0.83     0.12
  SINCE SEP 1      2.70                      3.12  -0.42     2.01
  SINCE JAN 1     17.80                     13.82   3.98    11.82

SNOWFALL (IN)
  TODAY            0.0
  MONTH TO DATE    0.0
  SINCE SEP 1      0.0
  SINCE JUL 1      0.0
  SNOW DEPTH      MM

DEGREE DAYS
 HEATING
  TODAY            0                         0      0        0
  MONTH TO DATE    0                         0      0        0
  SINCE SEP 1      0                         0      0        0
  SINCE JUL 1      0                         0      0        0

 COOLING
  TODAY            9                        10     -1       14
  MONTH TO DATE  202                       261    -59      286
  SINCE SEP 1   1110                      1095     15     1227
  SINCE JAN 1   3874                      3637    237     4128
..................................................................


WIND (MPH)
  HIGHEST WIND SPEED    30   HIGHEST WIND DIRECTION    NE (30)
  HIGHEST GUST SPEED    35   HIGHEST GUST DIRECTION    NE (40)
  AVERAGE WIND SPEED    MM


SKY COVER
  POSSIBLE SUNSHINE  MM
  AVERAGE SKY COVER  MM


WEATHER CONDITIONS
 THE FOLLOWING WEATHER WAS RECORDED TODAY.
  FOG


RELATIVE HUMIDITY (PERCENT)
 HIGHEST    MM
 LOWEST     MM
 AVERAGE    MM

..........................................................


THE KAHULUI HI CLIMATE NORMALS FOR TOMORROW
                         NORMAL    RECORD    YEAR
 MAXIMUM TEMPERATURE (F)   83        90      1984
 MINIMUM TEMPERATURE (F)   67        59      2013
                                             1972


SUNRISE AND SUNSET
NOVEMBER 23 2017......SUNRISE   641 AM HST   SUNSET   543 PM HST
NOVEMBER 24 2017......SUNRISE   642 AM HST   SUNSET   543 PM HST


-  INDICATES NEGATIVE NUMBERS.
R  INDICATES RECORD WAS SET OR TIED.
MM INDICATES DATA IS MISSING.
T  INDICATES TRACE AMOUNT.




$$
