000
CDHW42 PHFO 291245
CLIOGG


CLIMATE REPORT
NATIONAL WEATHER SERVICE HONOLULU HI
245 AM HST SUN MAR 29 2015


...................................

...THE KAHULUI HI CLIMATE SUMMARY FOR MARCH 28 2015...

CLIMATE NORMAL PERIOD 1981 TO 2010
CLIMATE RECORD PERIOD 1946 TO 2015


WEATHER ITEM   OBSERVED TIME   RECORD YEAR NORMAL DEPARTURE LAST
                VALUE   (LST)  VALUE       VALUE  FROM      YEAR
                                                  NORMAL
..................................................................
TEMPERATURE (F)
 YESTERDAY
  MAXIMUM         85    417 PM  88    1978  82      3       84
                                      1954
  MINIMUM         61    632 AM  58    1965  65     -4       68
  AVERAGE         73                        74     -1       76

PRECIPITATION (IN)
  YESTERDAY        0.00          1.60 1963   0.08  -0.08     0.61
  MONTH TO DATE    9.00                      2.20   6.80     3.75
  SINCE MAR 1      9.00                      2.20   6.80     3.75
  SINCE JAN 1     13.31                      6.96   6.35    10.40

SNOWFALL (IN)
  YESTERDAY        0.0
  MONTH TO DATE    0.0
  SINCE MAR 1      0.0
  SINCE JUL 1      0.0
  SNOW DEPTH       0

DEGREE DAYS
 HEATING
  YESTERDAY        0                         0      0        0
  MONTH TO DATE    0                         0      0        0
  SINCE MAR 1      0                         0      0        0
  SINCE JUL 1      0                         0      0        0

 COOLING
  YESTERDAY        8                         8      0       11
  MONTH TO DATE  201                       216    -15      264
  SINCE MAR 1    201                       216    -15      264
  SINCE JAN 1    605                       625    -20      775
..................................................................


WIND (MPH)
  HIGHEST WIND SPEED    18   HIGHEST WIND DIRECTION     E (80)
  HIGHEST GUST SPEED    24   HIGHEST GUST DIRECTION     E (70)
  AVERAGE WIND SPEED     5.5


SKY COVER
  POSSIBLE SUNSHINE  MM
  AVERAGE SKY COVER 0.3


WEATHER CONDITIONS
 THE FOLLOWING WEATHER WAS RECORDED YESTERDAY.
  NO SIGNIFICANT WEATHER WAS OBSERVED.


RELATIVE HUMIDITY (PERCENT)
 HIGHEST    87           200 AM
 LOWEST     51          1100 AM
 AVERAGE    69

..........................................................


THE KAHULUI HI CLIMATE NORMALS FOR TODAY
                         NORMAL    RECORD    YEAR
 MAXIMUM TEMPERATURE (F)   82        90      1952
 MINIMUM TEMPERATURE (F)   65        58      1985


SUNRISE AND SUNSET
MARCH 29 2015.........SUNRISE   622 AM HST   SUNSET   640 PM HST
MARCH 30 2015.........SUNRISE   621 AM HST   SUNSET   640 PM HST


-  INDICATES NEGATIVE NUMBERS.
R  INDICATES RECORD WAS SET OR TIED.
MM INDICATES DATA IS MISSING.
T  INDICATES TRACE AMOUNT.




$$
