000
CDHW42 PHFO 101245
CLIOGG


CLIMATE REPORT
NATIONAL WEATHER SERVICE HONOLULU HI
245 AM HST WED FEB 10 2016


...................................

...THE KAHULUI HI CLIMATE SUMMARY FOR FEBRUARY 9 2016...

CLIMATE NORMAL PERIOD 1981 TO 2010
CLIMATE RECORD PERIOD 1946 TO 2016


WEATHER ITEM   OBSERVED TIME   RECORD YEAR NORMAL DEPARTURE LAST
                VALUE   (LST)  VALUE       VALUE  FROM      YEAR
                                                  NORMAL
..................................................................
TEMPERATURE (F)
 YESTERDAY
  MAXIMUM         81    226 PM  89    2001  81      0       82
                                      1950
  MINIMUM         55    729 AM  51    1951  63     -8       70
  AVERAGE         68                        72     -4       76

PRECIPITATION (IN)
  YESTERDAY        0.00          1.36 1949   0.06  -0.06      T
  MONTH TO DATE    0.27                      0.65  -0.38     0.48
  SINCE DEC 1      1.55                      6.87  -5.32     5.84
  SINCE JAN 1      0.82                      3.52  -2.70     1.60

SNOWFALL (IN)
  YESTERDAY        0.0
  MONTH TO DATE    0.0
  SINCE DEC 1      0.0
  SINCE JUL 1      0.0
  SNOW DEPTH       0

DEGREE DAYS
 HEATING
  YESTERDAY        0                         0      0        0
  MONTH TO DATE    0                         0      0        0
  SINCE DEC 1      0                         0      0        0
  SINCE JUL 1      0                         0      0        0

 COOLING
  YESTERDAY        3                         7     -4       11
  MONTH TO DATE   62                        63     -1       62
  SINCE DEC 1    610                       539     71      503
  SINCE JAN 1    295                       280     15      243
..................................................................


WIND (MPH)
  HIGHEST WIND SPEED    13   HIGHEST WIND DIRECTION    NE (40)
  HIGHEST GUST SPEED    21   HIGHEST GUST DIRECTION    NE (30)
  AVERAGE WIND SPEED     5.8


SKY COVER
  POSSIBLE SUNSHINE  MM
  AVERAGE SKY COVER 0.1


WEATHER CONDITIONS
 THE FOLLOWING WEATHER WAS RECORDED YESTERDAY.
  NO SIGNIFICANT WEATHER WAS OBSERVED.


RELATIVE HUMIDITY (PERCENT)
 HIGHEST    93           900 PM
 LOWEST     45          1100 AM
 AVERAGE    69

..........................................................


THE KAHULUI HI CLIMATE NORMALS FOR TODAY
                         NORMAL    RECORD    YEAR
 MAXIMUM TEMPERATURE (F)   81        88      1952
 MINIMUM TEMPERATURE (F)   63        51      1951


SUNRISE AND SUNSET
FEBRUARY 10 2016......SUNRISE   659 AM HST   SUNSET   621 PM HST
FEBRUARY 11 2016......SUNRISE   658 AM HST   SUNSET   622 PM HST


-  INDICATES NEGATIVE NUMBERS.
R  INDICATES RECORD WAS SET OR TIED.
MM INDICATES DATA IS MISSING.
T  INDICATES TRACE AMOUNT.




$$
