000
CDHW42 PHFO 301245
CLIOGG


CLIMATE REPORT
NATIONAL WEATHER SERVICE HONOLULU HI
245 AM HST THU MAR 30 2017


...................................

...THE KAHULUI HI CLIMATE SUMMARY FOR MARCH 29 2017...

CLIMATE NORMAL PERIOD 1981 TO 2010
CLIMATE RECORD PERIOD 1946 TO 2017


WEATHER ITEM   OBSERVED TIME   RECORD YEAR NORMAL DEPARTURE LAST
                VALUE   (LST)  VALUE       VALUE  FROM      YEAR
                                                  NORMAL
..................................................................
TEMPERATURE (F)
 YESTERDAY
  MAXIMUM        104R  1021 AM  90    1952  82     22       86
  MINIMUM         66   1029 AM  58    1985  65      1       69
  AVERAGE         85                        74     11       78

PRECIPITATION (IN)
  YESTERDAY        0.00          1.23 2006   0.09  -0.09     0.01
  MONTH TO DATE    4.14                      2.29   1.85     1.95
  SINCE MAR 1      4.14                      2.29   1.85     1.95
  SINCE JAN 1      6.62                      7.05  -0.43     3.50

SNOWFALL (IN)
  YESTERDAY        0.0
  MONTH TO DATE    0.0
  SINCE MAR 1      0.0
  SINCE JUL 1      0.0
  SNOW DEPTH       0

DEGREE DAYS
 HEATING
  YESTERDAY        0                         0      0        0
  MONTH TO DATE    0                         0      0        0
  SINCE MAR 1      0                         0      0        0
  SINCE JUL 1      0                         0      0        0

 COOLING
  YESTERDAY       20                         9     11       13
  MONTH TO DATE  296                       225     71      260
  SINCE MAR 1    296                       225     71      260
  SINCE JAN 1    767                       634    133      728
..................................................................


WIND (MPH)
  HIGHEST WIND SPEED    24   HIGHEST WIND DIRECTION     E (70)
  HIGHEST GUST SPEED    32   HIGHEST GUST DIRECTION    NE (60)
  AVERAGE WIND SPEED     9.5


SKY COVER
  POSSIBLE SUNSHINE  MM
  AVERAGE SKY COVER 0.3


WEATHER CONDITIONS
 THE FOLLOWING WEATHER WAS RECORDED YESTERDAY.
  NO SIGNIFICANT WEATHER WAS OBSERVED.


RELATIVE HUMIDITY (PERCENT)
 HIGHEST    76           100 AM
 LOWEST     39          1000 AM
 AVERAGE    58

..........................................................


THE KAHULUI HI CLIMATE NORMALS FOR TODAY
                         NORMAL    RECORD    YEAR
 MAXIMUM TEMPERATURE (F)   82        88      1952
 MINIMUM TEMPERATURE (F)   65        55      2015


SUNRISE AND SUNSET
MARCH 30 2017.........SUNRISE   620 AM HST   SUNSET   640 PM HST
MARCH 31 2017.........SUNRISE   619 AM HST   SUNSET   640 PM HST


-  INDICATES NEGATIVE NUMBERS.
R  INDICATES RECORD WAS SET OR TIED.
MM INDICATES DATA IS MISSING.
T  INDICATES TRACE AMOUNT.




$$
