000
CDHW42 PHFO 280226
CLIOGG


CLIMATE REPORT
NATIONAL WEATHER SERVICE HONOLULU HI
425 PM HST THU JUL 27 2017


...................................

...THE KAHULUI HI CLIMATE SUMMARY FOR JULY 27 2017...
VALID TODAY AS OF 0400 PM LOCAL TIME.

CLIMATE NORMAL PERIOD 1981 TO 2010
CLIMATE RECORD PERIOD 1946 TO 2017


WEATHER ITEM   OBSERVED TIME   RECORD YEAR NORMAL DEPARTURE LAST
                VALUE   (LST)  VALUE       VALUE  FROM      YEAR
                                                  NORMAL
..................................................................
TEMPERATURE (F)
 TODAY
  MAXIMUM         88   1251 PM  96    1951  88      0       90
  MINIMUM         72    603 AM  59    1971  72      0       77
  AVERAGE         80                        80      0       84

PRECIPITATION (IN)
  TODAY            0.03          0.28 1977   0.02   0.01     0.00
  MONTH TO DATE    0.21                      0.42  -0.21     1.01
  SINCE JUN 1      0.33                      0.62  -0.29     1.37
  SINCE JAN 1     14.80                     10.12   4.68     9.10

SNOWFALL (IN)
  TODAY            0.0
  MONTH TO DATE    0.0
  SINCE JUN 1      0.0
  SINCE JUL 1      0.0
  SNOW DEPTH      MM

DEGREE DAYS
 HEATING
  TODAY            0                         0      0        0
  MONTH TO DATE    0                         0      0        0
  SINCE JUN 1      0                         0      0        0
  SINCE JUL 1      0                         0      0        0

 COOLING
  TODAY           15                        15      0       19
  MONTH TO DATE  397                       379     18      421
  SINCE JUN 1    837                       767     70      847
  SINCE JAN 1   2200                      2026    174     2336
..................................................................


WIND (MPH)
  HIGHEST WIND SPEED    26   HIGHEST WIND DIRECTION    NE (30)
  HIGHEST GUST SPEED    30   HIGHEST GUST DIRECTION    NE (40)
  AVERAGE WIND SPEED    MM


SKY COVER
  POSSIBLE SUNSHINE  MM
  AVERAGE SKY COVER  MM


WEATHER CONDITIONS
 THE FOLLOWING WEATHER WAS RECORDED TODAY.
  FOG


RELATIVE HUMIDITY (PERCENT)
 HIGHEST    MM
 LOWEST     MM
 AVERAGE    MM

..........................................................


THE KAHULUI HI CLIMATE NORMALS FOR TOMORROW
                         NORMAL    RECORD    YEAR
 MAXIMUM TEMPERATURE (F)   88        95      2015
                                             1949
 MINIMUM TEMPERATURE (F)   72        61      1952


SUNRISE AND SUNSET
JULY 27 2017..........SUNRISE   558 AM HST   SUNSET   706 PM HST
JULY 28 2017..........SUNRISE   559 AM HST   SUNSET   706 PM HST


-  INDICATES NEGATIVE NUMBERS.
R  INDICATES RECORD WAS SET OR TIED.
MM INDICATES DATA IS MISSING.
T  INDICATES TRACE AMOUNT.




$$
