000
CDUS43 KEAX 300633
CLIOJC


CLIMATE REPORT
NATIONAL WEATHER SERVICE KANSAS CITY/PLEASANT HILL MO
132 AM CDT MON MAY 30 2016


...................................

...THE JOHNSON COUNTY EXECUTIVE KS CLIMATE SUMMARY FOR MAY 29 2016...

CLIMATE NORMAL PERIOD 1981 TO 2010
CLIMATE RECORD PERIOD 9999 TO 9999


WEATHER ITEM   OBSERVED TIME   NORMAL DEPARTURE LAST
                VALUE   (LST)  VALUE  FROM      YEAR
                                      NORMAL
......................................................
TEMPERATURE (F)
 YESTERDAY
  MAXIMUM         83    236 PM  78      5       69
  MINIMUM         58    527 AM  59     -1       63
  AVERAGE         71            69      2       66

PRECIPITATION (IN)
  YESTERDAY        0.00          0.17  -0.17     0.54
  MONTH TO DATE    7.53          5.08   2.45    10.59
  SINCE MAR 1     14.12         11.70   2.42    14.62
  SINCE JAN 1     15.37         14.39   0.98    16.21

DEGREE DAYS
 HEATING
  YESTERDAY        0             1     -1        0
  MONTH TO DATE  131            91     40       78
  SINCE MAR 1    794          1029   -235      835
  SINCE JUL 1   4139          4922   -783     4870

 COOLING
  YESTERDAY        6             5      1        1
  MONTH TO DATE   39            75    -36       68
  SINCE MAR 1     45            93    -48       77
  SINCE JAN 1     45            93    -48       77
......................................................


WIND (MPH)
  HIGHEST WIND SPEED    10   HIGHEST WIND DIRECTION    SW (210)
  HIGHEST GUST SPEED    14   HIGHEST GUST DIRECTION     W (260)
  AVERAGE WIND SPEED     4.5


SKY COVER
  AVERAGE SKY COVER 0.0


WEATHER CONDITIONS
 THE FOLLOWING WEATHER WAS RECORDED YESTERDAY.
  NO SIGNIFICANT WEATHER WAS OBSERVED.


RELATIVE HUMIDITY (PERCENT)
 HIGHEST   100           500 AM
 LOWEST     40           300 PM
 AVERAGE    70

..........................................................


THE JOHNSON COUNTY EXECUTIVE KS CLIMATE NORMALS FOR TODAY
                         NORMAL
 MAXIMUM TEMPERATURE (F)   79
 MINIMUM TEMPERATURE (F)   59


SUNRISE AND SUNSET
MAY 30 2016...........SUNRISE   556 AM CDT   SUNSET   837 PM CDT
MAY 31 2016...........SUNRISE   556 AM CDT   SUNSET   838 PM CDT


-  INDICATES NEGATIVE NUMBERS.
R  INDICATES RECORD WAS SET OR TIED.
MM INDICATES DATA IS MISSING.
T  INDICATES TRACE AMOUNT.




$$
