000
CDUS43 KEAX 210033
CLIOJC


CLIMATE REPORT
NATIONAL WEATHER SERVICE KANSAS CITY/PLEASANT HILL MO
633 PM CST SAT DEC 20 2014


...................................

...THE JOHNSON COUNTY EXECUTIVE KS CLIMATE SUMMARY FOR DECEMBER 20 2014...
VALID TODAY AS OF 0600 PM LOCAL TIME.

CLIMATE NORMAL PERIOD 1981 TO 2010
CLIMATE RECORD PERIOD 9999 TO 9999


WEATHER ITEM   OBSERVED TIME   NORMAL DEPARTURE LAST
                VALUE   (LST)  VALUE  FROM      YEAR
                                      NORMAL
......................................................
TEMPERATURE (F)
 TODAY
  MAXIMUM         45    332 PM  40      5       50
  MINIMUM         33    803 AM  23     10       19
  AVERAGE         39            31      8       35

PRECIPITATION (IN)
  TODAY            0.00          0.05  -0.05      T
  MONTH TO DATE    2.01          1.00   1.01     0.03
  SINCE DEC 1      2.01          1.00   1.01     0.03
  SINCE JAN 1     32.21         39.40  -7.19    36.22

DEGREE DAYS
 HEATING
  TODAY           26            34     -8       30
  MONTH TO DATE  557           630    -73      681
  SINCE DEC 1    557           630    -73      681
  SINCE JUL 1   1615          1585     30     1741

 COOLING
  TODAY            0             0      0        0
  MONTH TO DATE    0             0      0        0
  SINCE DEC 1      0             0      0        0
  SINCE JAN 1   1237          1349   -112     1360
......................................................


WIND (MPH)
  HIGHEST WIND SPEED    16   HIGHEST WIND DIRECTION     S (200)
  HIGHEST GUST SPEED    24   HIGHEST GUST DIRECTION     E (110)
  AVERAGE WIND SPEED     8.2


SKY COVER
  AVERAGE SKY COVER 0.8


WEATHER CONDITIONS
 THE FOLLOWING WEATHER WAS RECORDED TODAY.
  FOG


RELATIVE HUMIDITY (PERCENT)
 HIGHEST    96          1200 AM
 LOWEST     76          1200 PM
 AVERAGE    86

..........................................................


THE JOHNSON COUNTY EXECUTIVE KS CLIMATE NORMALS FOR TOMORROW
                         NORMAL
 MAXIMUM TEMPERATURE (F)   39
 MINIMUM TEMPERATURE (F)   22


SUNRISE AND SUNSET
DECEMBER 20 2014......SUNRISE   733 AM CST   SUNSET   500 PM CST
DECEMBER 21 2014......SUNRISE   734 AM CST   SUNSET   500 PM CST


-  INDICATES NEGATIVE NUMBERS.
R  INDICATES RECORD WAS SET OR TIED.
MM INDICATES DATA IS MISSING.
T  INDICATES TRACE AMOUNT.




$$
