000
CDUS43 KEAX 240636
CLIOJC


CLIMATE REPORT
NATIONAL WEATHER SERVICE KANSAS CITY/PLEASANT HILL MO
1234 AM CST SAT FEB 24 2018


...................................

...THE JOHNSON COUNTY EXECUTIVE KS CLIMATE SUMMARY FOR FEBRUARY 23 2018...

CLIMATE NORMAL PERIOD 1981 TO 2010
CLIMATE RECORD PERIOD 9999 TO 9999


WEATHER ITEM   OBSERVED TIME   NORMAL DEPARTURE LAST
                VALUE   (LST)  VALUE  FROM      YEAR
                                      NORMAL
......................................................
TEMPERATURE (F)
 YESTERDAY
  MAXIMUM         34    552 PM  47    -13       58
  MINIMUM         32   1159 PM  27      5       47
  AVERAGE         33            37     -4       53

PRECIPITATION (IN)
  YESTERDAY        0.06          0.06   0.00      T
  MONTH TO DATE    0.64          1.27  -0.63     0.02
  SINCE DEC 1      1.71          4.03  -2.32     1.81
  SINCE JAN 1      1.34          2.39  -1.05     0.91

DEGREE DAYS
 HEATING
  YESTERDAY       32            28      4       12
  MONTH TO DATE  801           712     89      465
  SINCE DEC 1   2914          2805    109     2443
  SINCE JUL 1   3784          3760     24     3025

 COOLING
  YESTERDAY        0             0      0        0
  MONTH TO DATE    0             0      0        0
  SINCE DEC 1      0             0      0        0
  SINCE JAN 1      0             0      0        0
......................................................


WIND (MPH)
  HIGHEST WIND SPEED    14   HIGHEST WIND DIRECTION    NE (50)
  HIGHEST GUST SPEED    19   HIGHEST GUST DIRECTION    NE (50)
  AVERAGE WIND SPEED     6.9


SKY COVER
  AVERAGE SKY COVER 1.0


WEATHER CONDITIONS
 THE FOLLOWING WEATHER WAS RECORDED YESTERDAY.
  FOG


RELATIVE HUMIDITY (PERCENT)
 HIGHEST   100          1200 AM
 LOWEST     89          1200 PM
 AVERAGE    95

..........................................................


THE JOHNSON COUNTY EXECUTIVE KS CLIMATE NORMALS FOR TODAY
                         NORMAL
 MAXIMUM TEMPERATURE (F)   48
 MINIMUM TEMPERATURE (F)   28


SUNRISE AND SUNSET
FEBRUARY 24 2018......SUNRISE   658 AM CST   SUNSET   606 PM CST
FEBRUARY 25 2018......SUNRISE   657 AM CST   SUNSET   608 PM CST


-  INDICATES NEGATIVE NUMBERS.
R  INDICATES RECORD WAS SET OR TIED.
MM INDICATES DATA IS MISSING.
T  INDICATES TRACE AMOUNT.




$$
