000
CDUS43 KEAX 040031
CLIOJC


CLIMATE REPORT
NATIONAL WEATHER SERVICE KANSAS CITY/PLEASANT HILL MO
731 PM CDT FRI JUL 3 2015


...................................

...THE JOHNSON COUNTY EXECUTIVE KS CLIMATE SUMMARY FOR JULY 3 2015...
VALID TODAY AS OF 0700 PM LOCAL TIME.

CLIMATE NORMAL PERIOD 1981 TO 2010
CLIMATE RECORD PERIOD 9999 TO 9999


WEATHER ITEM   OBSERVED TIME   NORMAL DEPARTURE LAST
                VALUE   (LST)  VALUE  FROM      YEAR
                                      NORMAL
......................................................
TEMPERATURE (F)
 TODAY
  MAXIMUM         80    429 PM  86     -6       78
  MINIMUM         64    659 AM  68     -4       56
  AVERAGE         72            77     -5       67

PRECIPITATION (IN)
  TODAY            0.10          0.12  -0.02     0.00
  MONTH TO DATE    0.35          0.38  -0.03     0.02
  SINCE JUN 1      6.54          6.16   0.38     8.21
  SINCE JAN 1     22.76         20.90   1.86    15.79

DEGREE DAYS
 HEATING
  TODAY            0             0      0        0
  MONTH TO DATE    0             0      0        0
  SINCE JUN 1      4             8     -4        1
  SINCE JUL 1      0             0      0        0

 COOLING
  TODAY            7            12     -5        2
  MONTH TO DATE   23            36    -13       13
  SINCE JUN 1    370           293     77      267
  SINCE JAN 1    447           397     50      420
......................................................


WIND (MPH)
  HIGHEST WIND SPEED    13   HIGHEST WIND DIRECTION    NE (40)
  HIGHEST GUST SPEED    17   HIGHEST GUST DIRECTION    NE (40)
  AVERAGE WIND SPEED     7.0


SKY COVER
  AVERAGE SKY COVER 0.7


WEATHER CONDITIONS
 THE FOLLOWING WEATHER WAS RECORDED TODAY.
  LIGHT RAIN
  FOG


RELATIVE HUMIDITY (PERCENT)
 HIGHEST   100           100 AM
 LOWEST     45           300 PM
 AVERAGE    73

..........................................................


THE JOHNSON COUNTY EXECUTIVE KS CLIMATE NORMALS FOR TOMORROW
                         NORMAL
 MAXIMUM TEMPERATURE (F)   86
 MINIMUM TEMPERATURE (F)   68


SUNRISE AND SUNSET
JULY  3 2015..........SUNRISE   558 AM CDT   SUNSET   848 PM CDT
JULY  4 2015..........SUNRISE   559 AM CDT   SUNSET   848 PM CDT


-  INDICATES NEGATIVE NUMBERS.
R  INDICATES RECORD WAS SET OR TIED.
MM INDICATES DATA IS MISSING.
T  INDICATES TRACE AMOUNT.




$$
