000
CDUS43 KEAX 230632
CLIOJC


CLIMATE REPORT
NATIONAL WEATHER SERVICE KANSAS CITY/PLEASANT HILL MO
132 AM CDT THU OCT 23 2014


...................................

...THE JOHNSON COUNTY EXECUTIVE KS CLIMATE SUMMARY FOR OCTOBER 22 2014...

CLIMATE NORMAL PERIOD 1981 TO 2010
CLIMATE RECORD PERIOD 9999 TO 9999


WEATHER ITEM   OBSERVED TIME   NORMAL DEPARTURE LAST
                VALUE   (LST)  VALUE  FROM      YEAR
                                      NORMAL
......................................................
TEMPERATURE (F)
 YESTERDAY
  MAXIMUM         72    319 PM  65      7       62
  MINIMUM         53    728 AM  45      8       38
  AVERAGE         63            55      8       50

PRECIPITATION (IN)
  YESTERDAY        0.00          0.09  -0.09     0.00
  MONTH TO DATE    4.93          2.60   2.33     1.06
  SINCE SEP 1      7.63          7.11   0.52     4.05
  SINCE JAN 1     29.58         35.07  -5.49    30.56

DEGREE DAYS
 HEATING
  YESTERDAY        2            11     -9       15
  MONTH TO DATE  145           165    -20      180
  SINCE SEP 1    202           213    -11      207
  SINCE JUL 1    203           214    -11      207

 COOLING
  YESTERDAY        0             0      0        0
  MONTH TO DATE   10            27    -17       31
  SINCE SEP 1    139           183    -44      247
  SINCE JAN 1   1228          1348   -120     1360
......................................................


WIND (MPH)
  HIGHEST WIND SPEED    16   HIGHEST WIND DIRECTION    SE (150)
  HIGHEST GUST SPEED    29   HIGHEST GUST DIRECTION     E (110)
  AVERAGE WIND SPEED    10.1


SKY COVER
  AVERAGE SKY COVER 0.3


WEATHER CONDITIONS
 THE FOLLOWING WEATHER WAS RECORDED YESTERDAY.
  NO SIGNIFICANT WEATHER WAS OBSERVED.


RELATIVE HUMIDITY (PERCENT)
 HIGHEST    78           900 PM
 LOWEST     57           100 PM
 AVERAGE    68

..........................................................


THE JOHNSON COUNTY EXECUTIVE KS CLIMATE NORMALS FOR TODAY
                         NORMAL
 MAXIMUM TEMPERATURE (F)   64
 MINIMUM TEMPERATURE (F)   45


SUNRISE AND SUNSET
OCTOBER 23 2014.......SUNRISE   736 AM CDT   SUNSET   629 PM CDT
OCTOBER 24 2014.......SUNRISE   737 AM CDT   SUNSET   628 PM CDT


-  INDICATES NEGATIVE NUMBERS.
R  INDICATES RECORD WAS SET OR TIED.
MM INDICATES DATA IS MISSING.
T  INDICATES TRACE AMOUNT.




$$
