000
CDUS46 KSGX 280018
CLIOKB


CLIMATE REPORT
NATIONAL WEATHER SERVICE SAN DIEGO, CA
517 PM PDT TUE JUN 27 2017


...................................

...THE OCEANSIDE AIRPORT CA CLIMATE SUMMARY FOR JUNE 27 2017...
VALID TODAY AS OF 0500 PM LOCAL TIME.

CLIMATE NORMAL PERIOD 1981 TO 2010
CLIMATE RECORD PERIOD 1999 TO 2017


WEATHER ITEM   OBSERVED TIME   RECORD YEAR NORMAL DEPARTURE LAST
                VALUE   (LST)  VALUE       VALUE  FROM      YEAR
                                                  NORMAL
..................................................................
TEMPERATURE (F)
 TODAY
  MAXIMUM         81    954 AM  88    2006  74      7       MM
  MINIMUM         53    508 AM  49    2012  60     -7       MM
  AVERAGE         67                        67      0       MM

PRECIPITATION (IN)
  TODAY            0.00          T    2015   0.01  -0.01     0.00
  MONTH TO DATE    0.05                      0.10  -0.05     0.00
  SINCE OCT 1     14.97                     13.14   1.83     7.12
  SINCE JAN 1      9.82                      9.26   0.56     4.95

DEGREE DAYS
 HEATING
  TODAY            0                         0      0       MM
  MONTH TO DATE   14                        27    -13        2
  SINCE JUN 1     14                        27    -13        2
  SINCE JUL 1   1426                      2028   -602     1602

 COOLING
  TODAY            2                         2      0       MM
  MONTH TO DATE   40                        31      9       59
  SINCE JUN 1     40                        31      9       59
  SINCE JAN 1     57                        41     16       79
..................................................................


WIND (MPH)
  RESULTANT WIND SPEED   4   RESULTANT WIND DIRECTION   W (250)
  HIGHEST WIND SPEED    14   HIGHEST WIND DIRECTION     W (250)
  HIGHEST GUST SPEED    22   HIGHEST GUST DIRECTION     S (180)
  AVERAGE WIND SPEED     5.2


SKY COVER
  POSSIBLE SUNSHINE  MM
  AVERAGE SKY COVER 0.0


WEATHER CONDITIONS
 THE FOLLOWING WEATHER WAS RECORDED TODAY.
  NO SIGNIFICANT WEATHER WAS OBSERVED.


RELATIVE HUMIDITY (PERCENT)
 HIGHEST   100           400 AM
 LOWEST     54          1000 AM
 AVERAGE    77

..........................................................


THE OCEANSIDE AIRPORT CA CLIMATE NORMALS FOR TOMORROW
                         NORMAL    RECORD    YEAR
 MAXIMUM TEMPERATURE (F)   74        79      2015
                                             2006
 MINIMUM TEMPERATURE (F)   60        53      2001


SUNRISE AND SUNSET
JUNE 27 2017..........SUNRISE   542 AM PDT   SUNSET   803 PM PDT
JUNE 28 2017..........SUNRISE   543 AM PDT   SUNSET   803 PM PDT


-  INDICATES NEGATIVE NUMBERS.
R  INDICATES RECORD WAS SET OR TIED.
MM INDICATES DATA IS MISSING.
T  INDICATES TRACE AMOUNT.




$$
