123
CDUS46 KSGX 290016
CLIOKB


CLIMATE REPORT
NATIONAL WEATHER SERVICE SAN DIEGO, CA
516 PM PDT FRI APR 28 2017


...................................

...THE OCEANSIDE AIRPORT CA CLIMATE SUMMARY FOR APRIL 28 2017...
VALID TODAY AS OF 0500 PM LOCAL TIME.

CLIMATE NORMAL PERIOD 1981 TO 2010
CLIMATE RECORD PERIOD 1999 TO 2017


WEATHER ITEM   OBSERVED TIME   RECORD YEAR NORMAL DEPARTURE LAST
                VALUE   (LST)  VALUE       VALUE  FROM      YEAR
                                                  NORMAL
..................................................................
TEMPERATURE (F)
 TODAY
  MAXIMUM         76   1233 PM  91    2008  69      7       67
  MINIMUM         54    137 AM  42    2002  51      3       55
  AVERAGE         65                        60      5       61

PRECIPITATION (IN)
  TODAY            0.00          0.83 2005   0.03  -0.03      T
  MONTH TO DATE    0.02                      0.94  -0.92     0.46
  SINCE OCT 1     13.65                     12.75   0.90     6.58
  SINCE JAN 1      8.50                      8.87  -0.37     4.41

DEGREE DAYS
 HEATING
  TODAY            0                         5     -5        4
  MONTH TO DATE  105                       186    -81      131
  SINCE MAR 1    318                       476   -158      352
  SINCE JUL 1   1333                      1884   -551     1520

 COOLING
  TODAY            0                         0      0        0
  MONTH TO DATE    3                         0      3        4
  SINCE MAR 1      3                         1      2        4
  SINCE JAN 1      3                         1      2       10
..................................................................


WIND (MPH)
  RESULTANT WIND SPEED   3   RESULTANT WIND DIRECTION   W (290)
  HIGHEST WIND SPEED    22   HIGHEST WIND DIRECTION     W (290)
  HIGHEST GUST SPEED    28   HIGHEST GUST DIRECTION     W (290)
  AVERAGE WIND SPEED     7.3


SKY COVER
  POSSIBLE SUNSHINE  MM
  AVERAGE SKY COVER 0.4


WEATHER CONDITIONS
 THE FOLLOWING WEATHER WAS RECORDED TODAY.
  FOG
  HAZE


RELATIVE HUMIDITY (PERCENT)
 HIGHEST   100          1200 AM
 LOWEST     44           300 PM
 AVERAGE    72

..........................................................


THE OCEANSIDE AIRPORT CA CLIMATE NORMALS FOR TOMORROW
                         NORMAL    RECORD    YEAR
 MAXIMUM TEMPERATURE (F)   69        95      2014
 MINIMUM TEMPERATURE (F)   51        42      2002


SUNRISE AND SUNSET
APRIL 28 2017.........SUNRISE   604 AM PDT   SUNSET   730 PM PDT
APRIL 29 2017.........SUNRISE   603 AM PDT   SUNSET   731 PM PDT


-  INDICATES NEGATIVE NUMBERS.
R  INDICATES RECORD WAS SET OR TIED.
MM INDICATES DATA IS MISSING.
T  INDICATES TRACE AMOUNT.




$$
