772
CDUS46 KSGX 111528
CLIOKB


CLIMATE REPORT
NATIONAL WEATHER SERVICE SAN DIEGO, CA
728 AM PST THU FEB 11 2016


...................................

...THE OCEANSIDE AIRPORT CA CLIMATE SUMMARY FOR FEBRUARY 10 2016...

CLIMATE NORMAL PERIOD 1981 TO 2010
CLIMATE RECORD PERIOD 1999 TO 2016


WEATHER ITEM   OBSERVED TIME   RECORD YEAR NORMAL DEPARTURE LAST
                VALUE   (LST)  VALUE       VALUE  FROM      YEAR
                                                  NORMAL
..................................................................
TEMPERATURE (F)
 YESTERDAY
  MAXIMUM         84R  1114 AM  81    2002  65     19       68
  MINIMUM         43    351 AM  30    2002  43      0       42
  AVERAGE         64                        54     10       55

PRECIPITATION (IN)
  YESTERDAY        0.00          0.34 2000   0.09  -0.09     0.00
  MONTH TO DATE    0.02                      0.73  -0.71     0.00
  SINCE OCT 1      4.80                      7.26  -2.46     4.89
  SINCE JAN 1      2.63                      3.38  -0.75     0.49

DEGREE DAYS
 HEATING
  YESTERDAY        1                        11    -10       10
  MONTH TO DATE   81                       110    -29       79
  SINCE DEC 1    821                       865    -44      631
  SINCE JUL 1   1052                      1215   -163      765

 COOLING
  YESTERDAY        0                         0      0        0
  MONTH TO DATE    0                         0      0        0
  SINCE DEC 1      0                         0      0        0
  SINCE JAN 1      0                         0      0        0
..................................................................


WIND (MPH)
  RESULTANT WIND SPEED   1   RESULTANT WIND DIRECTION  NW (320)
  HIGHEST WIND SPEED    12   HIGHEST WIND DIRECTION     W (250)
  HIGHEST GUST SPEED    13   HIGHEST GUST DIRECTION     W (250)
  AVERAGE WIND SPEED     3.6


SKY COVER
  POSSIBLE SUNSHINE  MM
  AVERAGE SKY COVER 0.0


WEATHER CONDITIONS
 THE FOLLOWING WEATHER WAS RECORDED YESTERDAY.
  NO SIGNIFICANT WEATHER WAS OBSERVED.


RELATIVE HUMIDITY (PERCENT)
 HIGHEST    70           300 AM
 LOWEST     15          1100 AM
 AVERAGE    43

..........................................................


THE OCEANSIDE AIRPORT CA CLIMATE NORMALS FOR TODAY
                         NORMAL    RECORD    YEAR
 MAXIMUM TEMPERATURE (F)   65        87      2015
 MINIMUM TEMPERATURE (F)   43        32      2002


SUNRISE AND SUNSET
FEBRUARY 11 2016......SUNRISE   637 AM PST   SUNSET   530 PM PST
FEBRUARY 12 2016......SUNRISE   636 AM PST   SUNSET   531 PM PST


-  INDICATES NEGATIVE NUMBERS.
R  INDICATES RECORD WAS SET OR TIED.
MM INDICATES DATA IS MISSING.
T  INDICATES TRACE AMOUNT.




$$
