000
CDUS46 KSGX 141236
CLIOKB


CLIMATE REPORT
NATIONAL WEATHER SERVICE SAN DIEGO, CA
436 AM PST THU DEC 14 2017


...................................

...THE OCEANSIDE AIRPORT CA CLIMATE SUMMARY FOR DECEMBER 13 2017...

CLIMATE NORMAL PERIOD 1981 TO 2010
CLIMATE RECORD PERIOD 1999 TO 2017


WEATHER ITEM   OBSERVED TIME   RECORD YEAR NORMAL DEPARTURE LAST
                VALUE   (LST)  VALUE       VALUE  FROM      YEAR
                                                  NORMAL
..................................................................
TEMPERATURE (F)
 YESTERDAY
  MAXIMUM         MM        MM  81    2010  65     MM       66
  MINIMUM         MM        MM  29    1999  40     MM       48
  AVERAGE         MM                        52     MM       57

PRECIPITATION (IN)
  YESTERDAY       MM             0.83 2012   0.04  MM        0.00
  MONTH TO DATE    0.00                      0.52  -0.52      T
  SINCE OCT 1      0.04                      2.25  -2.21     1.34
  SINCE JAN 1      9.88                     12.03  -2.15     6.53

DEGREE DAYS
 HEATING
  YESTERDAY       MM                        12     MM        8
  MONTH TO DATE   67                       153    -86      118
  SINCE DEC 1     67                       153    -86      118
  SINCE JUL 1    236                       503   -267      304

 COOLING
  YESTERDAY       MM                         0     MM        0
  MONTH TO DATE    2                         0      2        0
  SINCE DEC 1      2                         0      2        0
  SINCE JAN 1    761                       419    342      657
..................................................................


WIND (MPH)
  RESULTANT WIND SPEED   0   RESULTANT WIND DIRECTION  MM
  HIGHEST WIND SPEED    MM   HIGHEST WIND DIRECTION    MM
  HIGHEST GUST SPEED    MM   HIGHEST GUST DIRECTION    MM
  AVERAGE WIND SPEED     0.0


SKY COVER
  POSSIBLE SUNSHINE  MM
  AVERAGE SKY COVER 0.0


WEATHER CONDITIONS
 THE FOLLOWING WEATHER WAS RECORDED YESTERDAY.
  NO SIGNIFICANT WEATHER WAS OBSERVED.


RELATIVE HUMIDITY (PERCENT)
 HIGHEST    MM          1200 AM
 LOWEST     MM          1200 AM
 AVERAGE    MM

..........................................................


THE OCEANSIDE AIRPORT CA CLIMATE NORMALS FOR TODAY
                         NORMAL    RECORD    YEAR
 MAXIMUM TEMPERATURE (F)   65        74      2013
 MINIMUM TEMPERATURE (F)   40        29      2013


SUNRISE AND SUNSET
DECEMBER 14 2017......SUNRISE   645 AM PST   SUNSET   443 PM PST
DECEMBER 15 2017......SUNRISE   646 AM PST   SUNSET   444 PM PST


-  INDICATES NEGATIVE NUMBERS.
R  INDICATES RECORD WAS SET OR TIED.
MM INDICATES DATA IS MISSING.
T  INDICATES TRACE AMOUNT.




$$
