000
CDUS46 KSGX 250020
CLIOKB


CLIMATE REPORT
NATIONAL WEATHER SERVICE SAN DIEGO, CA
520 PM PDT TUE MAY 24 2016


...................................

...THE OCEANSIDE AIRPORT CA CLIMATE SUMMARY FOR MAY 24 2016...
VALID TODAY AS OF 0500 PM LOCAL TIME.

CLIMATE NORMAL PERIOD 1981 TO 2010
CLIMATE RECORD PERIOD 1999 TO 2016


WEATHER ITEM   OBSERVED TIME   RECORD YEAR NORMAL DEPARTURE LAST
                VALUE   (LST)  VALUE       VALUE  FROM      YEAR
                                                  NORMAL
..................................................................
TEMPERATURE (F)
 TODAY
  MAXIMUM         69    236 PM  75    2006  70     -1       69
  MINIMUM         59    446 AM  46    2010  55      4       58
  AVERAGE         64                        62      2       64

PRECIPITATION (IN)
  TODAY            T   R         T    2008   0.00   0.00     0.09
  MONTH TO DATE    0.53                      0.25   0.28     1.46
  SINCE OCT 1      7.11                     13.03  -5.92     7.38
  SINCE JAN 1      4.94                      9.15  -4.21     2.98

DEGREE DAYS
 HEATING
  TODAY            1                         3     -2        1
  MONTH TO DATE   63                        92    -29       78
  SINCE MAR 1    426                       578   -152      328
  SINCE JUL 1   1594                      1986   -392     1202

 COOLING
  TODAY            0                         0      0        0
  MONTH TO DATE    6                         0      6        0
  SINCE MAR 1     10                         3      7       34
  SINCE JAN 1     16                         3     13       34
..................................................................


WIND (MPH)
  RESULTANT WIND SPEED   8   RESULTANT WIND DIRECTION  SW (230)
  HIGHEST WIND SPEED    16   HIGHEST WIND DIRECTION     W (260)
  HIGHEST GUST SPEED    26   HIGHEST GUST DIRECTION    NW (310)
  AVERAGE WIND SPEED     9.4


SKY COVER
  POSSIBLE SUNSHINE  MM
  AVERAGE SKY COVER 0.8


WEATHER CONDITIONS
 THE FOLLOWING WEATHER WAS RECORDED TODAY.
  LIGHT RAIN


RELATIVE HUMIDITY (PERCENT)
 HIGHEST    72           500 AM
 LOWEST     53          1100 AM
 AVERAGE    63

..........................................................


THE OCEANSIDE AIRPORT CA CLIMATE NORMALS FOR TOMORROW
                         NORMAL    RECORD    YEAR
 MAXIMUM TEMPERATURE (F)   70        73      2014
                                             2013
                                             2005
 MINIMUM TEMPERATURE (F)   55        43      2010


SUNRISE AND SUNSET
MAY 24 2016...........SUNRISE   544 AM PDT   SUNSET   749 PM PDT
MAY 25 2016...........SUNRISE   543 AM PDT   SUNSET   750 PM PDT


-  INDICATES NEGATIVE NUMBERS.
R  INDICATES RECORD WAS SET OR TIED.
MM INDICATES DATA IS MISSING.
T  INDICATES TRACE AMOUNT.




$$
