330
CDUS44 KOUN 221207 CCA
CLIOKC

CLIMATE REPORT
NATIONAL WEATHER SERVICE NORMAN OK
705 AM CDT FRI MAY 22 2015


...................................

...THE OKLAHOMA CITY CLIMATE SUMMARY FOR MAY 21 2015...

CLIMATE NORMAL PERIOD 1981 TO 2010
CLIMATE RECORD PERIOD 1890 TO 2015


WEATHER ITEM   OBSERVED TIME   RECORD YEAR NORMAL DEPARTURE LAST
                VALUE   (LST)  VALUE       VALUE  FROM      YEAR
                                                  NORMAL
..................................................................
TEMPERATURE (F)
 YESTERDAY
  MAXIMUM         68    349 PM  98    2005  81    -13       91
  MINIMUM         50    624 AM  42    1892  61    -11       70
  AVERAGE         59                        71    -12       81

PRECIPITATION (IN)
  YESTERDAY        0.00          2.81 1922   0.17  -0.17     0.00
  MONTH TO DATE   13.90                      3.06  10.84     1.25
  SINCE JAN 1     23.08                     12.16  10.92     3.94

DEGREE DAYS
 COOLING
  YESTERDAY        0                         7     -7       16
  MONTH TO DATE   89                       102    -13      134
  SINCE JAN 1    151                       168    -17      200
..................................................................


WIND (MPH)
  HIGHEST WIND SPEED    20   HIGHEST WIND DIRECTION    NE (30)
  HIGHEST GUST SPEED    23   HIGHEST GUST DIRECTION    NE (30)
  AVERAGE WIND SPEED    10.8


SKY COVER
  AVERAGE SKY COVER 0.7


WEATHER CONDITIONS
 THE FOLLOWING WEATHER WAS RECORDED YESTERDAY.
  NO SIGNIFICANT WEATHER WAS OBSERVED.


RELATIVE HUMIDITY (PERCENT)
 HIGHEST    86           400 AM
 LOWEST     48           500 PM
 AVERAGE    67

..........................................................


THE OKLAHOMA CITY CLIMATE NORMALS FOR TODAY
                         NORMAL    RECORD    YEAR
 MAXIMUM TEMPERATURE (F)   82        99      2005
 MINIMUM TEMPERATURE (F)   62        42      2001
                                             1931
                                             1892


SUNRISE AND SUNSET
MAY 22 2015...........SUNRISE   621 AM CDT   SUNSET   833 PM CDT
MAY 23 2015...........SUNRISE   621 AM CDT   SUNSET   834 PM CDT


-  INDICATES NEGATIVE NUMBERS.
R  INDICATES RECORD WAS SET OR TIED.
MM INDICATES DATA IS MISSING.
T  INDICATES TRACE AMOUNT.




$$
