000
CDUS44 KOUN 260633
CLIOKC

CLIMATE REPORT
NATIONAL WEATHER SERVICE NORMAN OK
132 AM CDT SUN MAR 26 2017


...................................

...THE OKLAHOMA CITY CLIMATE SUMMARY FOR MARCH 25 2017...

CLIMATE NORMAL PERIOD 1981 TO 2010
CLIMATE RECORD PERIOD 1890 TO 2017


WEATHER ITEM   OBSERVED TIME   RECORD YEAR NORMAL DEPARTURE LAST
                VALUE   (LST)  VALUE       VALUE  FROM      YEAR
                                                  NORMAL
..................................................................
TEMPERATURE (F)
 YESTERDAY
  MAXIMUM         61    535 PM  88    1976  66     -5       68
                                      1908
  MINIMUM         46   1146 PM  18    1955  43      3       32
  AVERAGE         54                        55     -1       50

PRECIPITATION (IN)
  YESTERDAY        0.03          1.65 1922   0.11  -0.08     0.00
  MONTH TO DATE    0.09                      2.44  -2.35     0.87
  SINCE JAN 1      4.78                      5.41  -0.63     2.33

SNOWFALL (IN)
  YESTERDAY        0.0           0.1  1957   0.0    0.0      0.0
  MONTH TO DATE    0.0                       0.8   -0.8      0.0
  SINCE JUL 1      2.1                       7.5   -5.4      1.2
  SNOW DEPTH       0

DEGREE DAYS
 HEATING
  YESTERDAY       11                        11      0       15
  MONTH TO DATE  233                       350   -117      244
  SINCE JUL 1   2453                      3100   -647     2601

 COOLING
  YESTERDAY        0                         1     -1        0
  MONTH TO DATE   48                         4     44        0
  SINCE JAN 1     57                         5     52        4
..................................................................


WIND (MPH)
  HIGHEST WIND SPEED    31   HIGHEST WIND DIRECTION    NW (320)
  HIGHEST GUST SPEED    37   HIGHEST GUST DIRECTION    NW (310)
  AVERAGE WIND SPEED    13.1


SKY COVER
  AVERAGE SKY COVER 0.8


WEATHER CONDITIONS
 THE FOLLOWING WEATHER WAS RECORDED YESTERDAY.
  LIGHT RAIN
  FOG


RELATIVE HUMIDITY (PERCENT)
 HIGHEST    93           200 AM
 LOWEST     51           500 PM
 AVERAGE    72

..........................................................


THE OKLAHOMA CITY CLIMATE NORMALS FOR TODAY
                         NORMAL    RECORD    YEAR
 MAXIMUM TEMPERATURE (F)   67        85      1972
                                             1956
                                             1918
 MINIMUM TEMPERATURE (F)   44        13      1955


SUNRISE AND SUNSET
MARCH 26 2017.........SUNRISE   725 AM CDT   SUNSET   747 PM CDT
MARCH 27 2017.........SUNRISE   724 AM CDT   SUNSET   748 PM CDT


-  INDICATES NEGATIVE NUMBERS.
R  INDICATES RECORD WAS SET OR TIED.
MM INDICATES DATA IS MISSING.
T  INDICATES TRACE AMOUNT.




$$
