000
CDUS44 KOUN 242210
CLIOKC

CLIMATE REPORT
NATIONAL WEATHER SERVICE NORMAN OK
508 PM CDT SAT JUN 24 2017


...................................

...THE OKLAHOMA CITY CLIMATE SUMMARY FOR JUNE 24 2017...
VALID TODAY AS OF 0500 PM LOCAL TIME.

CLIMATE NORMAL PERIOD 1981 TO 2010
CLIMATE RECORD PERIOD 1890 TO 2017


WEATHER ITEM   OBSERVED TIME   RECORD YEAR NORMAL DEPARTURE LAST
                VALUE   (LST)  VALUE       VALUE  FROM      YEAR
                                                  NORMAL
..................................................................
TEMPERATURE (F)
 TODAY
  MAXIMUM         85    325 PM 104    1911  90     -5       90
  MINIMUM         70    711 AM  54    1957  70      0       72
  AVERAGE         78                        80     -2       81

PRECIPITATION (IN)
  TODAY            0.00          2.06 1948   0.14  -0.14     0.00
  MONTH TO DATE    0.09                      4.13  -4.04     1.00
  SINCE JUN 1      0.09                      4.13  -4.04     1.00
  SINCE JAN 1     14.75                     17.88  -3.13    13.41

SNOWFALL (IN)
  TODAY            0.0

DEGREE DAYS
 HEATING
  TODAY            0                         0      0        0
  MONTH TO DATE    0                         0      0        0
  SINCE JUN 1      0                         0      0        0
  SINCE JUL 1   2701                      3364   -663     2817

 COOLING
  TODAY           13                        15     -2       16
  MONTH TO DATE  304                       294     10      334
  SINCE JUN 1    304                       294     10      334
  SINCE JAN 1    529                       544    -15      520
..................................................................


WIND (MPH)
  HIGHEST WIND SPEED    20   HIGHEST WIND DIRECTION    NE (40)
  HIGHEST GUST SPEED    25   HIGHEST GUST DIRECTION     E (70)
  AVERAGE WIND SPEED    13.0


SKY COVER
  AVERAGE SKY COVER 0.8


WEATHER CONDITIONS
 THE FOLLOWING WEATHER WAS RECORDED TODAY.
  NO SIGNIFICANT WEATHER WAS OBSERVED.


RELATIVE HUMIDITY (PERCENT)
 HIGHEST    53          1200 AM
 LOWEST     25           200 PM
 AVERAGE    39

..........................................................


THE OKLAHOMA CITY CLIMATE NORMALS FOR TOMORROW
                         NORMAL    RECORD    YEAR
 MAXIMUM TEMPERATURE (F)   91       105      1980
 MINIMUM TEMPERATURE (F)   70        51      1974


SUNRISE AND SUNSET
JUNE 24 2017..........SUNRISE   617 AM CDT   SUNSET   849 PM CDT
JUNE 25 2017..........SUNRISE   617 AM CDT   SUNSET   849 PM CDT


-  INDICATES NEGATIVE NUMBERS.
R  INDICATES RECORD WAS SET OR TIED.
MM INDICATES DATA IS MISSING.
T  INDICATES TRACE AMOUNT.




$$
