000
CDUS44 KOUN 192213
CLIOKC

CLIMATE REPORT
NATIONAL WEATHER SERVICE NORMAN OK
511 PM CDT THU OCT 19 2017


...................................

...THE OKLAHOMA CITY CLIMATE SUMMARY FOR OCTOBER 19 2017...
VALID TODAY AS OF 0500 PM LOCAL TIME.

CLIMATE NORMAL PERIOD 1981 TO 2010
CLIMATE RECORD PERIOD 1890 TO 2017


WEATHER ITEM   OBSERVED TIME   RECORD YEAR NORMAL DEPARTURE LAST
                VALUE   (LST)  VALUE       VALUE  FROM      YEAR
                                                  NORMAL
..................................................................
TEMPERATURE (F)
 TODAY
  MAXIMUM         79    222 PM  92    1894  72      7       86
  MINIMUM         51    138 AM  25    1917  51      0       60
  AVERAGE         65                        62      3       73

PRECIPITATION (IN)
  TODAY            0.00          4.98 1983   0.13  -0.13     0.00
  MONTH TO DATE    4.20                      2.33   1.87     0.82
  SINCE SEP 1      7.91                      6.39   1.52     5.07
  SINCE JAN 1     31.12                     31.28  -0.16    24.98

SNOWFALL (IN)
  TODAY            0.0

DEGREE DAYS
 HEATING
  TODAY            0                         5     -5        0
  MONTH TO DATE   46                        64    -18       26
  SINCE SEP 1     50                        83    -33       29
  SINCE JUL 1     50                        83    -33       29

 COOLING
  TODAY            0                         1     -1        8
  MONTH TO DATE   81                        55     26       97
  SINCE SEP 1    334                       343     -9      427
  SINCE JAN 1   1905                      2080   -175     2153
..................................................................


WIND (MPH)
  HIGHEST WIND SPEED    18   HIGHEST WIND DIRECTION     S (190)
  HIGHEST GUST SPEED    22   HIGHEST GUST DIRECTION    SE (150)
  AVERAGE WIND SPEED    11.1


SKY COVER
  AVERAGE SKY COVER 0.8


WEATHER CONDITIONS
 THE FOLLOWING WEATHER WAS RECORDED TODAY.
  NO SIGNIFICANT WEATHER WAS OBSERVED.


RELATIVE HUMIDITY (PERCENT)
 HIGHEST    77           200 AM
 LOWEST     36           300 PM
 AVERAGE    57

..........................................................


THE OKLAHOMA CITY CLIMATE NORMALS FOR TOMORROW
                         NORMAL    RECORD    YEAR
 MAXIMUM TEMPERATURE (F)   72        93      1979
 MINIMUM TEMPERATURE (F)   50        26      1976


SUNRISE AND SUNSET
OCTOBER 19 2017.......SUNRISE   740 AM CDT   SUNSET   650 PM CDT
OCTOBER 20 2017.......SUNRISE   741 AM CDT   SUNSET   648 PM CDT


-  INDICATES NEGATIVE NUMBERS.
R  INDICATES RECORD WAS SET OR TIED.
MM INDICATES DATA IS MISSING.
T  INDICATES TRACE AMOUNT.




$$
