000
CDUS44 KOUN 240721
CLIOKC

CLIMATE REPORT
NATIONAL WEATHER SERVICE NORMAN OK
135 AM CDT TUE MAY 24 2016


...................................

...THE OKLAHOMA CITY CLIMATE SUMMARY FOR MAY 23 2016...

CLIMATE NORMAL PERIOD 1981 TO 2010
CLIMATE RECORD PERIOD 1890 TO 2016


WEATHER ITEM   OBSERVED TIME   RECORD YEAR NORMAL DEPARTURE LAST
                VALUE   (LST)  VALUE       VALUE  FROM      YEAR
                                                  NORMAL
..................................................................
TEMPERATURE (F)
 YESTERDAY
  MAXIMUM         77    203 PM 100    2000  82     -5       70
  MINIMUM         65    825 AM  42    1892  62      3       57
  AVERAGE         71                        72     -1       64

PRECIPITATION (IN)
  YESTERDAY        0.11          4.16 1908   0.15  -0.04     3.73
  MONTH TO DATE    1.98                      3.37  -1.39    18.19
  SINCE JAN 1     11.77                     12.47  -0.70    27.37

DEGREE DAYS
 COOLING
  YESTERDAY        6                         7     -1        0
  MONTH TO DATE   55                       116    -61       89
  SINCE JAN 1     97                       182    -85      151
..................................................................


WIND (MPH)
  HIGHEST WIND SPEED    26   HIGHEST WIND DIRECTION     S (160)
  HIGHEST GUST SPEED    33   HIGHEST GUST DIRECTION     S (160)
  AVERAGE WIND SPEED    13.7


SKY COVER
  AVERAGE SKY COVER 1.0


WEATHER CONDITIONS
 THE FOLLOWING WEATHER WAS RECORDED YESTERDAY.
  LIGHT RAIN
  FOG


RELATIVE HUMIDITY (PERCENT)
 HIGHEST   100           500 AM
 LOWEST     74           100 PM
 AVERAGE    87

..........................................................


THE OKLAHOMA CITY CLIMATE NORMALS FOR TODAY
                         NORMAL    RECORD    YEAR
 MAXIMUM TEMPERATURE (F)   82        98      2000
 MINIMUM TEMPERATURE (F)   62        42      1935


SUNRISE AND SUNSET
MAY 24 2016...........SUNRISE   620 AM CDT   SUNSET   835 PM CDT
MAY 25 2016...........SUNRISE   619 AM CDT   SUNSET   836 PM CDT


-  INDICATES NEGATIVE NUMBERS.
R  INDICATES RECORD WAS SET OR TIED.
MM INDICATES DATA IS MISSING.
T  INDICATES TRACE AMOUNT.




$$
