000
CDUS44 KOUN 020633
CLIOKC

CLIMATE REPORT
NATIONAL WEATHER SERVICE NORMAN OK
1233 AM CST FRI DEC 2 2016


...................................

...THE OKLAHOMA CITY CLIMATE SUMMARY FOR DECEMBER 1 2016...

CLIMATE NORMAL PERIOD 1981 TO 2010
CLIMATE RECORD PERIOD 1890 TO 2016


WEATHER ITEM   OBSERVED TIME   RECORD YEAR NORMAL DEPARTURE LAST
                VALUE   (LST)  VALUE       VALUE  FROM      YEAR
                                                  NORMAL
..................................................................
TEMPERATURE (F)
 YESTERDAY
  MAXIMUM         63    157 PM  77    2012  55      8       51
  MINIMUM         28    649 AM  12    1985  34     -6       25
  AVERAGE         46                        44      2       38

PRECIPITATION (IN)
  YESTERDAY        0.00          0.61 1933   0.07  -0.07     0.00
  MONTH TO DATE    0.00                      0.07  -0.07     0.00
  SINCE JAN 1     25.50                     34.71  -9.21    51.99

SNOWFALL (IN)
  YESTERDAY        0.0           0.4  1991   0.0    0.0      0.0
  MONTH TO DATE    0.0                       0.0    0.0      0.0
  SINCE JUL 1      T                         0.4   -0.4       T
  SNOW DEPTH       0

DEGREE DAYS
 HEATING
  YESTERDAY       19                        21     -2       27
  MONTH TO DATE   19                        21     -2       27
  SINCE JUL 1    342                       620   -278      512

 COOLING
  YESTERDAY        0                         0      0        0
  MONTH TO DATE    0                         0      0        0
  SINCE JAN 1   2214                      2099    115     2039
..................................................................


WIND (MPH)
  HIGHEST WIND SPEED    21   HIGHEST WIND DIRECTION     S (200)
  HIGHEST GUST SPEED    26   HIGHEST GUST DIRECTION     S (190)
  AVERAGE WIND SPEED     8.2


SKY COVER
  AVERAGE SKY COVER 0.2


WEATHER CONDITIONS
 THE FOLLOWING WEATHER WAS RECORDED YESTERDAY.
  NO SIGNIFICANT WEATHER WAS OBSERVED.


RELATIVE HUMIDITY (PERCENT)
 HIGHEST    75           400 AM
 LOWEST     23           200 PM
 AVERAGE    49

..........................................................


THE OKLAHOMA CITY CLIMATE NORMALS FOR TODAY
                         NORMAL    RECORD    YEAR
 MAXIMUM TEMPERATURE (F)   54        77      1975
 MINIMUM TEMPERATURE (F)   34        10      1985


SUNRISE AND SUNSET
DECEMBER  2 2016......SUNRISE   722 AM CST   SUNSET   518 PM CST
DECEMBER  3 2016......SUNRISE   723 AM CST   SUNSET   518 PM CST


-  INDICATES NEGATIVE NUMBERS.
R  INDICATES RECORD WAS SET OR TIED.
MM INDICATES DATA IS MISSING.
T  INDICATES TRACE AMOUNT.

$$
