000
CDUS44 KOUN 230632
CLIOKC

CLIMATE REPORT
NATIONAL WEATHER SERVICE NORMAN OK
130 AM CDT WED AUG 23 2017


...................................

...THE OKLAHOMA CITY CLIMATE SUMMARY FOR AUGUST 22 2017...

CLIMATE NORMAL PERIOD 1981 TO 2010
CLIMATE RECORD PERIOD 1890 TO 2017


WEATHER ITEM   OBSERVED TIME   RECORD YEAR NORMAL DEPARTURE LAST
                VALUE   (LST)  VALUE       VALUE  FROM      YEAR
                                                  NORMAL
..................................................................
TEMPERATURE (F)
 YESTERDAY
  MAXIMUM         92    411 PM 104    1922  93     -1       89
  MINIMUM         70   1152 PM  56    1956  71     -1       57
  AVERAGE         81                        82     -1       73

PRECIPITATION (IN)
  YESTERDAY        1.25          3.17 1934   0.10   1.15     0.00
  MONTH TO DATE    5.95                      2.32   3.63     0.07
  SINCE JUN 1      7.37                     10.18  -2.81     7.02
  SINCE JAN 1     22.03                     23.93  -1.90    19.43

SNOWFALL (IN)
  YESTERDAY        0.0

DEGREE DAYS
 HEATING
  YESTERDAY        0                         0      0        0
  MONTH TO DATE    0                         0      0        0
  SINCE JUN 1      0                         1     -1        0
  SINCE JUL 1      0                         0      0        0

 COOLING
  YESTERDAY       16                        17     -1        8
  MONTH TO DATE  304                       397    -93      378
  SINCE JUN 1   1260                      1346    -86     1387
  SINCE JAN 1   1485                      1596   -111     1573
..................................................................


WIND (MPH)
  HIGHEST WIND SPEED    33   HIGHEST WIND DIRECTION     N (350)
  HIGHEST GUST SPEED    41   HIGHEST GUST DIRECTION     N (340)
  AVERAGE WIND SPEED     8.6


SKY COVER
  AVERAGE SKY COVER 0.7


WEATHER CONDITIONS
 THE FOLLOWING WEATHER WAS RECORDED YESTERDAY.
  THUNDERSTORM
  HEAVY RAIN
  RAIN
  LIGHT RAIN
  FOG


RELATIVE HUMIDITY (PERCENT)
 HIGHEST    93           400 AM
 LOWEST     49           300 PM
 AVERAGE    71

..........................................................


THE OKLAHOMA CITY CLIMATE NORMALS FOR TODAY
                         NORMAL    RECORD    YEAR
 MAXIMUM TEMPERATURE (F)   93       106      2011
 MINIMUM TEMPERATURE (F)   71        49      1891


SUNRISE AND SUNSET
AUGUST 23 2017........SUNRISE   656 AM CDT   SUNSET   809 PM CDT
AUGUST 24 2017........SUNRISE   657 AM CDT   SUNSET   808 PM CDT


-  INDICATES NEGATIVE NUMBERS.
R  INDICATES RECORD WAS SET OR TIED.
MM INDICATES DATA IS MISSING.
T  INDICATES TRACE AMOUNT.




$$
