000
CDUS46 KSEW 010827
CLIOLM


CLIMATE REPORT
NATIONAL WEATHER SERVICE SEATTLE WA
127 AM PDT WED JUL 1 2015


...................................

...THE OLYMPIA WA AIRPORT CLIMATE SUMMARY FOR JUNE 30 2015...

CLIMATE NORMAL PERIOD 1981 TO 2010
CLIMATE RECORD PERIOD 1948 TO 2015


WEATHER ITEM   OBSERVED TIME   RECORD YEAR NORMAL DEPARTURE LAST
                VALUE   (LST)  VALUE       VALUE  FROM      YEAR
                                                  NORMAL
..................................................................
TEMPERATURE (F)
 YESTERDAY
  MAXIMUM         88    515 PM  97    1995  74     14       78
  MINIMUM         55    356 AM  36    1971  49      6       47
  AVERAGE         72                        61     11       63

PRECIPITATION (IN)
  YESTERDAY        0.00          0.57 1954   0.04  -0.04     0.00
  MONTH TO DATE    0.14                      1.76  -1.62     0.88
  SINCE OCT 1     39.66                     46.72  -7.06    39.53
  SINCE JAN 1     20.63                     26.03  -5.40    30.69

DEGREE DAYS
 HEATING
  YESTERDAY        0                         4     -4        2
  MONTH TO DATE   63                       187   -124      155
  SINCE JUN 1     63                       188   -125      155
  SINCE JUL 1   4362                      5384  -1022     5245

 COOLING
  YESTERDAY        7                         1      6        0
  MONTH TO DATE   72                        11     61        1
  SINCE JUN 1     72                        11     61        1
  SINCE JAN 1     73                        14     59        2
..................................................................


WIND (MPH)
  RESULTANT WIND SPEED   1   RESULTANT WIND DIRECTION   N (350)
  HIGHEST WIND SPEED    12   HIGHEST WIND DIRECTION     N (350)
  HIGHEST GUST SPEED    16   HIGHEST GUST DIRECTION     N (20)
  AVERAGE WIND SPEED     3.1


SKY COVER
  AVERAGE SKY COVER 0.3


WEATHER CONDITIONS
 THE FOLLOWING WEATHER WAS RECORDED YESTERDAY.
  NO SIGNIFICANT WEATHER WAS OBSERVED.


RELATIVE HUMIDITY (PERCENT)
 HIGHEST    93           200 AM
 LOWEST     36           500 PM
 AVERAGE    65

..........................................................


THE OLYMPIA WA AIRPORT CLIMATE NORMALS FOR TODAY
                         NORMAL    RECORD    YEAR
 MAXIMUM TEMPERATURE (F)   74        94      2014
 MINIMUM TEMPERATURE (F)   49        38      1971


SUNRISE AND SUNSET
JULY  1 2015..........SUNRISE   521 AM PDT   SUNSET   910 PM PDT
JULY  2 2015..........SUNRISE   521 AM PDT   SUNSET   910 PM PDT


-  INDICATES NEGATIVE NUMBERS.
R  INDICATES RECORD WAS SET OR TIED.
MM INDICATES DATA IS MISSING.
T  INDICATES TRACE AMOUNT.




$$
