389
CDUS46 KSEW 190840
CLIOLM


CLIMATE REPORT
NATIONAL WEATHER SERVICE SEATTLE WA
1239 AM PST SUN NOV 19 2017


...................................

...THE OLYMPIA WA AIRPORT CLIMATE SUMMARY FOR NOVEMBER 18 2017...

CLIMATE NORMAL PERIOD 1981 TO 2010
CLIMATE RECORD PERIOD 1948 TO 2017


WEATHER ITEM   OBSERVED TIME   RECORD YEAR NORMAL DEPARTURE LAST
                VALUE   (LST)  VALUE       VALUE  FROM      YEAR
                                                  NORMAL
..................................................................
TEMPERATURE (F)
 YESTERDAY
  MAXIMUM         53    223 PM  61    1968  49      4       48
  MINIMUM         38   1112 PM  19    2014  36      2       30
  AVERAGE         46                        43      3       39

PRECIPITATION (IN)
  YESTERDAY        T             2.02 1958   0.31  -0.31     0.04
  MONTH TO DATE    6.45                      4.99   1.46     4.86
  SINCE OCT 1     13.03                      9.59   3.44    17.29
  SINCE JAN 1     48.70                     38.90   9.80    46.66

DEGREE DAYS
 HEATING
  YESTERDAY       19                        22     -3       26
  MONTH TO DATE  395                       366     29      260
  SINCE SEP 1   1008                      1010     -2      840
  SINCE JUL 1   1064                      1160    -96      950

 COOLING
  YESTERDAY        0                         0      0        0
  MONTH TO DATE    0                         0      0        0
  SINCE SEP 1     38                         7     31        0
  SINCE JAN 1    204                       106     98      145
..................................................................


WIND (MPH)
  RESULTANT WIND SPEED   4   RESULTANT WIND DIRECTION  SW (220)
  HIGHEST WIND SPEED    12   HIGHEST WIND DIRECTION     S (190)
  HIGHEST GUST SPEED    16   HIGHEST GUST DIRECTION    SW (210)
  AVERAGE WIND SPEED     4.6


SKY COVER
  AVERAGE SKY COVER 0.3


WEATHER CONDITIONS
 THE FOLLOWING WEATHER WAS RECORDED YESTERDAY.
  LIGHT RAIN


RELATIVE HUMIDITY (PERCENT)
 HIGHEST   100           300 AM
 LOWEST     59           100 PM
 AVERAGE    80

..........................................................


THE OLYMPIA WA AIRPORT CLIMATE NORMALS FOR TODAY
                         NORMAL    RECORD    YEAR
 MAXIMUM TEMPERATURE (F)   49        59      1968
 MINIMUM TEMPERATURE (F)   36        18      2000
                                             1977


SUNRISE AND SUNSET
NOVEMBER 19 2017......SUNRISE   721 AM PST   SUNSET   433 PM PST
NOVEMBER 20 2017......SUNRISE   722 AM PST   SUNSET   432 PM PST


-  INDICATES NEGATIVE NUMBERS.
R  INDICATES RECORD WAS SET OR TIED.
MM INDICATES DATA IS MISSING.
T  INDICATES TRACE AMOUNT.




$$
