000
CDUS46 KSEW 210834
CLIOLM


CLIMATE REPORT
NATIONAL WEATHER SERVICE SEATTLE WA
1233 AM PST SUN JAN 21 2018


...................................

...THE OLYMPIA WA AIRPORT CLIMATE SUMMARY FOR JANUARY 20 2018...

CLIMATE NORMAL PERIOD 1981 TO 2010
CLIMATE RECORD PERIOD 1948 TO 2018


WEATHER ITEM   OBSERVED TIME   RECORD YEAR NORMAL DEPARTURE LAST
                VALUE   (LST)  VALUE       VALUE  FROM      YEAR
                                                  NORMAL
..................................................................
TEMPERATURE (F)
 YESTERDAY
  MAXIMUM         47   1159 PM  59    1995  46      1       45
  MINIMUM         36    257 AM   7    1954  34      2       33
  AVERAGE         42                        40      2       39

PRECIPITATION (IN)
  YESTERDAY        0.14          3.05 1972   0.26  -0.12     0.05
  MONTH TO DATE    4.87                      5.23  -0.36     3.59
  SINCE OCT 1     30.63                     25.92   4.71    31.69
  SINCE JAN 1      4.87                      5.23  -0.36     3.59

DEGREE DAYS
 HEATING
  YESTERDAY       23                        25     -2       26
  MONTH TO DATE  443                       510    -67      633
  SINCE DEC 1   1303                      1335    -32     1545
  SINCE JUL 1   2605                      2780   -175     2742

 COOLING
  YESTERDAY        0                         0      0        0
  MONTH TO DATE    0                         0      0        0
  SINCE DEC 1      0                         0      0        0
  SINCE JAN 1      0                         0      0        0
..................................................................


WIND (MPH)
  RESULTANT WIND SPEED  12   RESULTANT WIND DIRECTION   S (190)
  HIGHEST WIND SPEED    28   HIGHEST WIND DIRECTION     S (180)
  HIGHEST GUST SPEED    36   HIGHEST GUST DIRECTION     S (170)
  AVERAGE WIND SPEED    11.5


SKY COVER
  AVERAGE SKY COVER 1.0


WEATHER CONDITIONS
 THE FOLLOWING WEATHER WAS RECORDED YESTERDAY.
  LIGHT RAIN
  FOG


RELATIVE HUMIDITY (PERCENT)
 HIGHEST   100           200 AM
 LOWEST     76          1100 PM
 AVERAGE    88

..........................................................


THE OLYMPIA WA AIRPORT CLIMATE NORMALS FOR TODAY
                         NORMAL    RECORD    YEAR
 MAXIMUM TEMPERATURE (F)   47        57      2005
 MINIMUM TEMPERATURE (F)   34         4      1962


SUNRISE AND SUNSET
JANUARY 21 2018.......SUNRISE   748 AM PST   SUNSET   458 PM PST
JANUARY 22 2018.......SUNRISE   747 AM PST   SUNSET   500 PM PST


-  INDICATES NEGATIVE NUMBERS.
R  INDICATES RECORD WAS SET OR TIED.
MM INDICATES DATA IS MISSING.
T  INDICATES TRACE AMOUNT.




$$
