000
CDUS46 KSEW 250121
CLIOLM


CLIMATE REPORT
NATIONAL WEATHER SERVICE SEATTLE WA
621 PM PDT SUN SEP 24 2017


...................................

...THE OLYMPIA WA AIRPORT CLIMATE SUMMARY FOR SEPTEMBER 24 2017...
VALID TODAY AS OF 0600 PM LOCAL TIME.

CLIMATE NORMAL PERIOD 1981 TO 2010
CLIMATE RECORD PERIOD 1948 TO 2017


WEATHER ITEM   OBSERVED TIME   RECORD YEAR NORMAL DEPARTURE LAST
                VALUE   (LST)  VALUE       VALUE  FROM      YEAR
                                                  NORMAL
..................................................................
TEMPERATURE (F)
 TODAY
  MAXIMUM         73    411 PM  91    1974  69      4       66
  MINIMUM         42    552 AM  30    2000  44     -2       43
  AVERAGE         58                        57      1       55

PRECIPITATION (IN)
  TODAY            0.00          1.30 1950   0.07  -0.07     0.00
  MONTH TO DATE    1.01                      1.28  -0.27     1.71
  SINCE OCT 1     63.54                     49.57  13.97    62.35
  SINCE JAN 1     35.44                     28.88   6.56    29.35

DEGREE DAYS
 HEATING
  TODAY            7                         8     -1       10
  MONTH TO DATE  112                       134    -22      159
  SINCE SEP 1    112                       134    -22      159
  SINCE JUL 1    168                       284   -116      269

 COOLING
  TODAY            0                         0      0        0
  MONTH TO DATE   37                         4     33        0
  SINCE SEP 1     37                         4     33        0
  SINCE JAN 1    203                       103    100      145
..................................................................


WIND (MPH)
  RESULTANT WIND SPEED   2   RESULTANT WIND DIRECTION  NE (60)
  HIGHEST WIND SPEED     8   HIGHEST WIND DIRECTION     N (2)
  HIGHEST GUST SPEED    10   HIGHEST GUST DIRECTION     N (3)
  AVERAGE WIND SPEED     1.9


SKY COVER
  AVERAGE SKY COVER 0.4


WEATHER CONDITIONS
 THE FOLLOWING WEATHER WAS RECORDED TODAY.
  FOG
  FOG W/VISIBILITY <= 1/4 MILE


RELATIVE HUMIDITY (PERCENT)
 HIGHEST   100          1200 AM
 LOWEST     38           300 PM
 AVERAGE    69

..........................................................


THE OLYMPIA WA AIRPORT CLIMATE NORMALS FOR TOMORROW
                         NORMAL    RECORD    YEAR
 MAXIMUM TEMPERATURE (F)   69        85      1991
 MINIMUM TEMPERATURE (F)   44        31      1972


SUNRISE AND SUNSET
SEPTEMBER 24 2017.....SUNRISE   702 AM PDT   SUNSET   704 PM PDT
SEPTEMBER 25 2017.....SUNRISE   703 AM PDT   SUNSET   702 PM PDT


-  INDICATES NEGATIVE NUMBERS.
R  INDICATES RECORD WAS SET OR TIED.
MM INDICATES DATA IS MISSING.
T  INDICATES TRACE AMOUNT.




$$
