000
CDUS46 KSEW 280828
CLIOLM


CLIMATE REPORT
NATIONAL WEATHER SERVICE SEATTLE WA
1227 AM PST WED JAN 28 2015


...................................

...THE OLYMPIA WA AIRPORT CLIMATE SUMMARY FOR JANUARY 27 2015...

CLIMATE NORMAL PERIOD 1981 TO 2010
CLIMATE RECORD PERIOD 1948 TO 2015


WEATHER ITEM   OBSERVED TIME   RECORD YEAR NORMAL DEPARTURE LAST
                VALUE   (LST)  VALUE       VALUE  FROM      YEAR
                                                  NORMAL
..................................................................
TEMPERATURE (F)
 YESTERDAY
  MAXIMUM         52    355 PM  60    1952  47      5       40
  MINIMUM         39    525 AM  -7    1972  34      5       31
  AVERAGE         46                        40      6       36

PRECIPITATION (IN)
  YESTERDAY        0.00          1.48 1992   0.23  -0.23     0.02
  MONTH TO DATE    6.68                      6.91  -0.23     3.62
  SINCE OCT 1     25.71                     27.60  -1.89    12.46
  SINCE JAN 1      6.68                      6.91  -0.23     3.62

DEGREE DAYS
 HEATING
  YESTERDAY       19                        25     -6       29
  MONTH TO DATE  588                       685    -97      672
  SINCE DEC 1   1311                      1510   -199     1564
  SINCE JUL 1   2410                      2955   -545     2960

 COOLING
  YESTERDAY        0                         0      0        0
  MONTH TO DATE    0                         0      0        0
  SINCE DEC 1      0                         0      0        0
  SINCE JAN 1      0                         0      0        0
..................................................................


WIND (MPH)
  RESULTANT WIND SPEED   4   RESULTANT WIND DIRECTION   S (200)
  HIGHEST WIND SPEED    10   HIGHEST WIND DIRECTION     S (190)
  HIGHEST GUST SPEED    13   HIGHEST GUST DIRECTION    SW (210)
  AVERAGE WIND SPEED     4.6


SKY COVER
  AVERAGE SKY COVER 0.9


WEATHER CONDITIONS
 THE FOLLOWING WEATHER WAS RECORDED YESTERDAY.
  FOG
  FOG W/VISIBILITY <= 1/4 MILE


RELATIVE HUMIDITY (PERCENT)
 HIGHEST   100          1200 AM
 LOWEST     83          1100 PM
 AVERAGE    92

..........................................................


THE OLYMPIA WA AIRPORT CLIMATE NORMALS FOR TODAY
                         NORMAL    RECORD    YEAR
 MAXIMUM TEMPERATURE (F)   47        60      1976
 MINIMUM TEMPERATURE (F)   34        -4      1972


SUNRISE AND SUNSET
JANUARY 28 2015.......SUNRISE   741 AM PST   SUNSET   508 PM PST
JANUARY 29 2015.......SUNRISE   740 AM PST   SUNSET   510 PM PST


-  INDICATES NEGATIVE NUMBERS.
R  INDICATES RECORD WAS SET OR TIED.
MM INDICATES DATA IS MISSING.
T  INDICATES TRACE AMOUNT.




$$
