000
CDUS46 KSEW 010828
CLIOLM


CLIMATE REPORT
NATIONAL WEATHER SERVICE SEATTLE WA
128 AM PDT WED OCT 1 2014


...................................

...THE OLYMPIA WA AIRPORT CLIMATE SUMMARY FOR SEPTEMBER 30 2014...

CLIMATE NORMAL PERIOD 1981 TO 2010
CLIMATE RECORD PERIOD 1948 TO 2014


WEATHER ITEM   OBSERVED TIME   RECORD YEAR NORMAL DEPARTURE LAST
                VALUE   (LST)  VALUE       VALUE  FROM      YEAR
                                                  NORMAL
..................................................................
TEMPERATURE (F)
 YESTERDAY
  MAXIMUM         68    217 PM  83    1992  67      1       58
                                      1987
  MINIMUM         48   1122 PM  29    1950  43      5       47
  AVERAGE         58                        55      3       53

PRECIPITATION (IN)
  YESTERDAY        0.00          1.52 2013   0.08  -0.08     1.52
  MONTH TO DATE    3.07                      1.71   1.36     9.36
  SINCE OCT 1     44.32                     50.00  -5.68    59.58
  SINCE JAN 1     35.48                     29.31   6.17    32.62

DEGREE DAYS
 HEATING
  YESTERDAY        7                        10     -3       12
  MONTH TO DATE  118                       191    -73      142
  SINCE SEP 1    118                       190    -72      142
  SINCE JUL 1    171                       340   -169      219

 COOLING
  YESTERDAY        0                         0      0        0
  MONTH TO DATE    6                         7     -1       26
  SINCE SEP 1      6                         7     -1       26
  SINCE JAN 1    187                       106     81      147
..................................................................


WIND (MPH)
  RESULTANT WIND SPEED   7   RESULTANT WIND DIRECTION  SW (230)
  HIGHEST WIND SPEED    16   HIGHEST WIND DIRECTION     W (270)
  HIGHEST GUST SPEED    25   HIGHEST GUST DIRECTION     W (260)
  AVERAGE WIND SPEED     7.7


SKY COVER
  AVERAGE SKY COVER 0.3


WEATHER CONDITIONS
 THE FOLLOWING WEATHER WAS RECORDED YESTERDAY.
  NO SIGNIFICANT WEATHER WAS OBSERVED.


RELATIVE HUMIDITY (PERCENT)
 HIGHEST    93          1200 AM
 LOWEST     48          1200 PM
 AVERAGE    71

..........................................................


THE OLYMPIA WA AIRPORT CLIMATE NORMALS FOR TODAY
                         NORMAL    RECORD    YEAR
 MAXIMUM TEMPERATURE (F)   66        90      1987
 MINIMUM TEMPERATURE (F)   43        29      1983
                                             1950


SUNRISE AND SUNSET
OCTOBER  1 2014.......SUNRISE   710 AM PDT   SUNSET   651 PM PDT
OCTOBER  2 2014.......SUNRISE   712 AM PDT   SUNSET   649 PM PDT


-  INDICATES NEGATIVE NUMBERS.
R  INDICATES RECORD WAS SET OR TIED.
MM INDICATES DATA IS MISSING.
T  INDICATES TRACE AMOUNT.




$$
