000
CDUS43 KOAX 030712
CLIOMA


CLIMATE REPORT
NATIONAL WEATHER SERVICE OMAHA NEBRASKA
211 AM CDT WED JUN 3 2015


...................................

...THE OMAHA EPPLEY, NEBRASKA CLIMATE SUMMARY FOR JUNE 2 2015...

CLIMATE NORMAL PERIOD 1981 TO 2010
CLIMATE RECORD PERIOD 1871 TO 2015


WEATHER ITEM   OBSERVED TIME   RECORD YEAR NORMAL DEPARTURE LAST
                VALUE   (LST)  VALUE       VALUE  FROM      YEAR
                                                  NORMAL
..................................................................
TEMPERATURE (F)
 YESTERDAY
  MAXIMUM         77    118 PM  98    1911  79     -2       84
  MINIMUM         57    545 AM  44    1967  57      0       62
                                      1964
  AVERAGE         67                        68     -1       73

PRECIPITATION (IN)
  YESTERDAY        0.00          1.77 1941   0.17  -0.17     0.00
  MONTH TO DATE    0.00                      0.33  -0.33     1.18
  SINCE JUN 1      0.00                      0.33  -0.33     1.18
  SINCE JAN 1     10.69                     11.61  -0.92     8.00

SNOWFALL (IN)
  YESTERDAY        0.0                       0.0    0.0      0.0
  MONTH TO DATE    0.0                       0.0    0.0      0.0
  SINCE JUL 1     13.8                      26.4  -12.6     17.8
  SNOW DEPTH       0

DEGREE DAYS
 HEATING
  YESTERDAY        0                         2     -2        0
  MONTH TO DATE    0                         4     -4        0
  SINCE JUN 1      0                         4     -4        0
  SINCE JUL 1   5820                      6154   -334     6530

 COOLING
  YESTERDAY        2                         4     -2        8
  MONTH TO DATE    2                         8     -6       20
  SINCE JUN 1      2                         8     -6       20
  SINCE JAN 1     48                        90    -42      163
..................................................................


WIND (MPH)
  HIGHEST WIND SPEED    25   HIGHEST WIND DIRECTION    SE (150)
  HIGHEST GUST SPEED    31   HIGHEST GUST DIRECTION     S (160)
  AVERAGE WIND SPEED    16.0


SKY COVER
  POSSIBLE SUNSHINE  MM
  AVERAGE SKY COVER 0.7


WEATHER CONDITIONS
 THE FOLLOWING WEATHER WAS RECORDED YESTERDAY.
  NO SIGNIFICANT WEATHER WAS OBSERVED.


RELATIVE HUMIDITY (PERCENT)
 HIGHEST    86           300 AM
 LOWEST     57          1200 PM
 AVERAGE    72

..........................................................


THE OMAHA EPPLEY, NEBRASKA CLIMATE NORMALS FOR TODAY
                         NORMAL    RECORD    YEAR
 MAXIMUM TEMPERATURE (F)   80        97      1911
 MINIMUM TEMPERATURE (F)   57        40      1969


SUNRISE AND SUNSET
JUNE  3 2015..........SUNRISE   552 AM CDT   SUNSET   852 PM CDT
JUNE  4 2015..........SUNRISE   552 AM CDT   SUNSET   852 PM CDT


-  INDICATES NEGATIVE NUMBERS.
R  INDICATES RECORD WAS SET OR TIED.
MM INDICATES DATA IS MISSING.
T  INDICATES TRACE AMOUNT.




$$
