000
CDUS43 KOAX 142159
CLIOMA


CLIMATE REPORT
NATIONAL WEATHER SERVICE OMAHA NEBRASKA
458 PM CDT SUN SEP 14 2014


...................................

...THE OMAHA EPPLEY, NEBRASKA CLIMATE SUMMARY FOR SEPTEMBER 14 2014...
VALID TODAY AS OF 0400 PM LOCAL TIME.

CLIMATE NORMAL PERIOD 1981 TO 2010
CLIMATE RECORD PERIOD 1871 TO 2014


WEATHER ITEM   OBSERVED TIME   RECORD YEAR NORMAL DEPARTURE LAST
                VALUE   (LST)  VALUE       VALUE  FROM      YEAR
                                                  NORMAL
..................................................................
TEMPERATURE (F)
 TODAY
  MAXIMUM         71    200 PM  98    1939  78     -7       77
  MINIMUM         50    646 AM  38    1974  55     -5       56
  AVERAGE         61                        67     -6       67

PRECIPITATION (IN)
  TODAY            0.00          2.21 1874   0.09  -0.09      T
  MONTH TO DATE    4.11                      1.36   2.75     1.64
  SINCE SEP 1      4.11                      1.36   2.75     1.64
  SINCE JAN 1     32.76                     24.47   8.29    22.88

SNOWFALL (IN)
  TODAY            0.0                       0.0    0.0      0.0
  MONTH TO DATE    0.0                       0.0    0.0      0.0
  SINCE JUL 1      0.0                       0.0    0.0      0.0
  SNOW DEPTH       0

DEGREE DAYS
 HEATING
  TODAY            4                         2      2        0
  MONTH TO DATE   50                        20     30        1
  SINCE SEP 1     50                        20     30        1
  SINCE JUL 1     54                        28     26        6

 COOLING
  TODAY            0                         4     -4        2
  MONTH TO DATE   55                        77    -22      147
  SINCE SEP 1     55                        77    -22      147
  SINCE JAN 1   1078                      1057     21     1213
..................................................................


WIND (MPH)
  HIGHEST WIND SPEED    15   HIGHEST WIND DIRECTION     S (170)
  HIGHEST GUST SPEED    18   HIGHEST GUST DIRECTION    SE (150)
  AVERAGE WIND SPEED     7.7


SKY COVER
  POSSIBLE SUNSHINE  MM
  AVERAGE SKY COVER 0.6


WEATHER CONDITIONS
 THE FOLLOWING WEATHER WAS RECORDED TODAY.
  NO SIGNIFICANT WEATHER WAS OBSERVED.


RELATIVE HUMIDITY (PERCENT)
 HIGHEST    83           300 AM
 LOWEST     47           100 PM
 AVERAGE    65

..........................................................


THE OMAHA EPPLEY, NEBRASKA CLIMATE NORMALS FOR TOMORROW
                         NORMAL    RECORD    YEAR
 MAXIMUM TEMPERATURE (F)   78        99      1939
 MINIMUM TEMPERATURE (F)   54        36      1874


SUNRISE AND SUNSET
SEPTEMBER 14 2014.....SUNRISE   703 AM CDT   SUNSET   734 PM CDT
SEPTEMBER 15 2014.....SUNRISE   704 AM CDT   SUNSET   733 PM CDT


-  INDICATES NEGATIVE NUMBERS.
R  INDICATES RECORD WAS SET OR TIED.
MM INDICATES DATA IS MISSING.
T  INDICATES TRACE AMOUNT.




$$
