000
CDUS43 KOAX 272125
CLIOMA


CLIMATE REPORT
NATIONAL WEATHER SERVICE OMAHA NEBRASKA
425 PM CDT FRI MAY 27 2016


...................................

...THE OMAHA EPPLEY, NEBRASKA CLIMATE SUMMARY FOR MAY 27 2016...
VALID TODAY AS OF 0400 PM LOCAL TIME.

CLIMATE NORMAL PERIOD 1981 TO 2010
CLIMATE RECORD PERIOD 1871 TO 2016


WEATHER ITEM   OBSERVED TIME   RECORD YEAR NORMAL DEPARTURE LAST
                VALUE   (LST)  VALUE       VALUE  FROM      YEAR
                                                  NORMAL
..................................................................
TEMPERATURE (F)
 TODAY
  MAXIMUM         78    256 PM  94    2012  77      1       84
  MINIMUM         62    618 AM  38    1907  55      7       53
  AVERAGE         70                        66      4       69

PRECIPITATION (IN)
  TODAY            0.00          1.44 1918   0.15  -0.15     0.00
  MONTH TO DATE    4.71                      4.10   0.61     5.22
  SINCE MAR 1     11.14                      9.05   2.09     9.43
  SINCE JAN 1     12.86                     10.62   2.24    10.57

SNOWFALL (IN)
  TODAY            0.0                       0.0    0.0      0.0
  MONTH TO DATE    0.0                       0.1   -0.1      0.0
  SINCE JUL 1     27.4                      26.5    0.9     13.8
  SNOW DEPTH       0

DEGREE DAYS
 HEATING
  TODAY            0                         2     -2        0
  MONTH TO DATE  121                       139    -18      127
  SINCE MAR 1    961                      1343   -382     1098
  SINCE JUL 1   4927                      6141  -1214     5809

 COOLING
  TODAY            5                         3      2        4
  MONTH TO DATE   44                        50     -6       36
  SINCE MAR 1     57                        66     -9       41
  SINCE JAN 1     57                        66     -9       41
..................................................................


WIND (MPH)
  HIGHEST WIND SPEED    16   HIGHEST WIND DIRECTION     S (190)
  HIGHEST GUST SPEED    22   HIGHEST GUST DIRECTION     S (190)
  AVERAGE WIND SPEED     8.6


SKY COVER
  POSSIBLE SUNSHINE  MM
  AVERAGE SKY COVER 0.8


WEATHER CONDITIONS
 THE FOLLOWING WEATHER WAS RECORDED TODAY.
  NO SIGNIFICANT WEATHER WAS OBSERVED.


RELATIVE HUMIDITY (PERCENT)
 HIGHEST    90           300 AM
 LOWEST     54           300 PM
 AVERAGE    72

..........................................................


THE OMAHA EPPLEY, NEBRASKA CLIMATE NORMALS FOR TOMORROW
                         NORMAL    RECORD    YEAR
 MAXIMUM TEMPERATURE (F)   78        97      1895
 MINIMUM TEMPERATURE (F)   55        35      1947


SUNRISE AND SUNSET
MAY 27 2016...........SUNRISE   555 AM CDT   SUNSET   847 PM CDT
MAY 28 2016...........SUNRISE   555 AM CDT   SUNSET   848 PM CDT


-  INDICATES NEGATIVE NUMBERS.
R  INDICATES RECORD WAS SET OR TIED.
MM INDICATES DATA IS MISSING.
T  INDICATES TRACE AMOUNT.




$$
