000
CDUS43 KOAX 291737 CCA
CLIOMA

CLIMATE REPORT...CORRECTION
NATIONAL WEATHER SERVICE OMAHA NEBRASKA
136 AM CDT WED MAR 29 2017

...CORRECTED TO ADD LIGHT RAIN TO WEATHER CONDITIONS...


...................................

...THE OMAHA EPPLEY, NEBRASKA CLIMATE SUMMARY FOR MARCH 28 2017...

CLIMATE NORMAL PERIOD 1981 TO 2010
CLIMATE RECORD PERIOD 1871 TO 2017


WEATHER ITEM   OBSERVED TIME   RECORD YEAR NORMAL DEPARTURE LAST
                VALUE   (LST)  VALUE       VALUE  FROM      YEAR
                                                  NORMAL
..................................................................
TEMPERATURE (F)
 YESTERDAY
  MAXIMUM         51    555 PM  86    1986  57     -6       70
  MINIMUM         33    321 AM  11    1970  33      0       27
  AVERAGE         42                        44     -2       49

PRECIPITATION (IN)
  YESTERDAY        T             1.21 1977   0.09  -0.09     0.00
  MONTH TO DATE    1.18                      1.74  -0.56     0.97
  SINCE MAR 1      1.18                      1.74  -0.56     0.97
  SINCE JAN 1      3.08                      3.31  -0.23     2.69

SNOWFALL (IN)
  YESTERDAY        0.0                       0.1   -0.1      0.0
  MONTH TO DATE    0.3                       3.9   -3.6       T
  SINCE JUL 1     11.4                      25.1  -13.7     27.4
  SNOW DEPTH       0

DEGREE DAYS
 HEATING
  YESTERDAY       23                        21      2       16
  MONTH TO DATE  606                       732   -126      512
  SINCE MAR 1    606                       732   -126      512
  SINCE JUL 1   4433                      5530  -1097     4478

 COOLING
  YESTERDAY        0                         0      0        0
  MONTH TO DATE    0                         0      0        2
  SINCE MAR 1      0                         0      0        2
  SINCE JAN 1      0                         0      0        2
..................................................................


WIND (MPH)
  HIGHEST WIND SPEED    17   HIGHEST WIND DIRECTION    NE (060)
  HIGHEST GUST SPEED    21   HIGHEST GUST DIRECTION    NE (060)
  AVERAGE WIND SPEED     7.9


SKY COVER
  POSSIBLE SUNSHINE  MM
  AVERAGE SKY COVER 0.9


WEATHER CONDITIONS
 THE FOLLOWING WEATHER WAS RECORDED YESTERDAY.
  LIGHT RAIN
  FOG


RELATIVE HUMIDITY (PERCENT)
 HIGHEST    89           200 AM
 LOWEST     68           400 PM
 AVERAGE    79

..........................................................


THE OMAHA EPPLEY, NEBRASKA CLIMATE NORMALS FOR TODAY
                         NORMAL    RECORD    YEAR
 MAXIMUM TEMPERATURE (F)   57        88      1986
 MINIMUM TEMPERATURE (F)   33        10      1969


SUNRISE AND SUNSET
MARCH 29 2017.........SUNRISE   711 AM CDT   SUNSET   746 PM CDT
MARCH 30 2017.........SUNRISE   710 AM CDT   SUNSET   747 PM CDT


-  INDICATES NEGATIVE NUMBERS.
R  INDICATES RECORD WAS SET OR TIED.
MM INDICATES DATA IS MISSING.
T  INDICATES TRACE AMOUNT.




$$

COR BY KLISH
