000
CDUS43 KOAX 252130
CLIOMA


CLIMATE REPORT
NATIONAL WEATHER SERVICE OMAHA NEBRASKA
429 PM CDT THU MAY 25 2017


...................................

...THE OMAHA EPPLEY, NEBRASKA CLIMATE SUMMARY FOR MAY 25 2017...
VALID TODAY AS OF 0400 PM LOCAL TIME.

CLIMATE NORMAL PERIOD 1981 TO 2010
CLIMATE RECORD PERIOD 1871 TO 2017


WEATHER ITEM   OBSERVED TIME   RECORD YEAR NORMAL DEPARTURE LAST
                VALUE   (LST)  VALUE       VALUE  FROM      YEAR
                                                  NORMAL
..................................................................
TEMPERATURE (F)
 TODAY
  MAXIMUM         77    244 PM  97    1967  77      0       82
  MINIMUM         49    446 AM  40    1925  54     -5       64
  AVERAGE         63                        65     -2       73

PRECIPITATION (IN)
  TODAY            0.00          2.35 1904   0.15  -0.15     0.50
  MONTH TO DATE    4.32                      3.79   0.53     4.30
  SINCE MAR 1      9.13                      8.74   0.39    10.73
  SINCE JAN 1     11.03                     10.31   0.72    12.45

SNOWFALL (IN)
  TODAY            0.0                       0.0    0.0      0.0
  MONTH TO DATE    T                         0.1   -0.1      0.0
  SINCE JUL 1     11.4                      26.5  -15.1     27.4
  SNOW DEPTH       0

DEGREE DAYS
 HEATING
  TODAY            2                         3     -1        0
  MONTH TO DATE  126                       134     -8      121
  SINCE MAR 1   1107                      1338   -231      961
  SINCE JUL 1   4934                      6136  -1202     4927

 COOLING
  TODAY            0                         3     -3        8
  MONTH TO DATE   69                        44     25       32
  SINCE MAR 1     77                        60     17       45
  SINCE JAN 1     77                        60     17       45
..................................................................


WIND (MPH)
  HIGHEST WIND SPEED    26   HIGHEST WIND DIRECTION     S (170)
  HIGHEST GUST SPEED    33   HIGHEST GUST DIRECTION     S (160)
  AVERAGE WIND SPEED    13.0


SKY COVER
  POSSIBLE SUNSHINE  MM
  AVERAGE SKY COVER 0.3


WEATHER CONDITIONS
 THE FOLLOWING WEATHER WAS RECORDED TODAY.
  NO SIGNIFICANT WEATHER WAS OBSERVED.


RELATIVE HUMIDITY (PERCENT)
 HIGHEST    80           300 AM
 LOWEST     41           100 PM
 AVERAGE    61

..........................................................


THE OMAHA EPPLEY, NEBRASKA CLIMATE NORMALS FOR TOMORROW
                         NORMAL    RECORD    YEAR
 MAXIMUM TEMPERATURE (F)   77        96      1912
 MINIMUM TEMPERATURE (F)   54        41      1992


SUNRISE AND SUNSET
MAY 25 2017...........SUNRISE   557 AM CDT   SUNSET   845 PM CDT
MAY 26 2017...........SUNRISE   556 AM CDT   SUNSET   846 PM CDT


-  INDICATES NEGATIVE NUMBERS.
R  INDICATES RECORD WAS SET OR TIED.
MM INDICATES DATA IS MISSING.
T  INDICATES TRACE AMOUNT.




$$
