000
CDUS43 KOAX 250641
CLIOMA


CLIMATE REPORT
NATIONAL WEATHER SERVICE OMAHA NEBRASKA
139 AM CDT SAT OCT 25 2014


...................................

...THE OMAHA EPPLEY, NEBRASKA CLIMATE SUMMARY FOR OCTOBER 24 2014...

CLIMATE NORMAL PERIOD 1981 TO 2010
CLIMATE RECORD PERIOD 1871 TO 2014


WEATHER ITEM   OBSERVED TIME   RECORD YEAR NORMAL DEPARTURE LAST
                VALUE   (LST)  VALUE       VALUE  FROM      YEAR
                                                  NORMAL
..................................................................
TEMPERATURE (F)
 YESTERDAY
  MAXIMUM         76    250 PM  85    1927  61     15       50
  MINIMUM         49   1133 PM  18    1887  39     10       30
  AVERAGE         63                        50     13       40

PRECIPITATION (IN)
  YESTERDAY        0.00          1.60 1997   0.07  -0.07     0.00
  MONTH TO DATE    2.48                      1.72   0.76     3.51
  SINCE SEP 1      8.59                      4.40   4.19     6.23
  SINCE JAN 1     37.24                     27.51   9.73    27.47

SNOWFALL (IN)
  YESTERDAY        0.0                       0.0    0.0      0.0
  MONTH TO DATE    0.0                       0.2   -0.2      0.0
  SINCE JUL 1      0.0                       0.2   -0.2      0.0
  SNOW DEPTH       0

DEGREE DAYS
 HEATING
  YESTERDAY        2                        15    -13       25
  MONTH TO DATE  212                       265    -53      262
  SINCE SEP 1    286                       360    -74      279
  SINCE JUL 1    290                       368    -78      284

 COOLING
  YESTERDAY        0                         0      0        0
  MONTH TO DATE    4                        12     -8       21
  SINCE SEP 1    124                       129     -5      228
  SINCE JAN 1   1147                      1109     38     1294
..................................................................


WIND (MPH)
  HIGHEST WIND SPEED    16   HIGHEST WIND DIRECTION     S (160)
  HIGHEST GUST SPEED    20   HIGHEST GUST DIRECTION     S (170)
  AVERAGE WIND SPEED     6.4


SKY COVER
  POSSIBLE SUNSHINE  MM
  AVERAGE SKY COVER 0.7


WEATHER CONDITIONS
 THE FOLLOWING WEATHER WAS RECORDED YESTERDAY.
  FOG


RELATIVE HUMIDITY (PERCENT)
 HIGHEST   100          1100 PM
 LOWEST     53           500 PM
 AVERAGE    77

..........................................................


THE OMAHA EPPLEY, NEBRASKA CLIMATE NORMALS FOR TODAY
                         NORMAL    RECORD    YEAR
 MAXIMUM TEMPERATURE (F)   61        87      1940
 MINIMUM TEMPERATURE (F)   39        16      1887


SUNRISE AND SUNSET
OCTOBER 25 2014.......SUNRISE   747 AM CDT   SUNSET   628 PM CDT
OCTOBER 26 2014.......SUNRISE   748 AM CDT   SUNSET   627 PM CDT


-  INDICATES NEGATIVE NUMBERS.
R  INDICATES RECORD WAS SET OR TIED.
MM INDICATES DATA IS MISSING.
T  INDICATES TRACE AMOUNT.




$$
