000
CDUS43 KOAX 300703
CLIOMA


CLIMATE REPORT
NATIONAL WEATHER SERVICE OMAHA NEBRASKA
203 AM CDT SAT AUG 30 2014


...................................

...THE OMAHA EPPLEY, NEBRASKA CLIMATE SUMMARY FOR AUGUST 29 2014...

CLIMATE NORMAL PERIOD 1981 TO 2010
CLIMATE RECORD PERIOD 1871 TO 2014


WEATHER ITEM   OBSERVED TIME   RECORD YEAR NORMAL DEPARTURE LAST
                VALUE   (LST)  VALUE       VALUE  FROM      YEAR
                                                  NORMAL
..................................................................
TEMPERATURE (F)
 YESTERDAY
  MAXIMUM         78    155 PM  98    2013  83     -5       98
                                      2012
                                      1948
  MINIMUM         67   1159 PM  44    1946  61      6       74
  AVERAGE         73                        72      1       86

PRECIPITATION (IN)
  YESTERDAY        0.64          1.67 1993   0.11   0.53     0.00
  MONTH TO DATE    9.49                      3.60   5.89     1.72
  SINCE JUN 1     21.73                     11.61  10.12     6.90
  SINCE JAN 1     28.55                     22.89   5.66    21.24

SNOWFALL (IN)
  YESTERDAY        0.0                       0.0    0.0      0.0
  MONTH TO DATE    0.0                       0.0    0.0      0.0
  SINCE JUL 1      0.0                       0.0    0.0      0.0
  SNOW DEPTH       0

DEGREE DAYS
 HEATING
  YESTERDAY        0                         1     -1        0
  MONTH TO DATE    0                         1     -1        0
  SINCE JUN 1     10                        19     -9       21
  SINCE JUL 1      4                         2      2        5

 COOLING
  YESTERDAY        8                         8      0       21
  MONTH TO DATE  313                       287     26      335
  SINCE JUN 1    861                       882    -21      930
  SINCE JAN 1   1004                       964     40     1026
..................................................................


WIND (MPH)
  HIGHEST WIND SPEED    16   HIGHEST WIND DIRECTION    SE (150)
  HIGHEST GUST SPEED    21   HIGHEST GUST DIRECTION     S (170)
  AVERAGE WIND SPEED     6.8


SKY COVER
  POSSIBLE SUNSHINE  MM
  AVERAGE SKY COVER 0.9


WEATHER CONDITIONS
 THE FOLLOWING WEATHER WAS RECORDED YESTERDAY.
  THUNDERSTORM
  HEAVY RAIN
  RAIN
  LIGHT RAIN
  FOG


RELATIVE HUMIDITY (PERCENT)
 HIGHEST    93           400 AM
 LOWEST     67           200 PM
 AVERAGE    80

..........................................................


THE OMAHA EPPLEY, NEBRASKA CLIMATE NORMALS FOR TODAY
                         NORMAL    RECORD    YEAR
 MAXIMUM TEMPERATURE (F)   83        99      2013
                                             2012
                                             2000
 MINIMUM TEMPERATURE (F)   61        44      1915


SUNRISE AND SUNSET
AUGUST 30 2014........SUNRISE   648 AM CDT   SUNSET   800 PM CDT
AUGUST 31 2014........SUNRISE   649 AM CDT   SUNSET   758 PM CDT


-  INDICATES NEGATIVE NUMBERS.
R  INDICATES RECORD WAS SET OR TIED.
MM INDICATES DATA IS MISSING.
T  INDICATES TRACE AMOUNT.




$$
