000
CDUS43 KOAX 070625
CLIOMA


CLIMATE REPORT
NATIONAL WEATHER SERVICE OMAHA NEBRASKA
1221 AM CST WED DEC 7 2016


...................................

...THE OMAHA EPPLEY, NEBRASKA CLIMATE SUMMARY FOR DECEMBER 6 2016...

CLIMATE NORMAL PERIOD 1981 TO 2010
CLIMATE RECORD PERIOD 1871 TO 2016


WEATHER ITEM   OBSERVED TIME   RECORD YEAR NORMAL DEPARTURE LAST
                VALUE   (LST)  VALUE       VALUE  FROM      YEAR
                                                  NORMAL
..................................................................
TEMPERATURE (F)
 YESTERDAY
  MAXIMUM         35    242 PM  72    1939  38     -3       50
  MINIMUM         20   1120 PM -11    1882  19      1       29
  AVERAGE         28                        28      0       40

PRECIPITATION (IN)
  YESTERDAY        0.00          0.92 1969   0.04  -0.04     0.00
  MONTH TO DATE    0.48                      0.24   0.24     0.03
  SINCE DEC 1      0.48                      0.24   0.24     0.03
  SINCE JAN 1     33.65                     29.82   3.83    39.29

SNOWFALL (IN)
  YESTERDAY        0.0                       0.3   -0.3      0.0
  MONTH TO DATE    1.1                       1.2   -0.1      0.6
  SINCE JUL 1      1.1                       4.0   -2.9      2.5
  SNOW DEPTH       0

DEGREE DAYS
 HEATING
  YESTERDAY       37                        37      0       25
  MONTH TO DATE  185                       213    -28      166
  SINCE DEC 1    185                       213    -28      166
  SINCE JUL 1    936                      1483   -547     1044

 COOLING
  YESTERDAY        0                         0      0        0
  MONTH TO DATE    0                         0      0        0
  SINCE DEC 1      0                         0      0        0
  SINCE JAN 1   1476                      1113    363     1215
..................................................................


WIND (MPH)
  HIGHEST WIND SPEED    26   HIGHEST WIND DIRECTION    NW (310)
  HIGHEST GUST SPEED    33   HIGHEST GUST DIRECTION    NW (300)
  AVERAGE WIND SPEED    15.2


SKY COVER
  POSSIBLE SUNSHINE  MM
  AVERAGE SKY COVER 0.2


WEATHER CONDITIONS
 THE FOLLOWING WEATHER WAS RECORDED YESTERDAY.
  NO SIGNIFICANT WEATHER WAS OBSERVED.


RELATIVE HUMIDITY (PERCENT)
 HIGHEST    72           100 AM
 LOWEST     35           300 PM
 AVERAGE    54

..........................................................


THE OMAHA EPPLEY, NEBRASKA CLIMATE NORMALS FOR TODAY
                         NORMAL    RECORD    YEAR
 MAXIMUM TEMPERATURE (F)   37        61      1918
 MINIMUM TEMPERATURE (F)   19       -15      1882


SUNRISE AND SUNSET
DECEMBER  7 2016......SUNRISE   736 AM CST   SUNSET   454 PM CST
DECEMBER  8 2016......SUNRISE   737 AM CST   SUNSET   454 PM CST


-  INDICATES NEGATIVE NUMBERS.
R  INDICATES RECORD WAS SET OR TIED.
MM INDICATES DATA IS MISSING.
T  INDICATES TRACE AMOUNT.


$$

BCM
