000
CDUS43 KOAX 190631
CLIOMA


CLIMATE REPORT
NATIONAL WEATHER SERVICE OMAHA NEBRASKA
1228 AM CST SUN FEB 19 2017


...................................

...THE OMAHA EPPLEY, NEBRASKA CLIMATE SUMMARY FOR FEBRUARY 18 2017...

CLIMATE NORMAL PERIOD 1981 TO 2010
CLIMATE RECORD PERIOD 1871 TO 2017


WEATHER ITEM   OBSERVED TIME   RECORD YEAR NORMAL DEPARTURE LAST
                VALUE   (LST)  VALUE       VALUE  FROM      YEAR
                                                  NORMAL
..................................................................
TEMPERATURE (F)
 YESTERDAY
  MAXIMUM         67    342 PM  70    1930  39     28       66
  MINIMUM         30    721 AM -15    1903  19     11       37
  AVERAGE         49                        29     20       52

PRECIPITATION (IN)
  YESTERDAY        0.00          0.68 1908   0.03  -0.03     0.00
  MONTH TO DATE    0.17                      0.50  -0.33     0.60
  SINCE DEC 1      2.50                      2.26   0.24     6.97
  SINCE JAN 1      1.03                      1.22  -0.19     1.71

SNOWFALL (IN)
  YESTERDAY        0.0                       0.3   -0.3      0.0
  MONTH TO DATE    2.8                       4.2   -1.4      6.3
  SINCE JUL 1      8.7                      19.3  -10.6     27.4
  SNOW DEPTH       0

DEGREE DAYS
 HEATING
  YESTERDAY       16                        36    -20       13
  MONTH TO DATE  532                       692   -160      645
  SINCE DEC 1   2852                      3187   -335     2847
  SINCE JUL 1   3603                      4457   -854     3725

 COOLING
  YESTERDAY        0                         0      0        0
  MONTH TO DATE    0                         0      0        0
  SINCE DEC 1      0                         0      0        0
  SINCE JAN 1      0                         0      0        0
..................................................................


WIND (MPH)
  HIGHEST WIND SPEED    12   HIGHEST WIND DIRECTION     N (360)
  HIGHEST GUST SPEED    13   HIGHEST GUST DIRECTION     N (360)
  AVERAGE WIND SPEED     3.5


SKY COVER
  POSSIBLE SUNSHINE  MM
  AVERAGE SKY COVER 0.4


WEATHER CONDITIONS
 THE FOLLOWING WEATHER WAS RECORDED YESTERDAY.
  FOG
  HAZE


RELATIVE HUMIDITY (PERCENT)
 HIGHEST    85           800 AM
 LOWEST     26           400 PM
 AVERAGE    56

..........................................................


THE OMAHA EPPLEY, NEBRASKA CLIMATE NORMALS FOR TODAY
                         NORMAL    RECORD    YEAR
 MAXIMUM TEMPERATURE (F)   39        70      1930
 MINIMUM TEMPERATURE (F)   19       -16      1936


SUNRISE AND SUNSET
FEBRUARY 19 2017......SUNRISE   712 AM CST   SUNSET   603 PM CST
FEBRUARY 20 2017......SUNRISE   711 AM CST   SUNSET   604 PM CST


-  INDICATES NEGATIVE NUMBERS.
R  INDICATES RECORD WAS SET OR TIED.
MM INDICATES DATA IS MISSING.
T  INDICATES TRACE AMOUNT.




$$
