000
CDUS43 KOAX 170651
CLIOMA


CLIMATE REPORT
NATIONAL WEATHER SERVICE OMAHA NEBRASKA
1251 AM CST WED DEC 17 2014


...................................

...THE OMAHA EPPLEY, NEBRASKA CLIMATE SUMMARY FOR DECEMBER 16 2014...

CLIMATE NORMAL PERIOD 1981 TO 2010
CLIMATE RECORD PERIOD 1871 TO 2014


WEATHER ITEM   OBSERVED TIME   RECORD YEAR NORMAL DEPARTURE LAST
                VALUE   (LST)  VALUE       VALUE  FROM      YEAR
                                                  NORMAL
..................................................................
TEMPERATURE (F)
 YESTERDAY
  MAXIMUM         29    330 PM  63    1939  35     -6       48
  MINIMUM         18   1159 PM -11    1989  16      2       13
  AVERAGE         24                        25     -1       31

PRECIPITATION (IN)
  YESTERDAY        0.00          0.44 1984   0.03  -0.03     0.00
  MONTH TO DATE    0.75                      0.61   0.14     0.16
  SINCE DEC 1      0.75                      0.61   0.14     0.16
  SINCE JAN 1     38.21                     30.19   8.02    28.96

SNOWFALL (IN)
  YESTERDAY        0.0                       0.2   -0.2      0.0
  MONTH TO DATE    T                         3.2   -3.2      2.5
  SINCE JUL 1      2.4                       6.0   -3.6      2.9
  SNOW DEPTH       0

DEGREE DAYS
 HEATING
  YESTERDAY       41                        40      1       34
  MONTH TO DATE  472                       597   -125      703
  SINCE DEC 1    472                       597   -125      703
  SINCE JUL 1   1773                      1867    -94     1929

 COOLING
  YESTERDAY        0                         0      0        0
  MONTH TO DATE    0                         0      0        0
  SINCE DEC 1      0                         0      0        0
  SINCE JAN 1   1149                      1113     36     1294
..................................................................


WIND (MPH)
  HIGHEST WIND SPEED    33   HIGHEST WIND DIRECTION    NW (330)
  HIGHEST GUST SPEED    44   HIGHEST GUST DIRECTION    NW (320)
  AVERAGE WIND SPEED    18.9


SKY COVER
  POSSIBLE SUNSHINE  MM
  AVERAGE SKY COVER 0.6


WEATHER CONDITIONS
 THE FOLLOWING WEATHER WAS RECORDED YESTERDAY.
  NO SIGNIFICANT WEATHER WAS OBSERVED.


RELATIVE HUMIDITY (PERCENT)
 HIGHEST    81           100 AM
 LOWEST     63           300 PM
 AVERAGE    72

..........................................................


THE OMAHA EPPLEY, NEBRASKA CLIMATE NORMALS FOR TODAY
                         NORMAL    RECORD    YEAR
 MAXIMUM TEMPERATURE (F)   34        68      1939
 MINIMUM TEMPERATURE (F)   16        -9      1983
                                             1981


SUNRISE AND SUNSET
DECEMBER 17 2014......SUNRISE   744 AM CST   SUNSET   456 PM CST
DECEMBER 18 2014......SUNRISE   744 AM CST   SUNSET   456 PM CST


-  INDICATES NEGATIVE NUMBERS.
R  INDICATES RECORD WAS SET OR TIED.
MM INDICATES DATA IS MISSING.
T  INDICATES TRACE AMOUNT.




$$
