000
CDUS43 KOAX 290643
CLIOMA


CLIMATE REPORT
NATIONAL WEATHER SERVICE OMAHA NEBRASKA
142 AM CDT FRI APR 29 2016


...................................

...THE OMAHA EPPLEY, NEBRASKA CLIMATE SUMMARY FOR APRIL 28 2016...

CLIMATE NORMAL PERIOD 1981 TO 2010
CLIMATE RECORD PERIOD 1871 TO 2016


WEATHER ITEM   OBSERVED TIME   RECORD YEAR NORMAL DEPARTURE LAST
                VALUE   (LST)  VALUE       VALUE  FROM      YEAR
                                                  NORMAL
..................................................................
TEMPERATURE (F)
 YESTERDAY
  MAXIMUM         52   1213 PM  94    1910  68    -16       74
  MINIMUM         46   1159 PM  30    1990  45      1       39
  AVERAGE         49                        56     -7       57

PRECIPITATION (IN)
  YESTERDAY        0.04          2.04 1963   0.13  -0.09     0.00
  MONTH TO DATE    4.30                      2.72   1.58     3.67
  SINCE MAR 1      5.33                      4.71   0.62     4.21
  SINCE JAN 1      7.05                      6.28   0.77     5.35

SNOWFALL (IN)
  YESTERDAY        0.0                       0.0    0.0      0.0
  MONTH TO DATE    T                         1.0   -1.0       T
  SINCE JUL 1     27.4                      26.4    1.0     13.8
  SNOW DEPTH       0

DEGREE DAYS
 HEATING
  YESTERDAY       16                         9      7        8
  MONTH TO DATE  270                       394   -124      304
  SINCE MAR 1    807                      1185   -378      956
  SINCE JUL 1   4773                      5983  -1210     5667

 COOLING
  YESTERDAY        0                         1     -1        0
  MONTH TO DATE   11                        12     -1        5
  SINCE MAR 1     13                        13      0        5
  SINCE JAN 1     13                        13      0        5
..................................................................


WIND (MPH)
  HIGHEST WIND SPEED    18   HIGHEST WIND DIRECTION    NW (320)
  HIGHEST GUST SPEED    22   HIGHEST GUST DIRECTION    NW (320)
  AVERAGE WIND SPEED     9.6


SKY COVER
  POSSIBLE SUNSHINE  MM
  AVERAGE SKY COVER 1.0


WEATHER CONDITIONS
 THE FOLLOWING WEATHER WAS RECORDED YESTERDAY.
  LIGHT RAIN
  FOG


RELATIVE HUMIDITY (PERCENT)
 HIGHEST    93          1200 AM
 LOWEST     71          1200 PM
 AVERAGE    82

..........................................................


THE OMAHA EPPLEY, NEBRASKA CLIMATE NORMALS FOR TODAY
                         NORMAL    RECORD    YEAR
 MAXIMUM TEMPERATURE (F)   68        90      1987
                                             1891
 MINIMUM TEMPERATURE (F)   45        29      1903


SUNRISE AND SUNSET
APRIL 29 2016.........SUNRISE   623 AM CDT   SUNSET   819 PM CDT
APRIL 30 2016.........SUNRISE   622 AM CDT   SUNSET   820 PM CDT


-  INDICATES NEGATIVE NUMBERS.
R  INDICATES RECORD WAS SET OR TIED.
MM INDICATES DATA IS MISSING.
T  INDICATES TRACE AMOUNT.




$$
