635
CDAK49 PAFG 270954
CLIOME

CLIMATE REPORT
NATIONAL WEATHER SERVICE FAIRBANKS AK
1254 AM AKST MON FEB 27 2017


...................................

...THE NOME AK CLIMATE SUMMARY FOR FEBRUARY 26 2017...

CLIMATE NORMAL PERIOD 1981 TO 2010
CLIMATE RECORD PERIOD 1906 TO 2017


WEATHER ITEM   OBSERVED TIME   RECORD YEAR NORMAL DEPARTURE LAST
                VALUE   (LST)  VALUE       VALUE  FROM      YEAR
                                                  NORMAL
..................................................................
TEMPERATURE (F)
 YESTERDAY
  MAXIMUM         31    219 AM  43    1991  17     14       37
  MINIMUM         17   1159 PM -34    1954   1     16       24
                                      1938
  AVERAGE         24                         9     15       31

PRECIPITATION (IN)
  YESTERDAY        0.01          0.72 1945   0.03  -0.02     0.00
  MONTH TO DATE    1.03                      0.87   0.16     0.47
  SINCE DEC 1      2.82                      2.89  -0.07     1.00
  SINCE JAN 1      1.75                      1.81  -0.06     1.00

SNOWFALL (IN)
  YESTERDAY        0.2           4.6  1945   0.5   -0.3      0.0
  MONTH TO DATE   17.1                      11.4    5.7      7.0
  SINCE DEC 1     43.5                      38.6    4.9     15.2
  SINCE JUL 1     52.1                      55.9   -3.8     15.2
  SNOW DEPTH      38

DEGREE DAYS
 HEATING
  YESTERDAY       41                        56    -15       34
  MONTH TO DATE 1622                      1499    123     1299
  SINCE DEC 1   5051                      5074    -23     2679
  SINCE JUL 1   8666                      9167   -501     2679

 COOLING
  YESTERDAY        0                         0      0        0
  MONTH TO DATE    0                         0      0        0
  SINCE DEC 1      0                         0      0        0
  SINCE JAN 1      0                         0      0        0
..................................................................


WIND (MPH)
  HIGHEST GUST SPEED    37   HIGHEST GUST DIRECTION    SW (220)


SKY COVER
  AVERAGE SKY COVER 0.8


WEATHER CONDITIONS
 THE FOLLOWING WEATHER WAS RECORDED YESTERDAY.
  LIGHT SNOW
  FOG


RELATIVE HUMIDITY (PERCENT)
 HIGHEST   100
 LOWEST     85
 AVERAGE    93

..........................................................


THE NOME AK CLIMATE NORMALS FOR TODAY
                         NORMAL    RECORD    YEAR
 MAXIMUM TEMPERATURE (F)   17        46      1991
 MINIMUM TEMPERATURE (F)    1       -40      1971


SUNRISE AND SUNSET
FEBRUARY 27 2017......SUNRISE   916 AM AKST  SUNSET   715 PM AKST
FEBRUARY 28 2017......SUNRISE   912 AM AKST  SUNSET   718 PM AKST

-  INDICATES NEGATIVE NUMBERS.
R  INDICATES RECORD WAS SET OR TIED.
MM INDICATES DATA IS MISSING.
T  INDICATES TRACE AMOUNT.

&&

SNOW DEPTH IS MEASURED AT 3AM AKST/4AM AKDT.

----------------------------
AVAILABLE DAYLIGHT

AMOUNT OF DAYLIGHT TODAY  (HOUR:MIN)........9:59
GAIN/LOSS SINCE YESTERDAY (HOUR:MIN:SEC)....+0:06:41

NOME TIDAL INFORMATION FOR 27 FEBRUARY 2017
0503  +1.2
1127  +0.2
1820  +1.2
2329  +0.7

$$
CCC FEB 17
