285
CDAK49 PAFG 231015
CLIOME

CLIMATE REPORT
NATIONAL WEATHER SERVICE FAIRBANKS AK
215 AM AKDT THU MAR 23 2017


...................................

...THE NOME AK CLIMATE SUMMARY FOR MARCH 22 2017...

CLIMATE NORMAL PERIOD 1981 TO 2010
CLIMATE RECORD PERIOD 1906 TO 2017


WEATHER ITEM   OBSERVED TIME   RECORD YEAR NORMAL DEPARTURE LAST
                VALUE   (LST)  VALUE       VALUE  FROM      YEAR
                                                  NORMAL
..................................................................
TEMPERATURE (F)
 YESTERDAY
  MAXIMUM         12    649 PM  37    1999  19     -7       26
                                      1987
                                      1983
  MINIMUM        -17    750 AM -44    1975   2    -19       13
  AVERAGE         -2                        11    -13       20

PRECIPITATION (IN)
  YESTERDAY        T             0.31 1949   0.02  -0.02     0.00
  MONTH TO DATE    0.01                      0.47  -0.46     0.02
  SINCE MAR 1      0.01                      0.47  -0.46     0.02
  SINCE JAN 1      1.76                      2.34  -0.58     1.05

SNOWFALL (IN)
  YESTERDAY        T             3.1  1949   0.3   -0.3      0.0
  MONTH TO DATE    0.8                       6.6   -5.8      0.0
  SINCE MAR 1      0.8                       6.6   -5.8      0.0
  SINCE JUL 1     53.0                      63.3  -10.3     15.5
  SNOW DEPTH      37

DEGREE DAYS
 HEATING
  YESTERDAY       67                        54     13       45
  MONTH TO DATE 1444                      1216    228     1149
  SINCE MAR 1   1444                      1216    228     1149
  SINCE JUL 1  10239                     10495   -256     3940

 COOLING
  YESTERDAY        0                         0      0        0
  MONTH TO DATE    0                         0      0        0
  SINCE MAR 1      0                         0      0        0
  SINCE JAN 1      0                         0      0        0
..................................................................


WIND (MPH)
  HIGHEST GUST SPEED    10   HIGHEST GUST DIRECTION     W (270)


SKY COVER
  AVERAGE SKY COVER 0.5


WEATHER CONDITIONS
 THE FOLLOWING WEATHER WAS RECORDED YESTERDAY.
  LIGHT SNOW
  FOG


RELATIVE HUMIDITY (PERCENT)
 HIGHEST    95
 LOWEST     78
 AVERAGE    87

..........................................................


THE NOME AK CLIMATE NORMALS FOR TODAY
                         NORMAL    RECORD    YEAR
 MAXIMUM TEMPERATURE (F)   19        41      1990
 MINIMUM TEMPERATURE (F)    3       -35      1975


SUNRISE AND SUNSET
MARCH 23 2017.........SUNRISE   850 AM AKDT  SUNSET   929 PM AKDT
MARCH 24 2017.........SUNRISE   846 AM AKDT  SUNSET   932 PM AKDT

-  INDICATES NEGATIVE NUMBERS.
R  INDICATES RECORD WAS SET OR TIED.
MM INDICATES DATA IS MISSING.
T  INDICATES TRACE AMOUNT.

&&

SNOW DEPTH IS MEASURED AT 3AM AKST/4AM AKDT.

----------------------------
AVAILABLE DAYLIGHT

AMOUNT OF DAYLIGHT TODAY  (HOUR:MIN)........12:39
GAIN/LOSS SINCE YESTERDAY (HOUR:MIN:SEC)....+0:06:38

NOME TIDAL INFORMATION FOR 23 MARCH 2017
0808  +0.8
2027  +0.6

$$
MAR 17
