738
CDAK49 PAOM 110909
CLIOME

CLIMATE REPORT
NATIONAL WEATHER SERVICE NOME, AK
1209 AM AKST THU FEB 11 2016

...................................
...THE NOME WSO AP CLIMATE SUMMARY FOR FEBRUARY 10 2016...

CLIMATE NORMAL PERIOD  1981 TO  2010
CLIMATE RECORD PERIOD  1906 TO  2016

WEATHER ITEM   OBSERVED TIME    RECORD YEAR NORMAL DEPARTURE LAST
               VALUE    (LST)   VALUE       VALUE  FROM      YEAR
                                                   NORMAL
...................................................................
TEMPERATURE
YESTERDAY
 MAXIMUM            29  0400 PM    39  1980     15      14     15
 MINIMUM             6  1002 AM   -35  1930     -1       7      2
 AVERAGE            18                           7      11      9

PRECIPITATION
(INCHES)
 YESTERDAY        0.00           0.44  2001   0.03   -0.03   0.00
 MONTH TO DATE    0.28                        0.32   -0.04      T
 SINCE DEC 1      1.59                        2.34   -0.75   1.25
 SINCE JAN 1      0.81                        1.26   -0.45   0.71

SNOWFALL
(INCHES)
 YESTERDAY         0.0            6.4  2001    0.4    -0.4    0.0
 MONTH TO DATE     4.5                         4.1     0.4    0.1
 SINCE DEC 1      21.0                        31.3   -10.3   15.6
 SINCE JUL 1      39.2                        48.6    -9.4   33.2
 SNOW DEPTH (IN)    15                                         10

DEGREE DAYS
 HEATING
  YESTERDAY         47                          58     -11     56
  MONTH TO DATE    439                         588    -149    615
  SINCE DEC 1     3468                        4161    -693   3858
  SINCE JUL 1     7264                        8259    -995   7412

 COOLING
  YESTERDAY          0                           0       0      0
  MONTH TO DATE      0                           0       0      0
  SINCE DEC 1        0                           0       0      0
  SINCE JAN 1        0                           0       0      0
...................................................................

WIND (MPH)
 HIGHEST WIND SPEED    17     HIGHEST WIND DIRECTION     20
 HIGHEST GUST SPEED    24     HIGHEST GUST DIRECTION     40
 AVERAGE WIND SPEED   2.6

SKY COVER
  POSSIBLE SUNSHINE    MM          AVERAGE SKY COVER     MM

WEATHER CONDITIONS
 THE FOLLOWING WEATHER WAS RECORDED YESTERDAY.
  NO SIGNIFICANT WEATHER WAS OBSERVED.

RELATIVE HUMIDITY
 HIGHEST RH     MM PERCENT       MM
 LOWEST  RH     MM PERCENT       MM
 AVERAGE RH     MM PERCENT       MM
...................................................................

THE NOME CLIMATE NORMALS FOR TODAY
                           NORMAL    RECORD   YEAR
 MAXIMUM TEMPERATURE (F)     15        40     1993
 MINIMUM TEMPERATURE (F)     -1       -37     1976

SUNRISE AND SUNSET
 FEB 11 2016..........SUNRISE 10:14 AM      SUNSET  6:21 PM
 FEB 12 2016..........SUNRISE 10:10 AM      SUNSET  6:24 PM

-  INDICATES NEGATIVE NUMBERS.
R  INDICATES RECORD HAS BEEN SET OR TIED.
MM INDICATES DATA IS MISSING.
T  INDICATES TRACE OF PRECIPITATION.

&&
-------------------------------------------------------------------

AMOUNT OF DAYLIGHT TODAY  (HOUR:MIN)........8 HOURS 7 MINUTES
GAIN/LOSS SINCE YESTERDAY (HOUR:MIN:SEC)....+0:06:41

TIDE INFORMATION FOR THURSDAY FEBRUARY 11 2016
12:05 AM LOW  0.8 FT
 6:27 AM HIGH 1.6 FT
12:47 PM LOW  0.3 FT
 7:32 PM HIGH 1.6 FT

$$
RWM FEB 16
