000
CDAK49 PAOM 200905
CLIOME

CLIMATE REPORT
NATIONAL WEATHER SERVICE NOME, AK
106 AM AKDT MON OCT 20 2014

...................................
...THE NOME WSO AP CLIMATE SUMMARY FOR OCTOBER 19 2014...

CLIMATE NORMAL PERIOD  1981 TO  2010
CLIMATE RECORD PERIOD  1906 TO  2014

WEATHER ITEM   OBSERVED TIME    RECORD YEAR NORMAL DEPARTURE LAST
               VALUE    (LST)   VALUE       VALUE  FROM      YEAR
                                                   NORMAL
...................................................................
TEMPERATURE
YESTERDAY
 MAXIMUM            33  0159 PM    44  2004     33       0     43
 MINIMUM            27  0533 AM     0  1928     22       5     40
 AVERAGE            30                          27       3     42

PRECIPITATION
(INCHES)
 YESTERDAY           T           0.35  1956   0.05   -0.05   0.06
 MONTH TO DATE       T                        1.08   -1.08   2.63
 SINCE SEP 1      2.58                        3.53   -0.95   4.61
 SINCE JAN 1     11.60                       13.98   -2.38  17.72

SNOWFALL
(INCHES)
 YESTERDAY           T            3.5  1956    0.2    -0.2    0.0
 MONTH TO DATE       T                         2.0    -2.0    0.2
 SINCE SEP 1       0.0                         2.6    -2.6    1.3
 SINCE JUL 1         T                         2.6    -2.6    1.3
 SNOW DEPTH (IN)     T                                          0

DEGREE DAYS
 HEATING
  YESTERDAY         35                          38      -3     23
  MONTH TO DATE    648                         638      10    541
  SINCE SEP 1     1231                        1304     -73   1287
  SINCE JUL 1     1934                        2168    -234   2061

 COOLING
  YESTERDAY          0                           0       0      0
  MONTH TO DATE      0                           0       0      0
  SINCE SEP 1        0                           0       0      0
  SINCE JAN 1        3                           0       3      7
...................................................................

WIND (MPH)
 HIGHEST WIND SPEED    13     HIGHEST WIND DIRECTION     40
 HIGHEST GUST SPEED    18     HIGHEST GUST DIRECTION     60
 AVERAGE WIND SPEED   3.5

SKY COVER
  POSSIBLE SUNSHINE    MM          AVERAGE SKY COVER     MM

WEATHER CONDITIONS
 THE FOLLOWING WEATHER WAS RECORDED YESTERDAY.
  FOG
  SNOW


RELATIVE HUMIDITY
 HIGHEST RH     MM PERCENT       MM
 LOWEST  RH     MM PERCENT       MM
 AVERAGE RH     MM PERCENT       MM
...................................................................

THE NOME CLIMATE NORMALS FOR TODAY
                           NORMAL    RECORD   YEAR
 MAXIMUM TEMPERATURE (F)     33        44     1976
 MINIMUM TEMPERATURE (F)     21         1     1996

SUNRISE AND SUNSET
 OCT 20 2014..........SUNRISE 10:10 AM      SUNSET  7:23 PM
 OCT 21 2014..........SUNRISE 10:13 AM      SUNSET  7:19 PM

-  INDICATES NEGATIVE NUMBERS.
R  INDICATES RECORD HAS BEEN SET OR TIED.
MM INDICATES DATA IS MISSING.
T  INDICATES TRACE OF PRECIPITATION.

&&
-------------------------------------------------------------------

AMOUNT OF DAYLIGHT TODAY  (HOUR:MIN)........9 HOURS 13 MINUTES
GAIN/LOSS SINCE YESTERDAY (HOUR:MIN:SEC)....-0:06:36

TIDES FOR MONDAY OCTOBER 20 2014

3:55 AM HIGH 1.2 FT
9:42 AM LOW  0.7 FT
3:37 PM HIGH 1.2 FT
9:40 PM LOW  0.3 FT

$$
RCT OCT 14
