000
CDAK49 PAFG 200940
CLIOME

CLIMATE REPORT
NATIONAL WEATHER SERVICE FAIRBANKS AK
140 AM AKDT SUN AUG 20 2017


...................................

...THE NOME AK CLIMATE SUMMARY FOR AUGUST 19 2017...

CLIMATE NORMAL PERIOD 1981 TO 2010
CLIMATE RECORD PERIOD 1906 TO 2017


WEATHER ITEM   OBSERVED TIME   RECORD YEAR NORMAL DEPARTURE LAST
                VALUE   (LST)  VALUE       VALUE  FROM      YEAR
                                                  NORMAL
..................................................................
TEMPERATURE (F)
 YESTERDAY
  MAXIMUM         51    519 PM  80    2004  56     -5       53
  MINIMUM         37    627 AM  28    1966  44     -7       51
                                      1929
  AVERAGE         44                        50     -6       52

PRECIPITATION (IN)
  YESTERDAY        T             1.72 1998   0.11  -0.11     0.69
  MONTH TO DATE    1.48                      2.01  -0.53     2.21
  SINCE JUN 1      6.59                      5.10   1.49     6.35
  SINCE JAN 1      9.44                      9.24   0.20     9.44

SNOWFALL (IN)
  YESTERDAY        0.0           0.0    MM   0.0    0.0      0.0
  MONTH TO DATE    0.0                       0.0    0.0      0.0
  SINCE JUN 1      0.0                       0.3   -0.3      0.0
  SINCE JUL 1      0.0                       0.0    0.0      0.0
  SNOW DEPTH       0

DEGREE DAYS
 HEATING
  YESTERDAY       21                        15      6       13
  MONTH TO DATE  245                       273    -28      186
  SINCE JUN 1    969                      1188   -219      997
  SINCE JUL 1    604                       671    -67      550

 COOLING
  YESTERDAY        0                         0      0        0
  MONTH TO DATE    0                         0      0        0
  SINCE JUN 1      4                         3      1        0
  SINCE JAN 1      4                         3      1        0
..................................................................


WIND (MPH)
  HIGHEST GUST SPEED    23   HIGHEST GUST DIRECTION     W (290)


SKY COVER
  AVERAGE SKY COVER 0.7


WEATHER CONDITIONS
 THE FOLLOWING WEATHER WAS RECORDED YESTERDAY.
  LIGHT RAIN


RELATIVE HUMIDITY (PERCENT)
 HIGHEST    92
 LOWEST     52
 AVERAGE    72

..........................................................


THE NOME AK CLIMATE NORMALS FOR TODAY
                         NORMAL    RECORD    YEAR
 MAXIMUM TEMPERATURE (F)   56        78      2004
 MINIMUM TEMPERATURE (F)   44        32      1980


SUNRISE AND SUNSET
AUGUST 20 2017........SUNRISE   708 AM AKDT  SUNSET  1100 PM AKDT
AUGUST 21 2017........SUNRISE   711 AM AKDT  SUNSET  1057 PM AKDT

-  INDICATES NEGATIVE NUMBERS.
R  INDICATES RECORD WAS SET OR TIED.
MM INDICATES DATA IS MISSING.
T  INDICATES TRACE AMOUNT.

&&

SNOW DEPTH IS MEASURED AT 3AM AKST/4AM AKDT.

----------------------------
AVAILABLE DAYLIGHT

AMOUNT OF DAYLIGHT TODAY  (HOUR:MIN)........15:52
GAIN/LOSS SINCE YESTERDAY (HOUR:MIN:SEC)....-0:06:42

NOME TIDAL INFORMATION FOR 20 AUGUST 2017
0507  +1.0
0924  +0.6
1527  +1.2
2244  -0.4

$$
SDB AUG 17
