000
CDAK49 PAFG 240941
CLIOME

CLIMATE REPORT
NATIONAL WEATHER SERVICE FAIRBANKS AK
1241 AM AKST TUE JAN 24 2017


...................................

...THE NOME AK CLIMATE SUMMARY FOR JANUARY 23 2017...

CLIMATE NORMAL PERIOD 1981 TO 2010
CLIMATE RECORD PERIOD 1906 TO 2017


WEATHER ITEM   OBSERVED TIME   RECORD YEAR NORMAL DEPARTURE LAST
                VALUE   (LST)  VALUE       VALUE  FROM      YEAR
                                                  NORMAL
..................................................................
TEMPERATURE (F)
 YESTERDAY
  MAXIMUM          2    321 PM  37    1977  13    -11        4
  MINIMUM        -24   1256 AM -45    1989  -3    -21      -13
  AVERAGE        -11                         5    -16       -4

PRECIPITATION (IN)
  YESTERDAY        0.00          0.48 1937   0.03  -0.03     0.00
  MONTH TO DATE    0.32                      0.70  -0.38     0.23
  SINCE DEC 1      1.39                      1.78  -0.39     0.23
  SINCE JAN 1      0.32                      0.70  -0.38     0.23

SNOWFALL (IN)
  YESTERDAY        0.0           5.0  1937   0.4   -0.4      0.0
  MONTH TO DATE    3.1                       9.6   -6.5      3.2
  SINCE DEC 1     19.1                      24.1   -5.0      3.2
  SINCE JUL 1     27.7                      41.4  -13.7      3.2
  SNOW DEPTH      17

DEGREE DAYS
 HEATING
  YESTERDAY       76                        60     16       69
  MONTH TO DATE 1472                      1373     99     1037
  SINCE DEC 1   3074                      3093    -19     1037
  SINCE JUL 1   6689                      7186   -497     1037

 COOLING
  YESTERDAY        0                         0      0        0
  MONTH TO DATE    0                         0      0        0
  SINCE DEC 1      0                         0      0        0
  SINCE JAN 1      0                         0      0        0
..................................................................


WIND (MPH)
  HIGHEST GUST SPEED    17   HIGHEST GUST DIRECTION     N (360)


SKY COVER
  AVERAGE SKY COVER 0.2


WEATHER CONDITIONS
 THE FOLLOWING WEATHER WAS RECORDED YESTERDAY.
  NO SIGNIFICANT WEATHER WAS OBSERVED.


RELATIVE HUMIDITY (PERCENT)
 HIGHEST    77
 LOWEST     53
 AVERAGE    65

..........................................................


THE NOME AK CLIMATE NORMALS FOR TODAY
                         NORMAL    RECORD    YEAR
 MAXIMUM TEMPERATURE (F)   13        39      1977
 MINIMUM TEMPERATURE (F)   -3       -45      1989


SUNRISE AND SUNSET
JANUARY 24 2017.......SUNRISE  1108 AM AKST  SUNSET   522 PM AKST
JANUARY 25 2017.......SUNRISE  1105 AM AKST  SUNSET   525 PM AKST

-  INDICATES NEGATIVE NUMBERS.
R  INDICATES RECORD WAS SET OR TIED.
MM INDICATES DATA IS MISSING.
T  INDICATES TRACE AMOUNT.

&&

SNOW DEPTH IS MEASURED AT 3AM AKST/4AM AKDT.

----------------------------
AVAILABLE DAYLIGHT

AMOUNT OF DAYLIGHT TODAY  (HOUR:MIN)........6:14
GAIN/LOSS SINCE YESTERDAY (HOUR:MIN:SEC)....+0:06:17

NOME TIDAL INFORMATION FOR 24 JANUARY 2017
0101  +1.2
0835  +0.3
1545  +1.1
1953  +0.9

$$
SDB JAN 17
