000
CDAK49 PAOM 300911
CLIOME

CLIMATE REPORT
NATIONAL WEATHER SERVICE NOME, AK
111 AM AKDT TUE JUN 30 2015

...................................
...THE NOME WSO AP CLIMATE SUMMARY FOR JUNE 29 2015...

CLIMATE NORMAL PERIOD  1981 TO  2010
CLIMATE RECORD PERIOD  1906 TO  2015

WEATHER ITEM   OBSERVED TIME    RECORD YEAR NORMAL DEPARTURE LAST
               VALUE    (LST)   VALUE       VALUE  FROM      YEAR
                                                   NORMAL
...................................................................
TEMPERATURE
YESTERDAY
 MAXIMUM            48  0518 AM    78  1911     58     -10     53
 MINIMUM            43  0819 PM    31  1949     45      -2     43
 AVERAGE            46                          51      -5     48

PRECIPITATION
(INCHES)
 YESTERDAY        0.02           0.88  1942   0.04   -0.02   0.02
 MONTH TO DATE    0.64                        0.94   -0.30   0.22
 SINCE JUN 1      0.64                        0.94   -0.30   0.22
 SINCE JAN 1      5.08                        5.08    0.00   4.69

SNOWFALL
(INCHES)
 YESTERDAY         0.0            0.0  2015    0.0     0.0    0.0
 MONTH TO DATE      MM                         0.3      MM    0.0
 SINCE JUN 1       0.0                         0.3    -0.3    0.0
 SINCE JUL 1        MM                        75.7      MM   72.3
 SNOW DEPTH (IN)     0                                          0

DEGREE DAYS
 HEATING
  YESTERDAY         19                          14       5     17
  MONTH TO DATE    504                         502       2    550
  SINCE JUN 1      504                         502       2    550
  SINCE JUL 1    12507                       13690   -1183  12344

 COOLING
  YESTERDAY          0                           0       0      0
  MONTH TO DATE      5                           0       5      0
  SINCE JUN 1        5                           0       5      0
  SINCE JAN 1        5                           0       5      0
...................................................................

WIND (MPH)
 HIGHEST WIND SPEED    14     HIGHEST WIND DIRECTION    210
 HIGHEST GUST SPEED    16     HIGHEST GUST DIRECTION    200
 AVERAGE WIND SPEED   8.8

SKY COVER
  POSSIBLE SUNSHINE    MM          AVERAGE SKY COVER     MM

WEATHER CONDITIONS
 THE FOLLOWING WEATHER WAS RECORDED YESTERDAY.
  FOG
RAIN


RELATIVE HUMIDITY
 HIGHEST RH     MM PERCENT       MM
 LOWEST  RH     MM PERCENT       MM
 AVERAGE RH     MM PERCENT       MM
...................................................................

THE NOME CLIMATE NORMALS FOR TODAY
                           NORMAL    RECORD   YEAR
 MAXIMUM TEMPERATURE (F)     58        76     1921
 MINIMUM TEMPERATURE (F)     45        32     1924

SUNRISE AND SUNSET
 JUN 30 2015..........SUNRISE  4:29 AM      SUNSET  1:41 AM
 JUL 1 2015..........SUNRISE  4:31 AM      SUNSET  1:40 AM

-  INDICATES NEGATIVE NUMBERS.
R  INDICATES RECORD HAS BEEN SET OR TIED.
MM INDICATES DATA IS MISSING.
T  INDICATES TRACE OF PRECIPITATION.

&&
-------------------------------------------------------------------

AMOUNT OF DAYLIGHT TODAY  (HOUR:MIN)........21 HOURS 12 MINUTES
GAIN/LOSS SINCE YESTERDAY (HOUR:MIN:SEC)....-0:03:13

TIDE INFORMATION FOR TUESDAY JUNE 30 2015
 5:50 AM HIGH 1.0 FT
 9:07 AM LOW  0.9 FT
 2:51 PM HIGH 1.4 FT
10:57 PM LOW  0.1 FT

$$
RWM JUN 15
