000
CDAK49 PAOM 250903
CLIOME

CLIMATE REPORT
NATIONAL WEATHER SERVICE NOME, AK
103 AM AKDT MON MAY 25 2015

...................................
...THE NOME WSO AP CLIMATE SUMMARY FOR MAY 24 2015...

CLIMATE NORMAL PERIOD  1981 TO  2010
CLIMATE RECORD PERIOD  1906 TO  2015

WEATHER ITEM   OBSERVED TIME    RECORD YEAR NORMAL DEPARTURE LAST
               VALUE    (LST)   VALUE       VALUE  FROM      YEAR
                                                   NORMAL
...................................................................
TEMPERATURE
YESTERDAY
 MAXIMUM            48  0714 PM    68  1969     47       1     36
 MINIMUM            40  0841 AM    14  1920     34       6     29
 AVERAGE            44                          40       4     33

PRECIPITATION
(INCHES)
 YESTERDAY        0.01           0.62  1918   0.02   -0.01      T
 MONTH TO DATE    1.40                        0.66    0.74   0.54
 SINCE MAR 1      2.71                        2.07    0.64   1.52
 SINCE JAN 1      4.35                        3.94    0.41   3.69

SNOWFALL
(INCHES)
 YESTERDAY         0.0            0.6  2000    0.1    -0.1      T
 MONTH TO DATE       T                         2.1    -2.1    2.3
 SINCE MAR 1      16.4                        18.5    -2.1   17.7
 SINCE JUL 1      59.7                        75.2   -15.5   72.0
 SNOW DEPTH (IN)     0                                          0

DEGREE DAYS
 HEATING
  YESTERDAY         21                          25      -4     32
  MONTH TO DATE    631                         712     -81    747
  SINCE MAR 1     3738                        3743      -5   3467
  SINCE JUL 1    11902                       13025   -1123  11621

 COOLING
  YESTERDAY          0                           0       0      0
  MONTH TO DATE      0                           0       0      0
  SINCE MAR 1        0                           0       0      0
  SINCE JAN 1        0                           0       0      0
...................................................................

WIND (MPH)
 HIGHEST WIND SPEED    21     HIGHEST WIND DIRECTION    120
 HIGHEST GUST SPEED    25     HIGHEST GUST DIRECTION    120
 AVERAGE WIND SPEED  12.9

SKY COVER
  POSSIBLE SUNSHINE    MM          AVERAGE SKY COVER     MM

WEATHER CONDITIONS
 THE FOLLOWING WEATHER WAS RECORDED YESTERDAY.
  RAIN


RELATIVE HUMIDITY
 HIGHEST RH     MM PERCENT       MM
 LOWEST  RH     MM PERCENT       MM
 AVERAGE RH     MM PERCENT       MM
...................................................................

THE NOME CLIMATE NORMALS FOR TODAY
                           NORMAL    RECORD   YEAR
 MAXIMUM TEMPERATURE (F)     47        75     1969
 MINIMUM TEMPERATURE (F)     34        21     1976

SUNRISE AND SUNSET
 MAY 25 2015..........SUNRISE  5:11 AM      SUNSET 12:50 AM
 MAY 26 2015..........SUNRISE  5:08 AM      SUNSET 12:54 AM

-  INDICATES NEGATIVE NUMBERS.
R  INDICATES RECORD HAS BEEN SET OR TIED.
MM INDICATES DATA IS MISSING.
T  INDICATES TRACE OF PRECIPITATION.

&&
-------------------------------------------------------------------

AMOUNT OF DAYLIGHT TODAY  (HOUR:MIN)........19 HOURS 39 MINUTES
GAIN/LOSS SINCE YESTERDAY (HOUR:MIN:SEC)....+0:06:25

TIDE INFORMATION FOR MONDAY MAY 25 2015
 5:06 AM LOW  0.0 FT
12:24 PM HIGH 1.5 FT
 6:36 PM LOW  0.7 FT
11:39 PM HIGH 1.0 FT

$$
RWM MAY 15
