000
CDAK49 PAOM 290900
CLIOME

CLIMATE REPORT
NATIONAL WEATHER SERVICE NOME, AK
100 AM AKDT SUN MAR 29 2015

...................................
...THE NOME WSO AP CLIMATE SUMMARY FOR MARCH 28 2015...

CLIMATE NORMAL PERIOD  1981 TO  2010
CLIMATE RECORD PERIOD  1906 TO  2015

WEATHER ITEM   OBSERVED TIME    RECORD YEAR NORMAL DEPARTURE LAST
               VALUE    (LST)   VALUE       VALUE  FROM      YEAR
                                                   NORMAL
...................................................................
TEMPERATURE
YESTERDAY
 MAXIMUM            24  0544 PM    39  1926     20       4     25
 MINIMUM            -3  0633 AM   -33  1920      4      -7      7
 AVERAGE            11                          12      -1     16

PRECIPITATION
(INCHES)
 YESTERDAY        0.00           0.39  1938   0.02   -0.02   0.00
 MONTH TO DATE    0.70                        0.59    0.11   0.53
 SINCE MAR 1      0.70                        0.59    0.11   0.53
 SINCE JAN 1      2.34                        2.46   -0.12   2.70

SNOWFALL
(INCHES)
 YESTERDAY         0.0            4.8  1938    0.2    -0.2    0.0
 MONTH TO DATE     8.7                         8.1     0.6   12.3
 SINCE MAR 1       8.7                         8.1     0.6   12.3
 SINCE JUL 1      52.0                        64.8   -12.8   66.6
 SNOW DEPTH (IN)    12                                         11

DEGREE DAYS
 HEATING
  YESTERDAY         54                          53       1     49
  MONTH TO DATE   1626                        1538      88   1483
  SINCE MAR 1     1626                        1538      88   1483
  SINCE JUL 1     9785                       10820   -1035   9637

 COOLING
  YESTERDAY          0                           0       0      0
  MONTH TO DATE      0                           0       0      0
  SINCE MAR 1        0                           0       0      0
  SINCE JAN 1        0                           0       0      0
...................................................................

WIND (MPH)
 HIGHEST WIND SPEED    14     HIGHEST WIND DIRECTION    360
 HIGHEST GUST SPEED    15     HIGHEST GUST DIRECTION    360
 AVERAGE WIND SPEED   2.5

SKY COVER
  POSSIBLE SUNSHINE    MM          AVERAGE SKY COVER     MM

WEATHER CONDITIONS
 THE FOLLOWING WEATHER WAS RECORDED YESTERDAY.
  NO SIGNIFICANT WEATHER WAS OBSERVED.

RELATIVE HUMIDITY
 HIGHEST RH     MM PERCENT       MM
 LOWEST  RH     MM PERCENT       MM
 AVERAGE RH     MM PERCENT       MM
...................................................................

THE NOME CLIMATE NORMALS FOR TODAY
                           NORMAL    RECORD   YEAR
 MAXIMUM TEMPERATURE (F)     20        42     1954
 MINIMUM TEMPERATURE (F)      4       -29     1972

SUNRISE AND SUNSET
 MAR 29 2015..........SUNRISE  8:30 AM      SUNSET  9:46 PM
 MAR 30 2015..........SUNRISE  8:27 AM      SUNSET  9:49 PM

-  INDICATES NEGATIVE NUMBERS.
R  INDICATES RECORD HAS BEEN SET OR TIED.
MM INDICATES DATA IS MISSING.
T  INDICATES TRACE OF PRECIPITATION.

&&
-------------------------------------------------------------------

AMOUNT OF DAYLIGHT TODAY  (HOUR:MIN)........13 HOURS 16 MINUTES
GAIN/LOSS SINCE YESTERDAY (HOUR:MIN:SEC)....+0:06:39

TIDES FOR SUNDAY MARCH 29 2015

12:40 AM HIGH 1.1 FT
 7:15 AM LOW  0.1 FT
 2:28 PM HIGH 1.4 FT
 8:28 PM LOW  0.7 FT

$$
RCT MAR 15
