435
CDAK49 PAFG 190041
CLIOME

CLIMATE REPORT
NATIONAL WEATHER SERVICE FAIRBANKS AK
341 PM AKST SAT NOV 18 2017


...................................

...THE NOME AK CLIMATE SUMMARY FOR NOVEMBER 18 2017...
VALID TODAY AS OF 0300 PM LOCAL TIME.

CLIMATE NORMAL PERIOD 1981 TO 2010
CLIMATE RECORD PERIOD 1906 TO 2017


WEATHER ITEM   OBSERVED TIME   RECORD YEAR NORMAL DEPARTURE LAST
                VALUE   (LST)  VALUE       VALUE  FROM      YEAR
                                                  NORMAL
..................................................................
TEMPERATURE (F)
 TODAY
  MAXIMUM         28   1202 PM  44    2014  22      6       24
  MINIMUM          9   1226 AM -20    1969  10     -1       16
  AVERAGE         19                        16      3       20

PRECIPITATION (IN)
  TODAY            0.05          0.48 1927   0.04   0.01     0.00
  MONTH TO DATE    1.47                      0.77   0.70     0.68
  SINCE SEP 1      7.29                      4.83   2.46     4.67
  SINCE JAN 1     17.02                     15.28   1.74    14.93

SNOWFALL (IN)
  TODAY            1.0           3.2  1935   0.5    0.5      0.0
  MONTH TO DATE   14.9                       7.1    7.8      7.9
  SINCE SEP 1     24.3                      12.3   12.0      8.0
  SINCE JUL 1     24.3                      12.3   12.0      8.0
  SNOW DEPTH       5

DEGREE DAYS
 HEATING
  TODAY           46                        49     -3       45
  MONTH TO DATE  663                       833   -170      725
  SINCE SEP 1   2372                      2623   -251     2190
  SINCE JUL 1   3218                      3483   -265     2875

 COOLING
  TODAY            0                         0      0        0
  MONTH TO DATE    0                         0      0        0
  SINCE SEP 1      0                         0      0        0
  SINCE JAN 1      4                         3      1        0
..................................................................


WIND (MPH)
  HIGHEST GUST SPEED    37   HIGHEST GUST DIRECTION     E (110)


SKY COVER
  AVERAGE SKY COVER 0.9


WEATHER CONDITIONS
 THE FOLLOWING WEATHER WAS RECORDED TODAY.
  HEAVY SNOW
  SNOW
  LIGHT SNOW
  FOG
  FOG W/VISIBILITY <= 1/4 MILE


RELATIVE HUMIDITY (PERCENT)
 HIGHEST   100
 LOWEST     71
 AVERAGE    86

..........................................................


THE NOME AK CLIMATE NORMALS FOR TOMORROW
                         NORMAL    RECORD    YEAR
 MAXIMUM TEMPERATURE (F)   22        41      2001
 MINIMUM TEMPERATURE (F)    9       -22      1969


SUNRISE AND SUNSET
NOVEMBER 18 2017......SUNRISE  1046 AM AKST  SUNSET   448 PM AKST
NOVEMBER 19 2017......SUNRISE  1050 AM AKST  SUNSET   445 PM AKST

-  INDICATES NEGATIVE NUMBERS.
R  INDICATES RECORD WAS SET OR TIED.
MM INDICATES DATA IS MISSING.
T  INDICATES TRACE AMOUNT.

&&

SNOW DEPTH IS MEASURED AT 3AM AKST/4AM AKDT.

----------------------------
AVAILABLE DAYLIGHT

AMOUNT OF DAYLIGHT TODAY  (HOUR:MIN)........6:02
GAIN/LOSS SINCE YESTERDAY (HOUR:MIN:SEC)....-0:06:11

NOME TIDAL INFORMATION FOR 19 NOVEMBER 2017

UNABLE TO RETRIEVE TIDE INFORMATION FOR NOME.
YOU CAN DELETE THIS SECTION, OR YOU CAN TRY TO
RETRIEVE THE TIDE DATA YOURSELF. THE URL IS
HTTPS://TIDESANDCURRENTS.NOAA.GOV/NOAATIDEPREDICTIONS.HTML?ID=9468756

$$
AY NOV 17
