920
CDAK49 PAFG 170046
CLIOME

CLIMATE REPORT
NATIONAL WEATHER SERVICE FAIRBANKS AK
346 PM AKST TUE JAN 16 2018


...................................

...THE NOME AK CLIMATE SUMMARY FOR JANUARY 16 2018...
VALID TODAY AS OF 0300 PM LOCAL TIME.

CLIMATE NORMAL PERIOD 1981 TO 2010
CLIMATE RECORD PERIOD 1906 TO 2018


WEATHER ITEM   OBSERVED TIME   RECORD YEAR NORMAL DEPARTURE LAST
                VALUE   (LST)  VALUE       VALUE  FROM      YEAR
                                                  NORMAL
..................................................................
TEMPERATURE (F)
 TODAY
  MAXIMUM         31    439 AM  40    1963  13     18      -13
  MINIMUM         26    216 PM -35    1993  -3     29      -24
                                      1980
                                      1960
  AVERAGE         29                         5     24      -18

PRECIPITATION (IN)
  TODAY            0.02          0.25 2009   0.02   0.00     0.00
                                      2002
                                      1928
  MONTH TO DATE    0.45                      0.50  -0.05     0.32
  SINCE DEC 1      2.01                      1.58   0.43     1.39
  SINCE JAN 1      0.45                      0.50  -0.05     0.32

SNOWFALL (IN)
  TODAY            0.2           3.9  2015   0.4   -0.2      0.0
                                      1995
  MONTH TO DATE    5.7                       6.9   -1.2      3.0
  SINCE DEC 1     24.4                      21.4    3.0     19.0
  SINCE JUL 1     56.0                      38.7   17.3     27.6
  SNOW DEPTH      27

DEGREE DAYS
 HEATING
  TODAY           36                        60    -24       83
  MONTH TO DATE  695                       953   -258      886
  SINCE DEC 1   2027                      2673   -646     2488
  SINCE JUL 1   5815                      6766   -951     6103

 COOLING
  TODAY            0                         0      0        0
  MONTH TO DATE    0                         0      0        0
  SINCE DEC 1      0                         0      0        0
  SINCE JAN 1      0                         0      0        0
..................................................................


WIND (MPH)
  HIGHEST GUST SPEED    18   HIGHEST GUST DIRECTION    SE (120)


SKY COVER
  AVERAGE SKY COVER 0.9


WEATHER CONDITIONS
 THE FOLLOWING WEATHER WAS RECORDED TODAY.
  LIGHT SNOW
  FOG


RELATIVE HUMIDITY (PERCENT)
 HIGHEST   100
 LOWEST     92
 AVERAGE    96

..........................................................


THE NOME AK CLIMATE NORMALS FOR TOMORROW
                         NORMAL    RECORD    YEAR
 MAXIMUM TEMPERATURE (F)   13        42      1963
 MINIMUM TEMPERATURE (F)   -3       -34      1973


SUNRISE AND SUNSET
JANUARY 16 2018.......SUNRISE  1131 AM AKST  SUNSET   454 PM AKST
JANUARY 17 2018.......SUNRISE  1128 AM AKST  SUNSET   458 PM AKST

-  INDICATES NEGATIVE NUMBERS.
R  INDICATES RECORD WAS SET OR TIED.
MM INDICATES DATA IS MISSING.
T  INDICATES TRACE AMOUNT.

&&

SNOW DEPTH IS MEASURED AT 3AM AKST/4AM AKDT.

----------------------------
AVAILABLE DAYLIGHT

AMOUNT OF DAYLIGHT TODAY  (HOUR:MIN)........5:24
GAIN/LOSS SINCE YESTERDAY (HOUR:MIN:SEC)....+0:05:41

NOME TIDAL INFORMATION FOR 17 JANUARY 2018
0304  +1.2
1052  +0.3
1844  +1.3
2217  +1.1

$$
JAN 18
