000
CDUS46 KOTX 040819
CLIOMK


CLIMATE REPORT
NATIONAL WEATHER SERVICE SPOKANE, WA
118 AM PDT SAT JUL 4 2015


...................................

...THE OMAK WA AIRPORT CLIMATE SUMMARY FOR JULY 3 2015...

CLIMATE NORMAL PERIOD 1981 TO 2010
CLIMATE RECORD PERIOD 9999 TO 9999


WEATHER ITEM   OBSERVED TIME   RECORD YEAR NORMAL DEPARTURE LAST
                VALUE   (LST)  VALUE       VALUE  FROM      YEAR
                                                  NORMAL
..................................................................
TEMPERATURE (F)
 YESTERDAY
  MAXIMUM        104R       MM 103    1942  85     19       92
  MINIMUM         69        MM  40    1948  55     14       58
  AVERAGE         87                        70     17       75

PRECIPITATION (IN)
  YESTERDAY        0.00          0.32 1956   0.03  -0.03     0.00
  MONTH TO DATE    0.00                      0.08  -0.08     0.00
  SINCE OCT 1     11.19                     12.95  -1.76     6.39
  SINCE JAN 1      4.62                      8.06  -3.44     5.22

SNOWFALL (IN)
  YESTERDAY       MM

DEGREE DAYS
 HEATING
  YESTERDAY        0                         1     -1        0
  MONTH TO DATE    0                         3     -3        0
  SINCE JUN 1     15                        72    -57       38
  SINCE JUL 1      0                         3     -3        0

 COOLING
  YESTERDAY       22                         6     16       10
  MONTH TO DATE   61                        16     45       27
  SINCE JUN 1    326                       100    226       92
  SINCE JAN 1    372                       123    249      106
..................................................................


WIND (MPH)
  HIGHEST WIND SPEED    15   HIGHEST WIND DIRECTION     N (10)
  HIGHEST GUST SPEED    22   HIGHEST GUST DIRECTION     N (10)
  AVERAGE WIND SPEED     9.2


SKY COVER
  POSSIBLE SUNSHINE  MM
  AVERAGE SKY COVER 0.0


WEATHER CONDITIONS
 THE FOLLOWING WEATHER WAS RECORDED YESTERDAY.
  NO SIGNIFICANT WEATHER WAS OBSERVED.


RELATIVE HUMIDITY (PERCENT)
 HIGHEST    44           200 AM
 LOWEST      9           300 PM
 AVERAGE    27

..........................................................


THE OMAK WA AIRPORT CLIMATE NORMALS FOR TODAY
                         NORMAL    RECORD    YEAR
 MAXIMUM TEMPERATURE (F)   85       101      2001
 MINIMUM TEMPERATURE (F)   55        42      2012


SUNRISE AND SUNSET
JULY  4 2015..........SUNRISE   502 AM PDT   SUNSET   902 PM PDT
JULY  5 2015..........SUNRISE   503 AM PDT   SUNSET   902 PM PDT


-  INDICATES NEGATIVE NUMBERS.
R  INDICATES RECORD WAS SET OR TIED.
MM INDICATES DATA IS MISSING.
T  INDICATES TRACE AMOUNT.




$$
