000
CDUS46 KOTX 290826
CLIOMK


CLIMATE REPORT
NATIONAL WEATHER SERVICE SPOKANE, WA
124 AM PDT SAT AUG 29 2015


...................................

...THE OMAK WA AIRPORT CLIMATE SUMMARY FOR AUGUST 28 2015...

CLIMATE NORMAL PERIOD 1981 TO 2010
CLIMATE RECORD PERIOD 9999 TO 9999


WEATHER ITEM   OBSERVED TIME   RECORD YEAR NORMAL DEPARTURE LAST
                VALUE   (LST)  VALUE       VALUE  FROM      YEAR
                                                  NORMAL
..................................................................
TEMPERATURE (F)
 YESTERDAY
  MAXIMUM         83    216 PM  98    2006  85     -2       89
  MINIMUM         64   1210 AM  34    1959  54     10       60
  AVERAGE         74                        69      5       75

PRECIPITATION (IN)
  YESTERDAY        0.00          1.15 1951   0.02  -0.02     0.00
  MONTH TO DATE    0.08                      0.45  -0.37     0.85
  SINCE OCT 1     11.53                     14.13  -2.60     7.41
  SINCE JAN 1      4.96                      9.24  -4.28     6.24

SNOWFALL (IN)
  YESTERDAY       MM

DEGREE DAYS
 HEATING
  YESTERDAY        0                         1     -1        0
  MONTH TO DATE    1                         8     -7        0
  SINCE JUN 1     16                        92    -76       40
  SINCE JUL 1      1                        23    -22        2

 COOLING
  YESTERDAY        9                         5      4       10
  MONTH TO DATE  267                       231     36      326
  SINCE JUN 1    895                       569    326      808
  SINCE JAN 1    941                       592    349      822
..................................................................


WIND (MPH)
  HIGHEST WIND SPEED    21   HIGHEST WIND DIRECTION     S (200)
  HIGHEST GUST SPEED    27   HIGHEST GUST DIRECTION     S (170)
  AVERAGE WIND SPEED     8.3


SKY COVER
  POSSIBLE SUNSHINE  MM
  AVERAGE SKY COVER 0.6


WEATHER CONDITIONS
 THE FOLLOWING WEATHER WAS RECORDED YESTERDAY.
  HAZE


RELATIVE HUMIDITY (PERCENT)
 HIGHEST    44          1000 PM
 LOWEST     28          1200 PM
 AVERAGE    36

..........................................................


THE OMAK WA AIRPORT CLIMATE NORMALS FOR TODAY
                         NORMAL    RECORD    YEAR
 MAXIMUM TEMPERATURE (F)   84        96      1967
 MINIMUM TEMPERATURE (F)   54        38      1965


SUNRISE AND SUNSET
AUGUST 29 2015........SUNRISE   611 AM PDT   SUNSET   746 PM PDT
AUGUST 30 2015........SUNRISE   612 AM PDT   SUNSET   744 PM PDT


-  INDICATES NEGATIVE NUMBERS.
R  INDICATES RECORD WAS SET OR TIED.
MM INDICATES DATA IS MISSING.
T  INDICATES TRACE AMOUNT.




$$
