000
CDUS46 KOTX 210833
CLIOMK


CLIMATE REPORT
NATIONAL WEATHER SERVICE SPOKANE, WA
133 AM PDT FRI JUL 21 2017


...................................

...THE OMAK WA AIRPORT CLIMATE SUMMARY FOR JULY 20 2017...

CLIMATE NORMAL PERIOD 1981 TO 2010
CLIMATE RECORD PERIOD 9999 TO 9999


WEATHER ITEM   OBSERVED TIME   RECORD YEAR NORMAL DEPARTURE LAST
                VALUE   (LST)  VALUE       VALUE  FROM      YEAR
                                                  NORMAL
..................................................................
TEMPERATURE (F)
 YESTERDAY
  MAXIMUM         86    357 PM 104    1938  90     -4       85
  MINIMUM         55    412 AM  39    1972  58     -3       50
  AVERAGE         71                        74     -3       68

PRECIPITATION (IN)
  YESTERDAY        0.00                      0.02  -0.02     0.00
  MONTH TO DATE    0.00                      0.56  -0.56     0.39
  SINCE OCT 1     16.87                     13.43   3.44    14.47
  SINCE JAN 1     10.39                      8.54   1.85     9.11

SNOWFALL (IN)
  YESTERDAY       MM

DEGREE DAYS
 HEATING
  YESTERDAY        0                         0      0        0
  MONTH TO DATE    0                        11    -11        5
  SINCE JUN 1     58                        80    -22       90
  SINCE JUL 1      0                        11    -11        5

 COOLING
  YESTERDAY        6                         9     -3        3
  MONTH TO DATE  210                       144     66       78
  SINCE JUN 1    290                       228     62      215
  SINCE JAN 1    321                       251     70      240
..................................................................


WIND (MPH)
  HIGHEST WIND SPEED    25   HIGHEST WIND DIRECTION     N (10)
  HIGHEST GUST SPEED    34   HIGHEST GUST DIRECTION     N (20)
  AVERAGE WIND SPEED     8.1


SKY COVER
  POSSIBLE SUNSHINE  MM
  AVERAGE SKY COVER 0.0


WEATHER CONDITIONS
 THE FOLLOWING WEATHER WAS RECORDED YESTERDAY.
  NO SIGNIFICANT WEATHER WAS OBSERVED.


RELATIVE HUMIDITY (PERCENT)
 HIGHEST    57           500 AM
 LOWEST     16           200 PM
 AVERAGE    37

..........................................................


THE OMAK WA AIRPORT CLIMATE NORMALS FOR TODAY
                         NORMAL    RECORD    YEAR
 MAXIMUM TEMPERATURE (F)   90       105      1938
 MINIMUM TEMPERATURE (F)   59        44      1954


SUNRISE AND SUNSET
JULY 21 2017..........SUNRISE   519 AM PDT   SUNSET   849 PM PDT
JULY 22 2017..........SUNRISE   521 AM PDT   SUNSET   848 PM PDT


-  INDICATES NEGATIVE NUMBERS.
R  INDICATES RECORD WAS SET OR TIED.
MM INDICATES DATA IS MISSING.
T  INDICATES TRACE AMOUNT.




$$
