000
CDUS46 KOTX 210846
CLIOMK


CLIMATE REPORT
NATIONAL WEATHER SERVICE SPOKANE, WA
1245 AM PST WED FEB 21 2018


...................................

...THE OMAK WA AIRPORT CLIMATE SUMMARY FOR FEBRUARY 20 2018...

CLIMATE NORMAL PERIOD 1981 TO 2010
CLIMATE RECORD PERIOD 9999 TO 9999


WEATHER ITEM   OBSERVED TIME   RECORD YEAR NORMAL DEPARTURE LAST
                VALUE   (LST)  VALUE       VALUE  FROM      YEAR
                                                  NORMAL
..................................................................
TEMPERATURE (F)
 YESTERDAY
  MAXIMUM         23    227 PM  58    1961  42    -19       38
  MINIMUM          6    344 AM   0    1936  24    -18       34
  AVERAGE         15                        33    -18       36

PRECIPITATION (IN)
  YESTERDAY        0.00                      0.05  -0.05     0.10
  MONTH TO DATE    0.30                      1.01  -0.71     1.60
  SINCE OCT 1      6.88                      7.79  -0.91    10.11
  SINCE JAN 1      3.50                      2.90   0.60     3.63

SNOWFALL (IN)
  YESTERDAY       MM

DEGREE DAYS
 HEATING
  YESTERDAY       50                        32     18       29
  MONTH TO DATE  670                       681    -11      788
  SINCE DEC 1   2960                      3081   -121     3407
  SINCE JUL 1   4420                      4614   -194     4645

 COOLING
  YESTERDAY        0                         0      0        0
  MONTH TO DATE    0                         0      0        0
  SINCE DEC 1      0                         0      0        0
  SINCE JAN 1      0                         0      0        0
..................................................................


WIND (MPH)
  HIGHEST WIND SPEED    15   HIGHEST WIND DIRECTION    NW (300)
  HIGHEST GUST SPEED    18   HIGHEST GUST DIRECTION    NW (300)
  AVERAGE WIND SPEED     7.8


SKY COVER
  POSSIBLE SUNSHINE  MM
  AVERAGE SKY COVER 0.3


WEATHER CONDITIONS
 THE FOLLOWING WEATHER WAS RECORDED YESTERDAY.
  NO SIGNIFICANT WEATHER WAS OBSERVED.


RELATIVE HUMIDITY (PERCENT)
 HIGHEST    80           300 AM
 LOWEST     52           100 PM
 AVERAGE    66

..........................................................


THE OMAK WA AIRPORT CLIMATE NORMALS FOR TODAY
                         NORMAL    RECORD    YEAR
 MAXIMUM TEMPERATURE (F)   42        60      1958
 MINIMUM TEMPERATURE (F)   24        -7      1975


SUNRISE AND SUNSET
FEBRUARY 21 2018......SUNRISE   654 AM PST   SUNSET   530 PM PST
FEBRUARY 22 2018......SUNRISE   653 AM PST   SUNSET   531 PM PST


-  INDICATES NEGATIVE NUMBERS.
R  INDICATES RECORD WAS SET OR TIED.
MM INDICATES DATA IS MISSING.
T  INDICATES TRACE AMOUNT.




$$
