000
CDUS45 KBOI 190930
CLIONO


CLIMATE REPORT
NATIONAL WEATHER SERVICE BOISE ID
230 AM MST SUN NOV 19 2017


...................................

...THE ONTARIO OR CLIMATE SUMMARY FOR NOVEMBER 18 2017...

CLIMATE NORMAL PERIOD 1981 TO 2010
CLIMATE RECORD PERIOD 1948 TO 2017


WEATHER ITEM   OBSERVED TIME   RECORD YEAR NORMAL DEPARTURE LAST
                VALUE   (LST)  VALUE       VALUE  FROM      YEAR
                                                  NORMAL
..................................................................
TEMPERATURE (F)
 YESTERDAY
  MAXIMUM         47    404 PM  62    2007  46      1       46
                                      1965
  MINIMUM         24    821 AM  -3    2014  26     -2       22
  AVERAGE         36                        36      0       34

PRECIPITATION (IN)
  YESTERDAY        0.00          0.34 1955   0.04  -0.04     0.00
  MONTH TO DATE    1.44                      0.62   0.82     0.34
  SINCE OCT 1      1.94                      1.25   0.69     1.14
  SINCE JAN 1     11.83                      7.90   3.93     3.76

DEGREE DAYS
 HEATING
  YESTERDAY       29                        29      0       31
  MONTH TO DATE  429                       457    -28      344
  SINCE SEP 1   1047                      1034     13      778
  SINCE JUL 1   1047                      1050     -3      787

 COOLING
  YESTERDAY        0                         0      0        0
  MONTH TO DATE    0                         0      0        0
  SINCE SEP 1    141                        59     82       31
  SINCE JAN 1   1254                       852    402      976
..................................................................


WIND (MPH)
  HIGHEST WIND SPEED     7   HIGHEST WIND DIRECTION     N (20)
  HIGHEST GUST SPEED     9   HIGHEST GUST DIRECTION    SE (120)
  AVERAGE WIND SPEED     1.2


SKY COVER
  AVERAGE SKY COVER 0.0


WEATHER CONDITIONS
 THE FOLLOWING WEATHER WAS RECORDED YESTERDAY.
  NO SIGNIFICANT WEATHER WAS OBSERVED.


RELATIVE HUMIDITY (PERCENT)
 HIGHEST    92           500 AM
 LOWEST     49           400 PM
 AVERAGE    71

..........................................................


THE ONTARIO OR CLIMATE NORMALS FOR TODAY
                         NORMAL    RECORD    YEAR
 MAXIMUM TEMPERATURE (F)   46        72      2003
 MINIMUM TEMPERATURE (F)   26         1      2014


SUNRISE AND SUNSET
NOVEMBER 19 2017......SUNRISE   749 AM MST   SUNSET   518 PM MST
NOVEMBER 20 2017......SUNRISE   750 AM MST   SUNSET   517 PM MST


-  INDICATES NEGATIVE NUMBERS.
R  INDICATES RECORD WAS SET OR TIED.
MM INDICATES DATA IS MISSING.
T  INDICATES TRACE AMOUNT.




$$
