000
CDUS45 KBOI 260932
CLIONO


CLIMATE REPORT
NATIONAL WEATHER SERVICE BOISE ID
231 AM MST SUN FEB 26 2017


...................................

...THE ONTARIO OR CLIMATE SUMMARY FOR FEBRUARY 25 2017...

CLIMATE NORMAL PERIOD 1981 TO 2010
CLIMATE RECORD PERIOD 1948 TO 2017


WEATHER ITEM   OBSERVED TIME   RECORD YEAR NORMAL DEPARTURE LAST
                VALUE   (LST)  VALUE       VALUE  FROM      YEAR
                                                  NORMAL
..................................................................
TEMPERATURE (F)
 YESTERDAY
  MAXIMUM         37    453 PM  66    1963  48    -11       55
  MINIMUM         13    812 AM   1    1993  26    -13       23
  AVERAGE         25                        37    -12       39

PRECIPITATION (IN)
  YESTERDAY        0.00          0.14 2004   0.03  -0.03     0.00
  MONTH TO DATE    1.48                      0.71   0.77     0.27
  SINCE OCT 1      8.11                      5.30   2.81     5.77
  SINCE JAN 1      4.79                      1.89   2.90     1.02

DEGREE DAYS
 HEATING
  YESTERDAY       40                        28     12       26
  MONTH TO DATE  816                       804     12      654
  SINCE DEC 1   3680                      3119    561     2779
  SINCE JUL 1   4771                      4547    224     3904

 COOLING
  YESTERDAY        0                         0      0        0
  MONTH TO DATE    0                         0      0        0
  SINCE DEC 1      0                         0      0        0
  SINCE JAN 1      0                         0      0        0
..................................................................


WIND (MPH)
  HIGHEST WIND SPEED     8   HIGHEST WIND DIRECTION     W (250)
  HIGHEST GUST SPEED    10   HIGHEST GUST DIRECTION     W (250)
  AVERAGE WIND SPEED     3.7


SKY COVER
  AVERAGE SKY COVER 0.0


WEATHER CONDITIONS
 THE FOLLOWING WEATHER WAS RECORDED YESTERDAY.
  NO SIGNIFICANT WEATHER WAS OBSERVED.


RELATIVE HUMIDITY (PERCENT)
 HIGHEST    88           500 AM
 LOWEST     52           500 PM
 AVERAGE    70

..........................................................


THE ONTARIO OR CLIMATE NORMALS FOR TODAY
                         NORMAL    RECORD    YEAR
 MAXIMUM TEMPERATURE (F)   49        64      1976
 MINIMUM TEMPERATURE (F)   26        -3      1993


SUNRISE AND SUNSET
FEBRUARY 26 2017......SUNRISE   729 AM MST   SUNSET   633 PM MST
FEBRUARY 27 2017......SUNRISE   728 AM MST   SUNSET   634 PM MST


-  INDICATES NEGATIVE NUMBERS.
R  INDICATES RECORD WAS SET OR TIED.
MM INDICATES DATA IS MISSING.
T  INDICATES TRACE AMOUNT.




$$
