000
CDUS45 KBOI 260931
CLIONO


CLIMATE REPORT
NATIONAL WEATHER SERVICE BOISE ID
330 AM MDT WED JUL 26 2017


...................................

...THE ONTARIO OR CLIMATE SUMMARY FOR JULY 25 2017...

CLIMATE NORMAL PERIOD 1981 TO 2010
CLIMATE RECORD PERIOD 1948 TO 2017


WEATHER ITEM   OBSERVED TIME   RECORD YEAR NORMAL DEPARTURE LAST
                VALUE   (LST)  VALUE       VALUE  FROM      YEAR
                                                  NORMAL
..................................................................
TEMPERATURE (F)
 YESTERDAY
  MAXIMUM         96    434 PM 106    1978  96      0      101
  MINIMUM         66   1119 PM  49    1957  59      7       55
  AVERAGE         81                        78      3       78

PRECIPITATION (IN)
  YESTERDAY        0.00          0.02 2003   0.01  -0.01     0.00
                                      2002
  MONTH TO DATE    0.01                      0.27  -0.26     0.21
  SINCE OCT 1     12.79                      9.44   3.35     7.31
  SINCE JAN 1      9.47                      6.03   3.44     2.56

DEGREE DAYS
 HEATING
  YESTERDAY        0                         0      0        0
  MONTH TO DATE    0                         0      0        9
  SINCE JUN 1     28                        52    -24       35
  SINCE JUL 1      0                         0      0        9

 COOLING
  YESTERDAY       16                        13      3       13
  MONTH TO DATE  425                       273    152      237
  SINCE JUN 1    589                       412    177      468
  SINCE JAN 1    629                       448    181      507
..................................................................


WIND (MPH)
  HIGHEST WIND SPEED    13   HIGHEST WIND DIRECTION     W (280)
  HIGHEST GUST SPEED    18   HIGHEST GUST DIRECTION     W (290)
  AVERAGE WIND SPEED     4.2


SKY COVER
  AVERAGE SKY COVER 0.0


WEATHER CONDITIONS
 THE FOLLOWING WEATHER WAS RECORDED YESTERDAY.
  NO SIGNIFICANT WEATHER WAS OBSERVED.


RELATIVE HUMIDITY (PERCENT)
 HIGHEST    61          1100 PM
 LOWEST     19           600 PM
 AVERAGE    40

..........................................................


THE ONTARIO OR CLIMATE NORMALS FOR TODAY
                         NORMAL    RECORD    YEAR
 MAXIMUM TEMPERATURE (F)   96       107      1968
 MINIMUM TEMPERATURE (F)   59        46      1993
                                             1947


SUNRISE AND SUNSET
JULY 26 2017..........SUNRISE   630 AM MDT   SUNSET   918 PM MDT
JULY 27 2017..........SUNRISE   631 AM MDT   SUNSET   917 PM MDT


-  INDICATES NEGATIVE NUMBERS.
R  INDICATES RECORD WAS SET OR TIED.
MM INDICATES DATA IS MISSING.
T  INDICATES TRACE AMOUNT.




$$
