000
CDUS45 KBOI 290931
CLIONO


CLIMATE REPORT
NATIONAL WEATHER SERVICE BOISE ID
331 AM MDT SUN MAY 29 2016


...................................

...THE ONTARIO OR CLIMATE SUMMARY FOR MAY 28 2016...

CLIMATE NORMAL PERIOD 1981 TO 2010
CLIMATE RECORD PERIOD 1948 TO 2016


WEATHER ITEM   OBSERVED TIME   RECORD YEAR NORMAL DEPARTURE LAST
                VALUE   (LST)  VALUE       VALUE  FROM      YEAR
                                                  NORMAL
..................................................................
TEMPERATURE (F)
 YESTERDAY
  MAXIMUM         74    606 PM  97    1986  78     -4       83
  MINIMUM         46    539 AM  30    1954  48     -2       50
  AVERAGE         60                        63     -3       67

PRECIPITATION (IN)
  YESTERDAY        0.00          0.38 1964   0.05  -0.05     0.00
  MONTH TO DATE    0.30                      1.16  -0.86     1.66
  SINCE OCT 1      6.98                      8.36  -1.38     8.52
  SINCE JAN 1      2.23                      4.95  -2.72     4.06

DEGREE DAYS
 HEATING
  YESTERDAY        5                         4      1        0
  MONTH TO DATE  110                       197    -87       88
  SINCE MAR 1    916                      1308   -392      998
  SINCE JUL 1   4906                      5938  -1032     4792

 COOLING
  YESTERDAY        0                         2     -2        2
  MONTH TO DATE   33                        29      4       12
  SINCE MAR 1     33                        30      3       12
  SINCE JAN 1     33                        30      3       12
..................................................................


WIND (MPH)
  HIGHEST WIND SPEED    16   HIGHEST WIND DIRECTION     W (290)
  HIGHEST GUST SPEED    20   HIGHEST GUST DIRECTION    NW (300)
  AVERAGE WIND SPEED     5.5


SKY COVER
  AVERAGE SKY COVER 0.0


WEATHER CONDITIONS
 THE FOLLOWING WEATHER WAS RECORDED YESTERDAY.
  NO SIGNIFICANT WEATHER WAS OBSERVED.


RELATIVE HUMIDITY (PERCENT)
 HIGHEST    58           500 AM
 LOWEST     19           600 PM
 AVERAGE    39

..........................................................


THE ONTARIO OR CLIMATE NORMALS FOR TODAY
                         NORMAL    RECORD    YEAR
 MAXIMUM TEMPERATURE (F)   78       103      1986
 MINIMUM TEMPERATURE (F)   48        35      1959


SUNRISE AND SUNSET
MAY 29 2016...........SUNRISE   610 AM MDT   SUNSET   922 PM MDT
MAY 30 2016...........SUNRISE   609 AM MDT   SUNSET   923 PM MDT


-  INDICATES NEGATIVE NUMBERS.
R  INDICATES RECORD WAS SET OR TIED.
MM INDICATES DATA IS MISSING.
T  INDICATES TRACE AMOUNT.




$$
