000
CDUS45 KBOI 290930
CLIONO


CLIMATE REPORT
NATIONAL WEATHER SERVICE BOISE ID
330 AM MDT MON JUN 29 2015


...................................

...THE ONTARIO OR CLIMATE SUMMARY FOR JUNE 28 2015...

CLIMATE NORMAL PERIOD 1981 TO 2010
CLIMATE RECORD PERIOD 1948 TO 2015


WEATHER ITEM   OBSERVED TIME   RECORD YEAR NORMAL DEPARTURE LAST
                VALUE   (LST)  VALUE       VALUE  FROM      YEAR
                                                  NORMAL
..................................................................
TEMPERATURE (F)
 YESTERDAY
  MAXIMUM        109R   530 PM 104    1973  88     21       81
  MINIMUM         67    557 AM  37    1969  55     12       58
  AVERAGE         88                        72     16       70

PRECIPITATION (IN)
  YESTERDAY        T             0.83 1970   0.01  -0.01     0.00
  MONTH TO DATE    0.21                      0.66  -0.45     0.27
  SINCE OCT 1      8.74                      9.14  -0.40     6.51
  SINCE JAN 1      4.28                      5.73  -1.45     5.00

DEGREE DAYS
 HEATING
  YESTERDAY        0                         1     -1        0
  MONTH TO DATE    1                        51    -50       28
  SINCE JUN 1      1                        51    -50       28
  SINCE JUL 1   4793                      6001  -1208     5908

 COOLING
  YESTERDAY       23                         7     16        5
  MONTH TO DATE  310                       124    186      144
  SINCE JUN 1    310                       124    186      144
  SINCE JAN 1    343                       160    183      192
..................................................................


WIND (MPH)
  HIGHEST WIND SPEED    20   HIGHEST WIND DIRECTION    SW (240)
  HIGHEST GUST SPEED    27   HIGHEST GUST DIRECTION    SW (240)
  AVERAGE WIND SPEED     3.7


SKY COVER
  AVERAGE SKY COVER 0.0


WEATHER CONDITIONS
 THE FOLLOWING WEATHER WAS RECORDED YESTERDAY.
  THUNDERSTORM


RELATIVE HUMIDITY (PERCENT)
 HIGHEST    73           600 AM
 LOWEST     13           500 PM
 AVERAGE    43

..........................................................


THE ONTARIO OR CLIMATE NORMALS FOR TODAY
                         NORMAL    RECORD    YEAR
 MAXIMUM TEMPERATURE (F)   89       104      2013
                                             1976
 MINIMUM TEMPERATURE (F)   56        37      1971


SUNRISE AND SUNSET
JUNE 29 2015..........SUNRISE   608 AM MDT   SUNSET   935 PM MDT
JUNE 30 2015..........SUNRISE   608 AM MDT   SUNSET   935 PM MDT


-  INDICATES NEGATIVE NUMBERS.
R  INDICATES RECORD WAS SET OR TIED.
MM INDICATES DATA IS MISSING.
T  INDICATES TRACE AMOUNT.




$$
