000
CDUS45 KBOI 190933
CLIONO


CLIMATE REPORT
NATIONAL WEATHER SERVICE BOISE ID
233 AM MST FRI DEC 19 2014


...................................

...THE ONTARIO OR CLIMATE SUMMARY FOR DECEMBER 18 2014...

CLIMATE NORMAL PERIOD 1981 TO 2010
CLIMATE RECORD PERIOD 1948 TO 2014


WEATHER ITEM   OBSERVED TIME   RECORD YEAR NORMAL DEPARTURE LAST
                VALUE   (LST)  VALUE       VALUE  FROM      YEAR
                                                  NORMAL
..................................................................
TEMPERATURE (F)
 YESTERDAY
  MAXIMUM         44    439 PM  54    1973  35      9       22
  MINIMUM         33    925 PM  -4    2005  19     14       20
  AVERAGE         39                        27     12       21

PRECIPITATION (IN)
  YESTERDAY        0.04          0.39 1960   0.06  -0.02     0.02
  MONTH TO DATE    0.90                      0.94  -0.04     0.26
  SINCE OCT 1      2.82                      2.67   0.15     1.32
  SINCE JAN 1      8.78                      9.32  -0.54     5.09

DEGREE DAYS
 HEATING
  YESTERDAY       26                        38    -12       44
  MONTH TO DATE  458                       654   -196      831
  SINCE DEC 1    458                       654   -196      831
  SINCE JUL 1   1739                      2082   -343     2226

 COOLING
  YESTERDAY        0                         0      0        0
  MONTH TO DATE    0                         0      0        0
  SINCE DEC 1      0                         0      0        0
  SINCE JAN 1   1088                       852    236     1299
..................................................................


WIND (MPH)
  HIGHEST WIND SPEED     7   HIGHEST WIND DIRECTION     W (270)
  HIGHEST GUST SPEED     8   HIGHEST GUST DIRECTION     W (270)
  AVERAGE WIND SPEED     2.3


SKY COVER
  AVERAGE SKY COVER 0.9


WEATHER CONDITIONS
 THE FOLLOWING WEATHER WAS RECORDED YESTERDAY.
  LIGHT RAIN
  FOG


RELATIVE HUMIDITY (PERCENT)
 HIGHEST    96           900 PM
 LOWEST     70           300 PM
 AVERAGE    83

..........................................................


THE ONTARIO OR CLIMATE NORMALS FOR TODAY
                         NORMAL    RECORD    YEAR
 MAXIMUM TEMPERATURE (F)   35        50      2011
 MINIMUM TEMPERATURE (F)   19        -5      1985


SUNRISE AND SUNSET
DECEMBER 19 2014......SUNRISE   819 AM MST   SUNSET   512 PM MST
DECEMBER 20 2014......SUNRISE   819 AM MST   SUNSET   512 PM MST


-  INDICATES NEGATIVE NUMBERS.
R  INDICATES RECORD WAS SET OR TIED.
MM INDICATES DATA IS MISSING.
T  INDICATES TRACE AMOUNT.




$$
