000
CDUS45 KBOI 280931
CLIONO


CLIMATE REPORT
NATIONAL WEATHER SERVICE BOISE ID
331 AM MDT SUN MAY 28 2017


...................................

...THE ONTARIO OR CLIMATE SUMMARY FOR MAY 27 2017...

CLIMATE NORMAL PERIOD 1981 TO 2010
CLIMATE RECORD PERIOD 1948 TO 2017


WEATHER ITEM   OBSERVED TIME   RECORD YEAR NORMAL DEPARTURE LAST
                VALUE   (LST)  VALUE       VALUE  FROM      YEAR
                                                  NORMAL
..................................................................
TEMPERATURE (F)
 YESTERDAY
  MAXIMUM         81    519 PM  96    1958  78      3       73
  MINIMUM         46    528 AM  33    1954  48     -2       51
                                      1953
  AVERAGE         64                        63      1       62

PRECIPITATION (IN)
  YESTERDAY        0.00          0.45 1956   0.04  -0.04     0.00
  MONTH TO DATE    1.28                      1.11   0.17     0.30
  SINCE OCT 1     12.18                      8.31   3.87     6.98
  SINCE JAN 1      8.86                      4.90   3.96     2.23

DEGREE DAYS
 HEATING
  YESTERDAY        1                         4     -3        3
  MONTH TO DATE  164                       193    -29      105
  SINCE MAR 1   1144                      1304   -160      911
  SINCE JUL 1   6018                      5934     84     4901

 COOLING
  YESTERDAY        0                         2     -2        0
  MONTH TO DATE   14                        27    -13       33
  SINCE MAR 1     14                        28    -14       33
  SINCE JAN 1     14                        28    -14       33
..................................................................


WIND (MPH)
  HIGHEST WIND SPEED    10   HIGHEST WIND DIRECTION    SW (240)
  HIGHEST GUST SPEED    13   HIGHEST GUST DIRECTION    SW (240)
  AVERAGE WIND SPEED     2.1


SKY COVER
  AVERAGE SKY COVER 0.0


WEATHER CONDITIONS
 THE FOLLOWING WEATHER WAS RECORDED YESTERDAY.
  NO SIGNIFICANT WEATHER WAS OBSERVED.


RELATIVE HUMIDITY (PERCENT)
 HIGHEST    82           600 AM
 LOWEST     15           600 PM
 AVERAGE    49

..........................................................


THE ONTARIO OR CLIMATE NORMALS FOR TODAY
                         NORMAL    RECORD    YEAR
 MAXIMUM TEMPERATURE (F)   78       100      2003
 MINIMUM TEMPERATURE (F)   48        30      1954


SUNRISE AND SUNSET
MAY 28 2017...........SUNRISE   610 AM MDT   SUNSET   921 PM MDT
MAY 29 2017...........SUNRISE   610 AM MDT   SUNSET   922 PM MDT


-  INDICATES NEGATIVE NUMBERS.
R  INDICATES RECORD WAS SET OR TIED.
MM INDICATES DATA IS MISSING.
T  INDICATES TRACE AMOUNT.




$$
