000
CDUS46 KSGX 260028
CLIONT


CLIMATE REPORT
NATIONAL WEATHER SERVICE SAN DIEGO, CA
528 PM PDT SUN SEP 25 2016


...................................

...THE ONTARIO INTL AIRPORT CA CLIMATE SUMMARY FOR SEPTEMBER 25 2016...
VALID TODAY AS OF 0500 PM LOCAL TIME.

CLIMATE NORMAL PERIOD 1981 TO 2010
CLIMATE RECORD PERIOD 1998 TO 2016


WEATHER ITEM   OBSERVED TIME   RECORD YEAR NORMAL DEPARTURE LAST
                VALUE   (LST)  VALUE       VALUE  FROM      YEAR
                                                  NORMAL
..................................................................
TEMPERATURE (F)
 TODAY
  MAXIMUM         99    312 PM 105    2010  86     13      100
  MINIMUM         60    422 AM  52    2005  61     -1       70
  AVERAGE         80                        74      6       85

PRECIPITATION (IN)
  TODAY            0.00          0.00   MM   0.01  -0.01     0.00
  MONTH TO DATE    T                         0.20  -0.20     1.72
  SINCE OCT 1      7.71                     14.97  -7.26    12.20
  SINCE JAN 1      5.59                     10.80  -5.21     6.56

DEGREE DAYS
 HEATING
  TODAY            0                         0      0        0
  MONTH TO DATE    1                         0      1        0
  SINCE SEP 1      1                         0      1        0
  SINCE JUL 1      1                         0      1        0

 COOLING
  TODAY           15                         9      6       20
  MONTH TO DATE  243                       289    -46      392
  SINCE SEP 1    243                       289    -46      392
  SINCE JAN 1   1774                      1512    262     1949
..................................................................


WIND (MPH)
  RESULTANT WIND SPEED  12   RESULTANT WIND DIRECTION  NE (40)
  HIGHEST WIND SPEED    29   HIGHEST WIND DIRECTION    NE (30)
  HIGHEST GUST SPEED    40   HIGHEST GUST DIRECTION    NE (30)
  AVERAGE WIND SPEED    13.5


SKY COVER
  POSSIBLE SUNSHINE  MM
  AVERAGE SKY COVER 0.0


WEATHER CONDITIONS
 THE FOLLOWING WEATHER WAS RECORDED TODAY.
  HAZE
  SANDSTORM


RELATIVE HUMIDITY (PERCENT)
 HIGHEST    39           400 AM
 LOWEST      5           300 PM
 AVERAGE    22

..........................................................


THE ONTARIO INTL AIRPORT CA CLIMATE NORMALS FOR TOMORROW
                         NORMAL    RECORD    YEAR
 MAXIMUM TEMPERATURE (F)   86       107      2010
 MINIMUM TEMPERATURE (F)   61        54      2005


SUNRISE AND SUNSET
SEPTEMBER 25 2016.....SUNRISE   641 AM PDT   SUNSET   642 PM PDT
SEPTEMBER 26 2016.....SUNRISE   642 AM PDT   SUNSET   641 PM PDT


-  INDICATES NEGATIVE NUMBERS.
R  INDICATES RECORD WAS SET OR TIED.
MM INDICATES DATA IS MISSING.
T  INDICATES TRACE AMOUNT.




$$
