000
CDUS46 KSGX 041423
CLIONT


CLIMATE REPORT
NATIONAL WEATHER SERVICE SAN DIEGO, CA
722 AM PDT TUE AUG 4 2015


...................................

...THE ONTARIO INTL AIRPORT CA CLIMATE SUMMARY FOR AUGUST 3 2015...

CLIMATE NORMAL PERIOD 1981 TO 2010
CLIMATE RECORD PERIOD 1998 TO 2015


WEATHER ITEM   OBSERVED TIME   RECORD YEAR NORMAL DEPARTURE LAST
                VALUE   (LST)  VALUE       VALUE  FROM      YEAR
                                                  NORMAL
..................................................................
TEMPERATURE (F)
 YESTERDAY
  MAXIMUM         93    153 PM 105    1998  94     -1       90
  MINIMUM         65    545 AM  59    2013  64      1       73
  AVERAGE         79                        79      0       82

PRECIPITATION (IN)
  YESTERDAY        0.00          0.04 2014   0.00   0.00     0.04
  MONTH TO DATE    0.00                      0.01  -0.01     0.13
  SINCE OCT 1     10.48                     14.65  -4.17     4.50
  SINCE JAN 1      4.84                     10.48  -5.64     3.62

DEGREE DAYS
 HEATING
  YESTERDAY        0                         0      0        0
  MONTH TO DATE    0                         0      0        0
  SINCE JUN 1      0                         5     -5        0
  SINCE JUL 1      0                         0      0        0

 COOLING
  YESTERDAY       14                        14      0       17
  MONTH TO DATE   45                        42      3       50
  SINCE JUN 1    790                       660    130      811
  SINCE JAN 1   1085                       826    259     1205
..................................................................


WIND (MPH)
  RESULTANT WIND SPEED   6   RESULTANT WIND DIRECTION   W (250)
  HIGHEST WIND SPEED    20   HIGHEST WIND DIRECTION     W (260)
  HIGHEST GUST SPEED    24   HIGHEST GUST DIRECTION     W (270)
  AVERAGE WIND SPEED     6.3


SKY COVER
  POSSIBLE SUNSHINE  MM
  AVERAGE SKY COVER 0.4


WEATHER CONDITIONS
 THE FOLLOWING WEATHER WAS RECORDED YESTERDAY.
  HAZE


RELATIVE HUMIDITY (PERCENT)
 HIGHEST    87           400 AM
 LOWEST     30           100 PM
 AVERAGE    59

..........................................................


THE ONTARIO INTL AIRPORT CA CLIMATE NORMALS FOR TODAY
                         NORMAL    RECORD    YEAR
 MAXIMUM TEMPERATURE (F)   94       104      1998
 MINIMUM TEMPERATURE (F)   64        58      2002


SUNRISE AND SUNSET
AUGUST  4 2015........SUNRISE   604 AM PDT   SUNSET   749 PM PDT
AUGUST  5 2015........SUNRISE   605 AM PDT   SUNSET   748 PM PDT


-  INDICATES NEGATIVE NUMBERS.
R  INDICATES RECORD WAS SET OR TIED.
MM INDICATES DATA IS MISSING.
T  INDICATES TRACE AMOUNT.




$$
