000
CDUS46 KSGX 131521
CLIONT


CLIMATE REPORT
NATIONAL WEATHER SERVICE SAN DIEGO, CA
721 AM PST SAT FEB 13 2016


...................................

...THE ONTARIO INTL AIRPORT CA CLIMATE SUMMARY FOR FEBRUARY 12 2016...

CLIMATE NORMAL PERIOD 1981 TO 2010
CLIMATE RECORD PERIOD 1998 TO 2016


WEATHER ITEM   OBSERVED TIME   RECORD YEAR NORMAL DEPARTURE LAST
                VALUE   (LST)  VALUE       VALUE  FROM      YEAR
                                                  NORMAL
..................................................................
TEMPERATURE (F)
 YESTERDAY
  MAXIMUM         87R   221 PM  86    2015  65     22       86
  MINIMUM         48    703 AM  32    1999  45      3       51
  AVERAGE         68                        55     13       69

PRECIPITATION (IN)
  YESTERDAY        0.00          2.94 2001   0.14  -0.14     0.00
  MONTH TO DATE    0.00                      1.24  -1.24      T
  SINCE OCT 1      4.31                      8.72  -4.41     6.58
  SINCE JAN 1      2.19                      4.55  -2.36     0.94

DEGREE DAYS
 HEATING
  YESTERDAY        0                        10    -10        0
  MONTH TO DATE   82                       121    -39       17
  SINCE DEC 1    791                       788      3      457
  SINCE JUL 1    988                      1010    -22      527

 COOLING
  YESTERDAY        3                         0      3        4
  MONTH TO DATE   18                         0     18       11
  SINCE DEC 1     20                         5     15       26
  SINCE JAN 1     18                         3     15       24
..................................................................


WIND (MPH)
  RESULTANT WIND SPEED   1   RESULTANT WIND DIRECTION   W (270)
  HIGHEST WIND SPEED    13   HIGHEST WIND DIRECTION     W (250)
  HIGHEST GUST SPEED    16   HIGHEST GUST DIRECTION     W (250)
  AVERAGE WIND SPEED     3.7


SKY COVER
  POSSIBLE SUNSHINE  MM
  AVERAGE SKY COVER 0.3


WEATHER CONDITIONS
 THE FOLLOWING WEATHER WAS RECORDED YESTERDAY.
  HAZE


RELATIVE HUMIDITY (PERCENT)
 HIGHEST    50           500 AM
 LOWEST      9           200 PM
 AVERAGE    30

..........................................................


THE ONTARIO INTL AIRPORT CA CLIMATE NORMALS FOR TODAY
                         NORMAL    RECORD    YEAR
 MAXIMUM TEMPERATURE (F)   65        87      2006
 MINIMUM TEMPERATURE (F)   45        36      2013


SUNRISE AND SUNSET
FEBRUARY 13 2016......SUNRISE   638 AM PST   SUNSET   532 PM PST
FEBRUARY 14 2016......SUNRISE   637 AM PST   SUNSET   533 PM PST


-  INDICATES NEGATIVE NUMBERS.
R  INDICATES RECORD WAS SET OR TIED.
MM INDICATES DATA IS MISSING.
T  INDICATES TRACE AMOUNT.




$$
