000
CDUS43 KLOT 080633
CLIORD


CLIMATE REPORT
NATIONAL WEATHER SERVICE CHICAGO IL
1232 AM CST MON FEB 8 2016


...................................

...THE CHICAGO-OHARE CLIMATE SUMMARY FOR FEBRUARY 7 2016...

CLIMATE NORMAL PERIOD 1981 TO 2010
CLIMATE RECORD PERIOD 1871 TO 2016


WEATHER ITEM   OBSERVED TIME   RECORD YEAR NORMAL DEPARTURE LAST
                VALUE   (LST)  VALUE       VALUE  FROM      YEAR
                                                  NORMAL
..................................................................
TEMPERATURE (F)
 YESTERDAY
  MAXIMUM         43    341 PM  59    1925  33     10       41
  MINIMUM         32   1159 PM -10    1875  18     14       18
  AVERAGE         38                        25     13       30

PRECIPITATION (IN)
  YESTERDAY        0.00          1.34 1881   0.06  -0.06     0.00
  MONTH TO DATE    0.81                      0.36   0.45     1.03
  SINCE DEC 1      6.52                      4.34   2.18     3.23
  SINCE JAN 1      1.65                      2.09  -0.44     2.44

SNOWFALL (IN)
  YESTERDAY        0.0           8.6  1933   0.4   -0.4      0.0
  MONTH TO DATE    T                         2.5   -2.5     19.9
  SINCE DEC 1     10.8                      21.8  -11.0     33.8
  SINCE JUL 1     22.0                      23.2   -1.2     36.7
  SNOW DEPTH       0

DEGREE DAYS
 HEATING
  YESTERDAY       27                        40    -13       35
  MONTH TO DATE  222                       281    -59      329
  SINCE DEC 1   2261                      2715   -454     2661
  SINCE JUL 1   3234                      3971   -737     4104

 COOLING
  YESTERDAY        0                         0      0        0
  MONTH TO DATE    0                         0      0        0
  SINCE DEC 1      0                         0      0        0
  SINCE JAN 1      0                         0      0        0
..................................................................


WIND (MPH)
  HIGHEST WIND SPEED    22   HIGHEST WIND DIRECTION     W (250)
  HIGHEST GUST SPEED    29   HIGHEST GUST DIRECTION     W (250)
  AVERAGE WIND SPEED    13.0


SKY COVER
  POSSIBLE SUNSHINE  MM
  AVERAGE SKY COVER 0.6


WEATHER CONDITIONS
 THE FOLLOWING WEATHER WAS RECORDED YESTERDAY.
  NO SIGNIFICANT WEATHER WAS OBSERVED.


RELATIVE HUMIDITY (PERCENT)
 HIGHEST    82          1200 AM
 LOWEST     60          1100 AM
 AVERAGE    71

..........................................................


THE CHICAGO-OHARE CLIMATE NORMALS FOR TODAY
                         NORMAL    RECORD    YEAR
 MAXIMUM TEMPERATURE (F)   33        62      1925
                                             1900
 MINIMUM TEMPERATURE (F)   18       -17      1899


SUNRISE AND SUNSET
FEBRUARY  8 2016......SUNRISE   657 AM CST   SUNSET   515 PM CST
FEBRUARY  9 2016......SUNRISE   656 AM CST   SUNSET   516 PM CST


-  INDICATES NEGATIVE NUMBERS.
R  INDICATES RECORD WAS SET OR TIED.
MM INDICATES DATA IS MISSING.
T  INDICATES TRACE AMOUNT.




$$
