000
CDUS41 KAKQ 120627
CLIORF


CLIMATE REPORT
NATIONAL WEATHER SERVICE WAKEFIELD, VA
127 AM EST FRI FEB 12 2016


...................................

...THE NORFOLK VA CLIMATE SUMMARY FOR FEBRUARY 11 2016...

CLIMATE NORMAL PERIOD 1981 TO 2010
CLIMATE RECORD PERIOD 1871 TO 2016


WEATHER ITEM   OBSERVED TIME   RECORD YEAR NORMAL DEPARTURE LAST
                VALUE   (LST)  VALUE       VALUE  FROM      YEAR
                                                  NORMAL
..................................................................
TEMPERATURE (F)
 YESTERDAY
  MAXIMUM         35    452 PM  80    1932  50    -15       38
  MINIMUM         25    807 AM   8    1899  34     -9       27
  AVERAGE         30                        42    -12       33

PRECIPITATION (IN)
  YESTERDAY        0.00          2.50 1983   0.11  -0.11      T
  MONTH TO DATE    4.20                      1.20   3.00     0.65
  SINCE DEC 1     12.19                      7.86   4.33     7.99
  SINCE JAN 1      8.82                      4.60   4.22     4.29

SNOWFALL (IN)
  YESTERDAY        0.0           5.6  1904   0.1   -0.1
  MONTH TO DATE    0.2                       0.9   -0.7
  SINCE NOV 1      3.0                       4.5   -1.5
  SINCE JUL 1      3.0                       4.5   -1.5
  SNOW DEPTH       0

DEGREE DAYS
 HEATING
  YESTERDAY       35                        23     12       32
  MONTH TO DATE  227                       260    -33      278
  SINCE DEC 1   1215                      1672   -457     1649
  SINCE JUL 1   1554                      2202   -648     2212

 COOLING
  YESTERDAY        0                         0      0        0
  MONTH TO DATE    0                         0      0        0
  SINCE DEC 1     29                         1     28        0
  SINCE JAN 1      0                         0      0        0
..................................................................


WIND (MPH)
  HIGHEST WIND SPEED    16   HIGHEST WIND DIRECTION     W (290)
  HIGHEST GUST SPEED    25   HIGHEST GUST DIRECTION    NW (310)
  AVERAGE WIND SPEED     8.1


SKY COVER
  POSSIBLE SUNSHINE  MM
  AVERAGE SKY COVER 0.0


WEATHER CONDITIONS
 THE FOLLOWING WEATHER WAS RECORDED YESTERDAY.
  NO SIGNIFICANT WEATHER WAS OBSERVED.


RELATIVE HUMIDITY (PERCENT)
 HIGHEST    46           700 AM
 LOWEST     26           100 PM
 AVERAGE    36

..........................................................


THE NORFOLK VA CLIMATE NORMALS FOR TODAY
                         NORMAL    RECORD    YEAR
 MAXIMUM TEMPERATURE (F)   50        78      1965
 MINIMUM TEMPERATURE (F)   34        14      1899


SUNRISE AND SUNSET
FEBRUARY 12 2016......SUNRISE   657 AM EST   SUNSET   541 PM EST
FEBRUARY 13 2016......SUNRISE   656 AM EST   SUNSET   542 PM EST


-  INDICATES NEGATIVE NUMBERS.
R  INDICATES RECORD WAS SET OR TIED.
MM INDICATES DATA IS MISSING.
T  INDICATES TRACE AMOUNT.




$$
