000
CDUS41 KAKQ 240635
CLIORF


CLIMATE REPORT
NATIONAL WEATHER SERVICE WAKEFIELD, VA
134 AM EST TUE JAN 24 2017


...................................

...THE NORFOLK VA CLIMATE SUMMARY FOR JANUARY 23 2017...

CLIMATE NORMAL PERIOD 1981 TO 2010
CLIMATE RECORD PERIOD 1871 TO 2017


WEATHER ITEM   OBSERVED TIME   RECORD YEAR NORMAL DEPARTURE LAST
                VALUE   (LST)  VALUE       VALUE  FROM      YEAR
                                                  NORMAL
..................................................................
TEMPERATURE (F)
 YESTERDAY
  MAXIMUM         67    118 PM  76    1999  48     19       48
                                      1967
  MINIMUM         45   1159 PM  10    1936  33     12       30
  AVERAGE         56                        40     16       39

PRECIPITATION (IN)
  YESTERDAY        0.46          1.64 1935   0.11   0.35     1.49
  MONTH TO DATE    4.36                      2.53   1.83     4.59
  SINCE DEC 1      6.90                      5.79   1.11     7.96
  SINCE JAN 1      4.36                      2.53   1.83     4.59

SNOWFALL (IN)
  YESTERDAY        0.0           1.2  2016   0.1   -0.1
  MONTH TO DATE    5.3                       1.9    3.4
  SINCE NOV 1      5.3                       3.1    2.2
  SINCE JUL 1      5.3                       3.1    2.2
  SNOW DEPTH       0

DEGREE DAYS
 HEATING
  YESTERDAY        9                        25    -16       26
  MONTH TO DATE  456                       570   -114      557
  SINCE DEC 1   1063                      1219   -156      812
  SINCE JUL 1   1526                      1749   -223     1151

 COOLING
  YESTERDAY        0                         0      0        0
  MONTH TO DATE    0                         0      0        0
  SINCE DEC 1      0                         1     -1       29
  SINCE JAN 1      0                         0      0        0
..................................................................


WIND (MPH)
  HIGHEST WIND SPEED    21   HIGHEST WIND DIRECTION     E (100)
  HIGHEST GUST SPEED    30   HIGHEST GUST DIRECTION     E (100)
  AVERAGE WIND SPEED    10.7


SKY COVER
  POSSIBLE SUNSHINE  MM
  AVERAGE SKY COVER 0.9


WEATHER CONDITIONS
 THE FOLLOWING WEATHER WAS RECORDED YESTERDAY.
  HEAVY RAIN
  RAIN
  LIGHT RAIN
  FOG
  FOG W/VISIBILITY <= 1/4 MILE


RELATIVE HUMIDITY (PERCENT)
 HIGHEST   100          1200 AM
 LOWEST     73           100 PM
 AVERAGE    87

..........................................................


THE NORFOLK VA CLIMATE NORMALS FOR TODAY
                         NORMAL    RECORD    YEAR
 MAXIMUM TEMPERATURE (F)   48        77      1967
 MINIMUM TEMPERATURE (F)   33        14      1936


SUNRISE AND SUNSET
JANUARY 24 2017.......SUNRISE   713 AM EST   SUNSET   522 PM EST
JANUARY 25 2017.......SUNRISE   712 AM EST   SUNSET   523 PM EST


-  INDICATES NEGATIVE NUMBERS.
R  INDICATES RECORD WAS SET OR TIED.
MM INDICATES DATA IS MISSING.
T  INDICATES TRACE AMOUNT.




$$
