000
CDUS41 KAKQ 032128
CLIORF


CLIMATE REPORT
NATIONAL WEATHER SERVICE WAKEFIELD, VA
528 PM EDT MON AUG 3 2015


...................................

...THE NORFOLK VA CLIMATE SUMMARY FOR AUGUST 3 2015...
VALID TODAY AS OF 0500 PM LOCAL TIME.

CLIMATE NORMAL PERIOD 1981 TO 2010
CLIMATE RECORD PERIOD 1871 TO 2015


WEATHER ITEM   OBSERVED TIME   RECORD YEAR NORMAL DEPARTURE LAST
                VALUE   (LST)  VALUE       VALUE  FROM      YEAR
                                                  NORMAL
..................................................................
TEMPERATURE (F)
 TODAY
  MAXIMUM         92    210 PM 102    2006  87      5       78
  MINIMUM         73    319 AM  56    1959  72      1       72
  AVERAGE         83

PRECIPITATION (IN)
  TODAY            0.00          2.06 1973   0.19  -0.19     0.12
  MONTH TO DATE    0.00                      0.56  -0.56     1.52
  SINCE JUN 1     16.27                      9.96   6.31    11.30
  SINCE JAN 1     31.27                     26.98   4.29    30.92

SNOWFALL (IN)
  TODAY            0.0
  MONTH TO DATE    0.0
  SINCE NOV 1     12.7
  SINCE JUL 1      0.0
  SNOW DEPTH       0

DEGREE DAYS
 HEATING
  TODAY            0                         0      0        0
  MONTH TO DATE    0                         0      0        0
  SINCE JUN 1      0                         6     -6        3
  SINCE JUL 1      0                         0      0        0

 COOLING
  TODAY           18                        14      4       10
  MONTH TO DATE   49                        42      7       27
  SINCE JUN 1    953                       811    142      817
  SINCE JAN 1   1189                       977    212     1019
..................................................................


WIND (MPH)
  RESULTANT WIND SPEED   9   RESULTANT WIND DIRECTION  SW (210)
  HIGHEST WIND SPEED    18   HIGHEST WIND DIRECTION    SW (210)
  HIGHEST GUST SPEED    25   HIGHEST GUST DIRECTION     S (200)


SKY COVER
  POSSIBLE SUNSHINE  MM
  AVERAGE SKY COVER 0.1


WEATHER CONDITIONS
 THE FOLLOWING WEATHER WAS RECORDED TODAY.
  NO SIGNIFICANT WEATHER WAS OBSERVED.


RELATIVE HUMIDITY (PERCENT)
 HIGHEST    94
 LOWEST     44
 AVERAGE    69

..........................................................


THE NORFOLK VA CLIMATE NORMALS FOR TOMORROW
                         NORMAL    RECORD    YEAR
 MAXIMUM TEMPERATURE (F)   87        99      1980
 MINIMUM TEMPERATURE (F)   72        58      1912


SUNRISE AND SUNSET
AUGUST  3 2015........SUNRISE   612 AM EDT   SUNSET   810 PM EDT
AUGUST  4 2015........SUNRISE   612 AM EDT   SUNSET   809 PM EDT


-  INDICATES NEGATIVE NUMBERS.
R  INDICATES RECORD WAS SET OR TIED.
MM INDICATES DATA IS MISSING.
T  INDICATES TRACE AMOUNT.




$$
