000
CDUS41 KAKQ 222235
CLIORF


CLIMATE REPORT
NATIONAL WEATHER SERVICE WAKEFIELD, VA
535 PM EST MON DEC 22 2014


...................................

...THE NORFOLK VA CLIMATE SUMMARY FOR DECEMBER 22 2014...
VALID TODAY AS OF 0500 PM LOCAL TIME.

CLIMATE NORMAL PERIOD 1981 TO 2010
CLIMATE RECORD PERIOD 1871 TO 2014


WEATHER ITEM   OBSERVED TIME   RECORD YEAR NORMAL DEPARTURE LAST
                VALUE   (LST)  VALUE       VALUE  FROM      YEAR
                                                  NORMAL
..................................................................
TEMPERATURE (F)
 TODAY
  MAXIMUM         48    359 PM  81    2013  50     -2       81
  MINIMUM         40    626 AM  12    1989  35      5       59
  AVERAGE         44

PRECIPITATION (IN)
  TODAY            0.83          1.13 1920   0.11   0.72     0.01
  MONTH TO DATE    1.57                      2.34  -0.77     2.86
  SINCE DEC 1      1.57                      2.34  -0.77     2.86
  SINCE JAN 1     48.16                     45.61   2.55    43.76

SNOWFALL (IN)
  TODAY            0.0
  MONTH TO DATE    0.0
  SINCE NOV 1      0.0
  SINCE JUL 1      0.0
  SNOW DEPTH       0

DEGREE DAYS
 HEATING
  TODAY           21                        23     -2        0
  MONTH TO DATE  437                       439     -2      381
  SINCE DEC 1    437                       439     -2      381
  SINCE JUL 1   1000                       969     31      912

 COOLING
  TODAY            0                         0      0        5
  MONTH TO DATE    0                         0      0        5
  SINCE DEC 1      0                         0      0        5
  SINCE JAN 1   1724                      1628     96     1759
..................................................................


WIND (MPH)
  RESULTANT WIND SPEED  14   RESULTANT WIND DIRECTION  NE (40)
  HIGHEST WIND SPEED    22   HIGHEST WIND DIRECTION    NE (30)
  HIGHEST GUST SPEED    25   HIGHEST GUST DIRECTION    NE (40)


SKY COVER
  POSSIBLE SUNSHINE  MM
  AVERAGE SKY COVER 0.9


WEATHER CONDITIONS
 THE FOLLOWING WEATHER WAS RECORDED TODAY.
  HEAVY RAIN
  RAIN
  LIGHT RAIN


RELATIVE HUMIDITY (PERCENT)
 HIGHEST    93
 LOWEST     70
 AVERAGE    82

..........................................................


THE NORFOLK VA CLIMATE NORMALS FOR TOMORROW
                         NORMAL    RECORD    YEAR
 MAXIMUM TEMPERATURE (F)   50        77      1990
 MINIMUM TEMPERATURE (F)   34        16      1960


SUNRISE AND SUNSET
DECEMBER 22 2014......SUNRISE   714 AM EST   SUNSET   452 PM EST
DECEMBER 23 2014......SUNRISE   715 AM EST   SUNSET   453 PM EST


-  INDICATES NEGATIVE NUMBERS.
R  INDICATES RECORD WAS SET OR TIED.
MM INDICATES DATA IS MISSING.
T  INDICATES TRACE AMOUNT.




$$
