000
CDUS41 KAKQ 260827
CLIORF


CLIMATE REPORT
NATIONAL WEATHER SERVICE WAKEFIELD, VA
327 AM EST MON JAN 26 2015


...................................

...THE NORFOLK VA CLIMATE SUMMARY FOR JANUARY 25 2015...

CLIMATE NORMAL PERIOD 1981 TO 2010
CLIMATE RECORD PERIOD 1871 TO 2015


WEATHER ITEM   OBSERVED TIME   RECORD YEAR NORMAL DEPARTURE LAST
                VALUE   (LST)  VALUE       VALUE  FROM      YEAR
                                                  NORMAL
..................................................................
TEMPERATURE (F)
 YESTERDAY
  MAXIMUM         52    303 PM  77    1950  48      4       37
  MINIMUM         34    702 AM  14    1935  33      1       17
  AVERAGE         43                        40      3       27

PRECIPITATION (IN)
  YESTERDAY        0.00          1.34 2010   0.10  -0.10     0.00
  MONTH TO DATE    3.51                      2.74   0.77     2.46
  SINCE DEC 1      7.21                      6.00   1.21     7.21
  SINCE JAN 1      3.51                      2.74   0.77     2.46

SNOWFALL (IN)
  YESTERDAY        0.0           5.5  1926   0.0    0.0
  MONTH TO DATE    T                         2.0   -2.0
  SINCE NOV 1      T                         3.2   -3.2
  SINCE JUL 1      T                         3.2   -3.2
  SNOW DEPTH       0

DEGREE DAYS
 HEATING
  YESTERDAY       22                        25     -3       38
  MONTH TO DATE  603                       620    -17      651
  SINCE DEC 1   1196                      1269    -73     1222
  SINCE JUL 1   1759                      1799    -40     1753

 COOLING
  YESTERDAY        0                         0      0        0
  MONTH TO DATE    0                         0      0        0
  SINCE DEC 1      0                         1     -1        5
  SINCE JAN 1      0                         0      0        0
..................................................................


WIND (MPH)
  HIGHEST WIND SPEED    12   HIGHEST WIND DIRECTION     W (260)
  HIGHEST GUST SPEED    17   HIGHEST GUST DIRECTION     W (260)
  AVERAGE WIND SPEED     6.5


SKY COVER
  POSSIBLE SUNSHINE  MM
  AVERAGE SKY COVER 0.0


WEATHER CONDITIONS
 THE FOLLOWING WEATHER WAS RECORDED YESTERDAY.
  NO SIGNIFICANT WEATHER WAS OBSERVED.


RELATIVE HUMIDITY (PERCENT)
 HIGHEST    76          1100 PM
 LOWEST     39           100 PM
 AVERAGE    58

..........................................................


THE NORFOLK VA CLIMATE NORMALS FOR TODAY
                         NORMAL    RECORD    YEAR
 MAXIMUM TEMPERATURE (F)   48        77      1950
 MINIMUM TEMPERATURE (F)   33        12      1905


SUNRISE AND SUNSET
JANUARY 26 2015.......SUNRISE   712 AM EST   SUNSET   523 PM EST
JANUARY 27 2015.......SUNRISE   711 AM EST   SUNSET   524 PM EST


-  INDICATES NEGATIVE NUMBERS.
R  INDICATES RECORD WAS SET OR TIED.
MM INDICATES DATA IS MISSING.
T  INDICATES TRACE AMOUNT.




$$
