000
CDUS41 KAKQ 210827
CLIORF


CLIMATE REPORT
NATIONAL WEATHER SERVICE WAKEFIELD, VA
427 AM EDT TUE OCT 21 2014


...................................

...THE NORFOLK VA CLIMATE SUMMARY FOR OCTOBER 20 2014...

CLIMATE NORMAL PERIOD 1981 TO 2010
CLIMATE RECORD PERIOD 1871 TO 2014


WEATHER ITEM   OBSERVED TIME   RECORD YEAR NORMAL DEPARTURE LAST
                VALUE   (LST)  VALUE       VALUE  FROM      YEAR
                                                  NORMAL
..................................................................
TEMPERATURE (F)
 YESTERDAY
  MAXIMUM         69    300 PM  87    1984  69      0       65
  MINIMUM         43    605 AM  34    1981  52     -9       47
  AVERAGE         56                        61     -5       56

PRECIPITATION (IN)
  YESTERDAY        0.00          2.51 1944   0.11  -0.11     0.00
  MONTH TO DATE    0.90                      2.22  -1.32     4.13
  SINCE SEP 1     10.07                      6.98   3.09     5.06
  SINCE JAN 1     42.48                     38.92   3.56    38.33

SNOWFALL (IN)
  YESTERDAY        0.0           0.0  2002   0.0    0.0
                                      2001
  MONTH TO DATE    0.0                       0.0    0.0
  SINCE NOV 1     15.5                       5.8    9.7
  SINCE JUL 1      0.0                       0.0    0.0
  SNOW DEPTH       0

DEGREE DAYS
 HEATING
  YESTERDAY        9                         6      3        9
  MONTH TO DATE   34                        69    -35       18
  SINCE SEP 1     34                        80    -46       26
  SINCE JUL 1     34                        80    -46       26

 COOLING
  YESTERDAY        0                         1     -1        0
  MONTH TO DATE   69                        45     24       81
  SINCE SEP 1    340                       275     65      294
  SINCE JAN 1   1713                      1610    103     1743
..................................................................


WIND (MPH)
  HIGHEST WIND SPEED    17   HIGHEST WIND DIRECTION    SW (220)
  HIGHEST GUST SPEED    22   HIGHEST GUST DIRECTION     S (200)
  AVERAGE WIND SPEED     7.6


SKY COVER
  POSSIBLE SUNSHINE  MM
  AVERAGE SKY COVER 0.0


WEATHER CONDITIONS
 THE FOLLOWING WEATHER WAS RECORDED YESTERDAY.
  NO SIGNIFICANT WEATHER WAS OBSERVED.


RELATIVE HUMIDITY (PERCENT)
 HIGHEST    89           300 AM
 LOWEST     30           300 PM
 AVERAGE    60

..........................................................


THE NORFOLK VA CLIMATE NORMALS FOR TODAY
                         NORMAL    RECORD    YEAR
 MAXIMUM TEMPERATURE (F)   69        85      1993
                                             1984
 MINIMUM TEMPERATURE (F)   52        37      1974
                                             1952


SUNRISE AND SUNSET
OCTOBER 21 2014.......SUNRISE   718 AM EDT   SUNSET   620 PM EDT
OCTOBER 22 2014.......SUNRISE   719 AM EDT   SUNSET   619 PM EDT


-  INDICATES NEGATIVE NUMBERS.
R  INDICATES RECORD WAS SET OR TIED.
MM INDICATES DATA IS MISSING.
T  INDICATES TRACE AMOUNT.




$$
