000
CDUS41 KAKQ 310832
CLIORF


CLIMATE REPORT
NATIONAL WEATHER SERVICE WAKEFIELD, VA
432 AM EDT SUN AUG 31 2014


...................................

...THE NORFOLK VA CLIMATE SUMMARY FOR AUGUST 30 2014...

CLIMATE NORMAL PERIOD 1981 TO 2010
CLIMATE RECORD PERIOD 1871 TO 2014


WEATHER ITEM   OBSERVED TIME   RECORD YEAR NORMAL DEPARTURE LAST
                VALUE   (LST)  VALUE       VALUE  FROM      YEAR
                                                  NORMAL
..................................................................
TEMPERATURE (F)
 YESTERDAY
  MAXIMUM         87    234 PM  98    1932  83      4       82
  MINIMUM         74    618 AM  49    1982  70      4       68
  AVERAGE         81                        76      5       75

PRECIPITATION (IN)
  YESTERDAY        0.00          1.57 1954   0.15  -0.15     0.00
  MONTH TO DATE    3.01                      5.37  -2.36     5.04
  SINCE JUN 1     12.79                     14.77  -1.98    15.85
  SINCE JAN 1     32.41                     31.79   0.62    33.27

SNOWFALL (IN)
  YESTERDAY        0.0           0.0  2002   0.0    0.0
                                      2001
  MONTH TO DATE    0.0                       0.0    0.0
  SINCE NOV 1     15.5                       5.8    9.7
  SINCE JUL 1      0.0                       0.0    0.0
  SNOW DEPTH       0

DEGREE DAYS
 HEATING
  YESTERDAY        0                         0      0        0
  MONTH TO DATE    0                         0      0        0
  SINCE JUN 1      3                         6     -3        0
  SINCE JUL 1      0                         0      0        0

 COOLING
  YESTERDAY       16                        11      5       10
  MONTH TO DATE  362                       390    -28      352
  SINCE JUN 1   1152                      1159     -7     1213
  SINCE JAN 1   1354                      1325     29     1434
..................................................................


WIND (MPH)
  HIGHEST WIND SPEED    14   HIGHEST WIND DIRECTION    SE (120)
  HIGHEST GUST SPEED    21   HIGHEST GUST DIRECTION    SE (150)
  AVERAGE WIND SPEED     6.8


SKY COVER
  POSSIBLE SUNSHINE  MM
  AVERAGE SKY COVER 0.6


WEATHER CONDITIONS
 THE FOLLOWING WEATHER WAS RECORDED YESTERDAY.
  NO SIGNIFICANT WEATHER WAS OBSERVED.


RELATIVE HUMIDITY (PERCENT)
 HIGHEST    88          1100 PM
 LOWEST     58          1000 AM
 AVERAGE    73

..........................................................


THE NORFOLK VA CLIMATE NORMALS FOR TODAY
                         NORMAL    RECORD    YEAR
 MAXIMUM TEMPERATURE (F)   83       100      1932
 MINIMUM TEMPERATURE (F)   69        56      1976
                                             1965


SUNRISE AND SUNSET
AUGUST 31 2014........SUNRISE   635 AM EDT   SUNSET   735 PM EDT
SEPTEMBER  1 2014.....SUNRISE   636 AM EDT   SUNSET   733 PM EDT


-  INDICATES NEGATIVE NUMBERS.
R  INDICATES RECORD WAS SET OR TIED.
MM INDICATES DATA IS MISSING.
T  INDICATES TRACE AMOUNT.




$$
