000
CDUS41 KBOX 160540
CLIORH


CLIMATE REPORT
NATIONAL WEATHER SERVICE TAUNTON MA
136 AM EDT TUE SEP 16 2014


...................................

...THE WORCESTER MA CLIMATE SUMMARY FOR SEPTEMBER 15 2014...

CLIMATE NORMAL PERIOD 1981 TO 2010
CLIMATE RECORD PERIOD 1892 TO 2014


WEATHER ITEM   OBSERVED TIME   RECORD YEAR NORMAL DEPARTURE LAST
                VALUE   (LST)  VALUE       VALUE  FROM      YEAR
                                                  NORMAL
..................................................................
TEMPERATURE (F)
 YESTERDAY
  MAXIMUM         62    205 PM  92    1915  70     -8       66
  MINIMUM         45    419 AM  35    1926  53     -8       46
  AVERAGE         54                        62     -8       56

PRECIPITATION (IN)
  YESTERDAY        0.00          2.66 1944   0.13  -0.13     0.00
  MONTH TO DATE    1.30                      1.77  -0.47     2.73
  SINCE SEP 1      1.30                      1.77  -0.47     2.73
  SINCE JAN 1     36.33                     33.13   3.20    35.75

SNOWFALL (IN)
  YESTERDAY        0.0           0.0  2002   0.0    0.0      0.0
                                      2001
                                      2000
  MONTH TO DATE    0.0                       0.0    0.0      0.0
  SINCE SEP 1      0.0                       0.0    0.0      0.0
  SINCE JUL 1      0.0                       0.0    0.0      0.0
  SNOW DEPTH      MM

DEGREE DAYS
 HEATING
  YESTERDAY       11                         5      6        9
  MONTH TO DATE   50                        46      4       48
  SINCE SEP 1     50                        46      4       48
  SINCE JUL 1     70                        85    -15       67

 COOLING
  YESTERDAY        0                         1     -1        0
  MONTH TO DATE   52                        31     21       40
  SINCE SEP 1     52                        31     21       40
  SINCE JAN 1    414                       457    -43      571
..................................................................


WIND (MPH)
  RESULTANT WIND SPEED   2   RESULTANT WIND DIRECTION   N (360)
  HIGHEST WIND SPEED    12   HIGHEST WIND DIRECTION     W (290)
  HIGHEST GUST SPEED    13   HIGHEST GUST DIRECTION     W (280)
  AVERAGE WIND SPEED     4.0


SKY COVER
  POSSIBLE SUNSHINE  MM
  AVERAGE SKY COVER 0.4


WEATHER CONDITIONS
 THE FOLLOWING WEATHER WAS RECORDED YESTERDAY.
  NO SIGNIFICANT WEATHER WAS OBSERVED.


RELATIVE HUMIDITY (PERCENT)
 HIGHEST    83           400 AM
 LOWEST     46           200 PM
 AVERAGE    65

..........................................................


THE WORCESTER MA CLIMATE NORMALS FOR TODAY
                         NORMAL    RECORD    YEAR
 MAXIMUM TEMPERATURE (F)   70        92      1939
                                             1915
 MINIMUM TEMPERATURE (F)   53        36      1899


SUNRISE AND SUNSET
SEPTEMBER 16 2014.....SUNRISE   628 AM EDT   SUNSET   655 PM EDT
SEPTEMBER 17 2014.....SUNRISE   629 AM EDT   SUNSET   654 PM EDT


-  INDICATES NEGATIVE NUMBERS.
R  INDICATES RECORD WAS SET OR TIED.
MM INDICATES DATA IS MISSING.
T  INDICATES TRACE AMOUNT.




$$
