000
CDUS41 KBOX 310546
CLIORH


CLIMATE REPORT
NATIONAL WEATHER SERVICE TAUNTON MA
136 AM EDT THU JUL 31 2014


...................................

...THE WORCESTER MA CLIMATE SUMMARY FOR JULY 30 2014...

CLIMATE NORMAL PERIOD 1981 TO 2010
CLIMATE RECORD PERIOD 1892 TO 2014


WEATHER ITEM   OBSERVED TIME   RECORD YEAR NORMAL DEPARTURE LAST
                VALUE   (LST)  VALUE       VALUE  FROM      YEAR
                                                  NORMAL
..................................................................
TEMPERATURE (F)
 YESTERDAY
  MAXIMUM         74    348 PM  95    1949  79     -5       78
  MINIMUM         57    126 AM  48    1932  62     -5       60
                                      1928
  AVERAGE         66                        70     -4       69

PRECIPITATION (IN)
  YESTERDAY        0.00          2.32 1960   0.14  -0.14     0.00
  MONTH TO DATE    6.28                      4.08   2.20     2.97
  SINCE JUN 1      7.84                      8.27  -0.43    13.03
  SINCE JAN 1     29.03                     27.50   1.53    29.84

SNOWFALL (IN)
  YESTERDAY        0.0           0.0  2002   0.0    0.0      0.0
                                      2001
                                      2000
  MONTH TO DATE    0.0                       0.0    0.0      0.0
  SINCE JUN 1      0.0                       0.0    0.0      0.0
  SINCE JUL 1      0.0                       0.0    0.0      0.0
  SNOW DEPTH      MM

DEGREE DAYS
 HEATING
  YESTERDAY        0                         0      0        0
  MONTH TO DATE    0                         9     -9        7
  SINCE JUN 1     45                        92    -47       74
  SINCE JUL 1      0                         9     -9        7

 COOLING
  YESTERDAY        1                         6     -5        4
  MONTH TO DATE  172                       171      1      294
  SINCE JUN 1    256                       255      1      397
  SINCE JAN 1    264                       277    -13      421
..................................................................


WIND (MPH)
  RESULTANT WIND SPEED   5   RESULTANT WIND DIRECTION   W (260)
  HIGHEST WIND SPEED    12   HIGHEST WIND DIRECTION    SW (240)
  HIGHEST GUST SPEED    14   HIGHEST GUST DIRECTION     W (270)
  AVERAGE WIND SPEED     5.6


SKY COVER
  POSSIBLE SUNSHINE  MM
  AVERAGE SKY COVER 0.4


WEATHER CONDITIONS
 THE FOLLOWING WEATHER WAS RECORDED YESTERDAY.
  NO SIGNIFICANT WEATHER WAS OBSERVED.


RELATIVE HUMIDITY (PERCENT)
 HIGHEST    80           100 AM
 LOWEST     38           200 PM
 AVERAGE    59

..........................................................


THE WORCESTER MA CLIMATE NORMALS FOR TODAY
                         NORMAL    RECORD    YEAR
 MAXIMUM TEMPERATURE (F)   79        95      1917
 MINIMUM TEMPERATURE (F)   62        45      1932


SUNRISE AND SUNSET
JULY 31 2014..........SUNRISE   539 AM EDT   SUNSET   808 PM EDT
AUGUST  1 2014........SUNRISE   540 AM EDT   SUNSET   807 PM EDT


-  INDICATES NEGATIVE NUMBERS.
R  INDICATES RECORD WAS SET OR TIED.
MM INDICATES DATA IS MISSING.
T  INDICATES TRACE AMOUNT.




$$
