000
CDUS41 KBOX 230531
CLIORH


CLIMATE REPORT
NATIONAL WEATHER SERVICE TAUNTON MA
131 AM EDT SAT AUG 23 2014


...................................

...THE WORCESTER MA CLIMATE SUMMARY FOR AUGUST 22 2014...

CLIMATE NORMAL PERIOD 1981 TO 2010
CLIMATE RECORD PERIOD 1892 TO 2014


WEATHER ITEM   OBSERVED TIME   RECORD YEAR NORMAL DEPARTURE LAST
                VALUE   (LST)  VALUE       VALUE  FROM      YEAR
                                                  NORMAL
..................................................................
TEMPERATURE (F)
 YESTERDAY
  MAXIMUM         68    225 PM  93    1916  77     -9       80
  MINIMUM         58    718 AM  42    1894  60     -2       63
  AVERAGE         63                        68     -5       72

PRECIPITATION (IN)
  YESTERDAY        T             2.76 1935   0.11  -0.11     0.00
  MONTH TO DATE    2.27                      2.73  -0.46     2.86
  SINCE JUN 1     10.11                     11.15  -1.04    15.89
  SINCE JAN 1     31.30                     30.38   0.92    32.70

SNOWFALL (IN)
  YESTERDAY        0.0           0.0  2002   0.0    0.0      0.0
                                      2001
                                      2000
  MONTH TO DATE    0.0                       0.0    0.0      0.0
  SINCE JUN 1      0.0                       0.0    0.0      0.0
  SINCE JUL 1      0.0                       0.0    0.0      0.0
  SNOW DEPTH      MM

DEGREE DAYS
 HEATING
  YESTERDAY        2                         1      1        0
  MONTH TO DATE   14                        13      1        9
  SINCE JUN 1     59                       110    -51       83
  SINCE JUL 1     14                        27    -13       16

 COOLING
  YESTERDAY        0                         4     -4        7
  MONTH TO DATE   60                       112    -52       65
  SINCE JUN 1    318                       371    -53      466
  SINCE JAN 1    326                       393    -67      490
..................................................................


WIND (MPH)
  RESULTANT WIND SPEED   6   RESULTANT WIND DIRECTION  NE (60)
  HIGHEST WIND SPEED    12   HIGHEST WIND DIRECTION     E (90)
  HIGHEST GUST SPEED    16   HIGHEST GUST DIRECTION     E (90)
  AVERAGE WIND SPEED     6.6


SKY COVER
  POSSIBLE SUNSHINE  MM
  AVERAGE SKY COVER 1.0


WEATHER CONDITIONS
 THE FOLLOWING WEATHER WAS RECORDED YESTERDAY.
  FOG
  FOG W/VISIBILITY <= 1/4 MILE


RELATIVE HUMIDITY (PERCENT)
 HIGHEST   100           100 AM
 LOWEST     73           400 PM
 AVERAGE    87

..........................................................


THE WORCESTER MA CLIMATE NORMALS FOR TODAY
                         NORMAL    RECORD    YEAR
 MAXIMUM TEMPERATURE (F)   77        94      1916
 MINIMUM TEMPERATURE (F)   60        44      1925


SUNRISE AND SUNSET
AUGUST 23 2014........SUNRISE   603 AM EDT   SUNSET   736 PM EDT
AUGUST 24 2014........SUNRISE   604 AM EDT   SUNSET   735 PM EDT


-  INDICATES NEGATIVE NUMBERS.
R  INDICATES RECORD WAS SET OR TIED.
MM INDICATES DATA IS MISSING.
T  INDICATES TRACE AMOUNT.




$$
