870
CDUS46 KMFR 240835
CLIOTH


CLIMATE REPORT
NATIONAL WEATHER SERVICE MEDFORD, OR
135 AM PDT TUE MAY 24 2016


...................................

...THE NORTH BEND OR CLIMATE SUMMARY FOR MAY 23 2016...

CLIMATE NORMAL PERIOD 1981 TO 2010
CLIMATE RECORD PERIOD 1902 TO 2016


WEATHER ITEM   OBSERVED TIME   RECORD YEAR NORMAL DEPARTURE LAST
                VALUE   (LST)  VALUE       VALUE  FROM      YEAR
                                                  NORMAL
..................................................................
TEMPERATURE (F)
 YESTERDAY
  MAXIMUM         61        MM  75    1999  60      1       61
  MINIMUM         52        MM  38    1919  48      4       52
                                      1991
  AVERAGE         57                        54      3       57

PRECIPITATION (IN)
  YESTERDAY        0.13          0.93 1989   0.11   0.02     0.00
  MONTH TO DATE    0.60                      2.55  -1.95     0.09
  SINCE OCT 1     56.16                     59.42  -3.26    42.03
  SINCE JAN 1     30.53                     33.33  -2.80    18.73

SNOWFALL (IN)
  YESTERDAY       MM
  SNOW DEPTH      MM

DEGREE DAYS
 HEATING
  YESTERDAY        8                        11     -3        8
  MONTH TO DATE  193                       288    -95      230
  SINCE MAR 1    926                      1300   -374     1083
  SINCE JUL 1   3251                      4474  -1223     3187

 COOLING
  YESTERDAY        0                         0      0        0
  MONTH TO DATE    0                         0      0        0
  SINCE MAR 1      6                         0      6        0
  SINCE JAN 1      8                         0      8        0
..................................................................


WIND (MPH)
  HIGHEST WIND SPEED    13   HIGHEST WIND DIRECTION     W (250)
  HIGHEST GUST SPEED    18   HIGHEST GUST DIRECTION     W (250)
  AVERAGE WIND SPEED     5.7


SKY COVER
  POSSIBLE SUNSHINE  MM
  AVERAGE SKY COVER 0.8


WEATHER CONDITIONS
 THE FOLLOWING WEATHER WAS RECORDED YESTERDAY.
  NO SIGNIFICANT WEATHER WAS OBSERVED.


RELATIVE HUMIDITY (PERCENT)
 HIGHEST   100           400 AM
 LOWEST     78           500 PM

..........................................................


THE NORTH BEND OR CLIMATE NORMALS FOR TODAY
                         NORMAL    RECORD    YEAR
 MAXIMUM TEMPERATURE (F)   60        76      1986
 MINIMUM TEMPERATURE (F)   48        35      1926


SUNRISE AND SUNSET
MAY 24 2016...........SUNRISE   544 AM PDT   SUNSET   844 PM PDT
MAY 25 2016...........SUNRISE   543 AM PDT   SUNSET   845 PM PDT


-  INDICATES NEGATIVE NUMBERS.
R  INDICATES RECORD WAS SET OR TIED.
MM INDICATES DATA IS MISSING.
T  INDICATES TRACE AMOUNT.




$$
