000
CDUS46 KMFR 190840
CLIOTH


CLIMATE REPORT
NATIONAL WEATHER SERVICE MEDFORD, OR
140 AM PDT SAT AUG 19 2017


...................................

...THE NORTH BEND OR CLIMATE SUMMARY FOR AUGUST 18 2017...

CLIMATE NORMAL PERIOD 1981 TO 2010
CLIMATE RECORD PERIOD 1902 TO 2017


WEATHER ITEM   OBSERVED TIME   RECORD YEAR NORMAL DEPARTURE LAST
                VALUE   (LST)  VALUE       VALUE  FROM      YEAR
                                                  NORMAL
..................................................................
TEMPERATURE (F)
 YESTERDAY
  MAXIMUM         66        MM  79    1905  66      0       68
  MINIMUM         51        MM  41    1913  53     -2       52
  AVERAGE         59                        59      0       60

PRECIPITATION (IN)
  YESTERDAY        0.00          0.52 1979   0.02  -0.02     0.00
  MONTH TO DATE    0.11                      0.28  -0.17     0.00
  SINCE OCT 1     81.31                     62.99  18.32    57.85
  SINCE JAN 1     47.16                     36.90  10.26    32.22

SNOWFALL (IN)
  YESTERDAY       MM
  SNOW DEPTH      MM

DEGREE DAYS
 HEATING
  YESTERDAY        6                         6      0        5
  MONTH TO DATE   69                       108    -39       93
  SINCE JUN 1    435                       572   -137      399
  SINCE JUL 1    239                       305    -66      209

 COOLING
  YESTERDAY        0                         0      0        0
  MONTH TO DATE    3                         0      3        0
  SINCE JUN 1      3                         0      3        1
  SINCE JAN 1      3                         0      3        9
..................................................................


WIND (MPH)
  HIGHEST WIND SPEED    27   HIGHEST WIND DIRECTION     N (350)
  HIGHEST GUST SPEED    35   HIGHEST GUST DIRECTION     N (10)
  AVERAGE WIND SPEED    13.6


SKY COVER
  POSSIBLE SUNSHINE   0 PERCENT
  AVERAGE SKY COVER 0.0


WEATHER CONDITIONS
 THE FOLLOWING WEATHER WAS RECORDED YESTERDAY.
  NO SIGNIFICANT WEATHER WAS OBSERVED.


RELATIVE HUMIDITY (PERCENT)
 HIGHEST     0          1200 AM
 LOWEST      0          1200 AM

..........................................................


THE NORTH BEND OR CLIMATE NORMALS FOR TODAY
                         NORMAL    RECORD    YEAR
 MAXIMUM TEMPERATURE (F)   66        83      1939
 MINIMUM TEMPERATURE (F)   53        40      1916


SUNRISE AND SUNSET
AUGUST 19 2017........SUNRISE   627 AM PDT   SUNSET   813 PM PDT
AUGUST 20 2017........SUNRISE   628 AM PDT   SUNSET   812 PM PDT


-  INDICATES NEGATIVE NUMBERS.
R  INDICATES RECORD WAS SET OR TIED.
MM INDICATES DATA IS MISSING.
T  INDICATES TRACE AMOUNT.




$$
