000
CDUS46 KMFR 230038
CLIOTH


CLIMATE REPORT
NATIONAL WEATHER SERVICE MEDFORD, OR
538 PM PDT FRI MAY 22 2015


...................................

...THE NORTH BEND OR CLIMATE SUMMARY FOR MAY 22 2015...
VALID TODAY AS OF 0500 PM LOCAL TIME.

CLIMATE NORMAL PERIOD 1981 TO 2010
CLIMATE RECORD PERIOD 1902 TO 2015


WEATHER ITEM   OBSERVED TIME   RECORD YEAR NORMAL DEPARTURE LAST
                VALUE   (LST)  VALUE       VALUE  FROM      YEAR
                                                  NORMAL
..................................................................
TEMPERATURE (F)
 TODAY
  MAXIMUM         59        MM  80    2001  60     -1       66
                                      1941
  MINIMUM         54        MM  30    1920  48      6       52
  AVERAGE         57                        54      3       59

PRECIPITATION (IN)
  TODAY            0.00          2.23 2013   0.10  -0.10     0.00
  MONTH TO DATE    0.09                      2.44  -2.35     1.72
  SINCE OCT 1     42.03                     59.31 -17.28    26.96
  SINCE JAN 1     18.73                     33.22 -14.49    21.34

SNOWFALL (IN)
  TODAY           MM                         0.0   MM       MM
  MONTH TO DATE   MM                         0.0   MM       MM
  SINCE JUL 1     MM                         0.4   MM        0.0
  SNOW DEPTH      MM

DEGREE DAYS
 HEATING
  TODAY            8                        11     -3        6
  MONTH TO DATE  222                       277    -55      176
  SINCE MAR 1   1075                      1289   -214     1012
  SINCE JUL 1   3179                      4463  -1284     3809

 COOLING
  TODAY            0                         0      0        0
  MONTH TO DATE    0                         0      0        4
  SINCE MAR 1      0                         0      0       12
  SINCE JAN 1      0                         0      0       12
..................................................................


WIND (MPH)
  HIGHEST WIND SPEED     9   HIGHEST WIND DIRECTION     N (340)
  HIGHEST GUST SPEED    MM   HIGHEST GUST DIRECTION    MM
  AVERAGE WIND SPEED     6.4


SKY COVER
  POSSIBLE SUNSHINE  MM
  AVERAGE SKY COVER  MM


WEATHER CONDITIONS
 THE FOLLOWING WEATHER WAS RECORDED TODAY.
  NO SIGNIFICANT WEATHER WAS OBSERVED.


RELATIVE HUMIDITY (PERCENT)
 HIGHEST    MM
 LOWEST     MM

..........................................................


THE NORTH BEND OR CLIMATE NORMALS FOR TOMORROW
                         NORMAL    RECORD    YEAR
 MAXIMUM TEMPERATURE (F)   60        75      1999
 MINIMUM TEMPERATURE (F)   48        38      1919
                                             1991


SUNRISE AND SUNSET
MAY 22 2015...........SUNRISE   546 AM PDT   SUNSET   842 PM PDT
MAY 23 2015...........SUNRISE   545 AM PDT   SUNSET   843 PM PDT


-  INDICATES NEGATIVE NUMBERS.
R  INDICATES RECORD WAS SET OR TIED.
MM INDICATES DATA IS MISSING.
T  INDICATES TRACE AMOUNT.




$$
