000
CDUS46 KMFR 300835
CLIOTH


CLIMATE REPORT
NATIONAL WEATHER SERVICE MEDFORD, OR
135 AM PDT SAT APR 30 2016


...................................

...THE NORTH BEND OR CLIMATE SUMMARY FOR APRIL 29 2016...

CLIMATE NORMAL PERIOD 1981 TO 2010
CLIMATE RECORD PERIOD 1902 TO 2016


WEATHER ITEM   OBSERVED TIME   RECORD YEAR NORMAL DEPARTURE LAST
                VALUE   (LST)  VALUE       VALUE  FROM      YEAR
                                                  NORMAL
..................................................................
TEMPERATURE (F)
 YESTERDAY
  MAXIMUM         57        MM  77    2014  57      0       59
  MINIMUM         52        MM  28    1922  45      7       43
  AVERAGE         55                        51      4       51

PRECIPITATION (IN)
  YESTERDAY        0.04          0.72 1992   0.13  -0.09     0.00
  MONTH TO DATE    3.41                      5.05  -1.64     3.08
  SINCE OCT 1     55.56                     56.75  -1.19    41.94
  SINCE JAN 1     29.93                     30.66  -0.73    18.64

SNOWFALL (IN)
  YESTERDAY       MM
  SNOW DEPTH      MM

DEGREE DAYS
 HEATING
  YESTERDAY       10                        14     -4       14
  MONTH TO DATE  299                       461   -162      437
  SINCE MAR 1    722                       999   -277      840
  SINCE JUL 1   3047                      4173  -1126     2944

 COOLING
  YESTERDAY        0                         0      0        0
  MONTH TO DATE    6                         0      6        0
  SINCE MAR 1      6                         0      6        0
  SINCE JAN 1      8                         0      8        0
..................................................................


WIND (MPH)
  HIGHEST WIND SPEED    18   HIGHEST WIND DIRECTION     N (360)
  HIGHEST GUST SPEED    25   HIGHEST GUST DIRECTION     N (350)
  AVERAGE WIND SPEED     8.2


SKY COVER
  POSSIBLE SUNSHINE  MM
  AVERAGE SKY COVER 0.9


WEATHER CONDITIONS
 THE FOLLOWING WEATHER WAS RECORDED YESTERDAY.
  NO SIGNIFICANT WEATHER WAS OBSERVED.


RELATIVE HUMIDITY (PERCENT)
 HIGHEST    96           300 AM
 LOWEST     72          1200 PM

..........................................................


THE NORTH BEND OR CLIMATE NORMALS FOR TODAY
                         NORMAL    RECORD    YEAR
 MAXIMUM TEMPERATURE (F)   57        91      2014
 MINIMUM TEMPERATURE (F)   45        33      1937


SUNRISE AND SUNSET
APRIL 30 2016.........SUNRISE   610 AM PDT   SUNSET   819 PM PDT
MAY  1 2016...........SUNRISE   609 AM PDT   SUNSET   820 PM PDT


-  INDICATES NEGATIVE NUMBERS.
R  INDICATES RECORD WAS SET OR TIED.
MM INDICATES DATA IS MISSING.
T  INDICATES TRACE AMOUNT.




$$
