249
CDUS46 KMFR 230835
CLIOTH


CLIMATE REPORT
NATIONAL WEATHER SERVICE MEDFORD, OR
135 AM PDT MON OCT 23 2017


...................................

...THE NORTH BEND OR CLIMATE SUMMARY FOR OCTOBER 22 2017...

CLIMATE NORMAL PERIOD 1981 TO 2010
CLIMATE RECORD PERIOD 1902 TO 2017


WEATHER ITEM   OBSERVED TIME   RECORD YEAR NORMAL DEPARTURE LAST
                VALUE   (LST)  VALUE       VALUE  FROM      YEAR
                                                  NORMAL
..................................................................
TEMPERATURE (F)
 YESTERDAY
  MAXIMUM         64        MM  85    1922  60      4       64
  MINIMUM         52        MM  30    1928  45      7       46
  AVERAGE         58                        53      5       55

PRECIPITATION (IN)
  YESTERDAY        1.62          2.00 1931   0.18   1.44     0.02
  MONTH TO DATE    5.63                      2.79   2.84     9.06
  SINCE OCT 1      5.63                      2.79   2.84     9.06
  SINCE JAN 1     53.98                     41.61  12.37    41.64

SNOWFALL (IN)
  YESTERDAY       MM
  SNOW DEPTH      MM

DEGREE DAYS
 HEATING
  YESTERDAY        7                        12     -5       10
  MONTH TO DATE  225                       242    -17      145
  SINCE SEP 1    375                       471    -96      311
  SINCE JUL 1    682                       850   -168      599

 COOLING
  YESTERDAY        0                         0      0        0
  MONTH TO DATE    0                         0      0        0
  SINCE SEP 1      6                         1      5        0
  SINCE JAN 1      9                         2      7       15
..................................................................


WIND (MPH)
  HIGHEST WIND SPEED    27   HIGHEST WIND DIRECTION     W (250)
  HIGHEST GUST SPEED    43   HIGHEST GUST DIRECTION    SW (220)
  AVERAGE WIND SPEED    10.1


SKY COVER
  POSSIBLE SUNSHINE  MM
  AVERAGE SKY COVER 0.8


WEATHER CONDITIONS
 THE FOLLOWING WEATHER WAS RECORDED YESTERDAY.
  HEAVY RAIN
  RAIN
  LIGHT RAIN
  FOG
  FOG W/VISIBILITY <= 1/4 MILE
  HAZE


RELATIVE HUMIDITY (PERCENT)
 HIGHEST   100           800 AM
 LOWEST     78           200 PM

..........................................................


THE NORTH BEND OR CLIMATE NORMALS FOR TODAY
                         NORMAL    RECORD    YEAR
 MAXIMUM TEMPERATURE (F)   60        83      1929
 MINIMUM TEMPERATURE (F)   45        30      1918


SUNRISE AND SUNSET
OCTOBER 23 2017.......SUNRISE   741 AM PDT   SUNSET   621 PM PDT
OCTOBER 24 2017.......SUNRISE   743 AM PDT   SUNSET   619 PM PDT


-  INDICATES NEGATIVE NUMBERS.
R  INDICATES RECORD WAS SET OR TIED.
MM INDICATES DATA IS MISSING.
T  INDICATES TRACE AMOUNT.




$$
