000
CDUS46 KMFR 100036
CLIOTH


CLIMATE REPORT
NATIONAL WEATHER SERVICE MEDFORD, OR
436 PM PST TUE FEB 9 2016


...................................

...THE NORTH BEND OR CLIMATE SUMMARY FOR FEBRUARY 9 2016...
VALID TODAY AS OF 0400 PM LOCAL TIME.

CLIMATE NORMAL PERIOD 1981 TO 2010
CLIMATE RECORD PERIOD 1902 TO 2016


WEATHER ITEM   OBSERVED TIME   RECORD YEAR NORMAL DEPARTURE LAST
                VALUE   (LST)  VALUE       VALUE  FROM      YEAR
                                                  NORMAL
..................................................................
TEMPERATURE (F)
 TODAY
  MAXIMUM         72R       MM  72    1928  52     20       54
  MINIMUM         48        MM  21    1929  40      8       50
  AVERAGE         60                        46     14       52

PRECIPITATION (IN)
  TODAY            0.00          2.76 1961   0.28  -0.28     1.65
  MONTH TO DATE    0.86                      2.50  -1.64     7.23
  SINCE OCT 1     38.69                     38.78  -0.09    32.42
  SINCE JAN 1     13.06                     12.69   0.37     9.12

SNOWFALL (IN)
  TODAY           MM                         0.0   MM       MM
  MONTH TO DATE   MM                         0.1   MM       MM
  SINCE JUL 1      0.0                       0.2   -0.2     MM
  SNOW DEPTH      MM

DEGREE DAYS
 HEATING
  TODAY            5                        19    -14       13
  MONTH TO DATE  108                       171    -63       87
  SINCE DEC 1   1048                      1374   -326      956
  SINCE JUL 1   2055                      2826   -771     1832

 COOLING
  TODAY            0                         0      0        0
  MONTH TO DATE    2                         0      2        0
  SINCE DEC 1      2                         0      2        0
  SINCE JAN 1      2                         0      2        0
..................................................................


WIND (MPH)
  HIGHEST WIND SPEED    13   HIGHEST WIND DIRECTION    SW (210)
  HIGHEST GUST SPEED    20   HIGHEST GUST DIRECTION    SW (210)
  AVERAGE WIND SPEED     8.2


SKY COVER
  POSSIBLE SUNSHINE  MM
  AVERAGE SKY COVER 0.0


WEATHER CONDITIONS
 THE FOLLOWING WEATHER WAS RECORDED TODAY.
  NO SIGNIFICANT WEATHER WAS OBSERVED.


RELATIVE HUMIDITY (PERCENT)
 HIGHEST    93           800 AM
 LOWEST     37           200 PM

..........................................................


THE NORTH BEND OR CLIMATE NORMALS FOR TOMORROW
                         NORMAL    RECORD    YEAR
 MAXIMUM TEMPERATURE (F)   52        70      1934
 MINIMUM TEMPERATURE (F)   40        23      1929


SUNRISE AND SUNSET
FEBRUARY  9 2016......SUNRISE   724 AM PST   SUNSET   539 PM PST
FEBRUARY 10 2016......SUNRISE   723 AM PST   SUNSET   540 PM PST


-  INDICATES NEGATIVE NUMBERS.
R  INDICATES RECORD WAS SET OR TIED.
MM INDICATES DATA IS MISSING.
T  INDICATES TRACE AMOUNT.




$$
