000
CDUS46 KMFR 160836
CLIOTH


CLIMATE REPORT
NATIONAL WEATHER SERVICE MEDFORD, OR
1236 AM PST TUE JAN 16 2018


...................................

...THE NORTH BEND OR CLIMATE SUMMARY FOR JANUARY 15 2018...

CLIMATE NORMAL PERIOD 1981 TO 2010
CLIMATE RECORD PERIOD 1902 TO 2018


WEATHER ITEM   OBSERVED TIME   RECORD YEAR NORMAL DEPARTURE LAST
                VALUE   (LST)  VALUE       VALUE  FROM      YEAR
                                                  NORMAL
..................................................................
TEMPERATURE (F)
 YESTERDAY
  MAXIMUM         59        MM  67    1903  52      7       52
  MINIMUM         44        MM  24    1917  40      4       34
  AVERAGE         52                        46      6       43

PRECIPITATION (IN)
  YESTERDAY        0.03          2.43 1974   0.34  -0.31     0.00
  MONTH TO DATE    0.48                      5.27  -4.79     5.36
  SINCE OCT 1     19.38                     31.36 -11.98    39.51
  SINCE JAN 1      0.48                      5.27  -4.79     5.36

SNOWFALL (IN)
  YESTERDAY       MM
  SNOW DEPTH      MM

DEGREE DAYS
 HEATING
  YESTERDAY       13                        19     -6       22
  MONTH TO DATE  219                       287    -68      357
  SINCE DEC 1    744                       896   -152     1015
  SINCE JUL 1   1899                      2348   -449     2011

 COOLING
  YESTERDAY        0                         0      0        0
  MONTH TO DATE    0                         0      0        0
  SINCE DEC 1      0                         0      0        0
  SINCE JAN 1      0                         0      0        0
..................................................................


WIND (MPH)
  HIGHEST WIND SPEED    18   HIGHEST WIND DIRECTION    SW (240)
  HIGHEST GUST SPEED    36   HIGHEST GUST DIRECTION    SW (220)
  AVERAGE WIND SPEED     6.4


SKY COVER
  POSSIBLE SUNSHINE   0 PERCENT
  AVERAGE SKY COVER 0.0


WEATHER CONDITIONS
 THE FOLLOWING WEATHER WAS RECORDED YESTERDAY.
  LIGHT RAIN


RELATIVE HUMIDITY (PERCENT)
 HIGHEST     0          1200 AM
 LOWEST      0          1200 AM

..........................................................


THE NORTH BEND OR CLIMATE NORMALS FOR TODAY
                         NORMAL    RECORD    YEAR
 MAXIMUM TEMPERATURE (F)   52        69      1985
                                             1944
 MINIMUM TEMPERATURE (F)   40        23      1917


SUNRISE AND SUNSET
JANUARY 16 2018.......SUNRISE   746 AM PST   SUNSET   508 PM PST
JANUARY 17 2018.......SUNRISE   745 AM PST   SUNSET   509 PM PST


-  INDICATES NEGATIVE NUMBERS.
R  INDICATES RECORD WAS SET OR TIED.
MM INDICATES DATA IS MISSING.
T  INDICATES TRACE AMOUNT.




$$
