000
CDUS43 KDMX 010644 RRA
CLIOTM

CLIMATE REPORT
NATIONAL WEATHER SERVICE DES MOINES IA
142 AM CDT MON JUN 1 2015


...................................

...THE OTTUMWA IA CLIMATE SUMMARY FOR MAY 31 2015...

CLIMATE NORMAL PERIOD 1981 TO 2010
CLIMATE RECORD PERIOD 1920 TO 2015


WEATHER ITEM   OBSERVED TIME   RECORD YEAR NORMAL DEPARTURE LAST
                VALUE   (LST)  VALUE       VALUE  FROM      YEAR
                                                  NORMAL
..................................................................
TEMPERATURE (F)
 YESTERDAY
  MAXIMUM         68    535 PM 103    1934  77     -9       87
  MINIMUM         47    538 AM  40    1930  56     -9       68
  AVERAGE         58                        66     -8       78

PRECIPITATION (IN)
  YESTERDAY        0.00          2.00 1987   0.17  -0.17     0.01
  MONTH TO DATE    4.75                      4.71   0.04     4.20
  SINCE MAR 1      7.75                     10.35  -2.60    10.30
  SINCE JAN 1      8.91                     12.53  -3.62    13.11

DEGREE DAYS
 HEATING
  YESTERDAY        7                         2      5        0
  MONTH TO DATE  122                       166    -44      159
  SINCE MAR 1   1238                      1411   -173     1585
  SINCE JUL 1   6369                      6296     73     7098

 COOLING
  YESTERDAY        0                         3     -3       13
  MONTH TO DATE   60                        53      7      103
  SINCE MAR 1     61                        64     -3      111
  SINCE JAN 1     61                        64     -3      111
..................................................................


WIND (MPH)
  HIGHEST WIND SPEED    18   HIGHEST WIND DIRECTION    NE (40)
  HIGHEST GUST SPEED    24   HIGHEST GUST DIRECTION    NE (40)
  AVERAGE WIND SPEED     8.6


SKY COVER
  POSSIBLE SUNSHINE  MM
  AVERAGE SKY COVER 0.2


WEATHER CONDITIONS
 THE FOLLOWING WEATHER WAS RECORDED YESTERDAY.
  NO SIGNIFICANT WEATHER WAS OBSERVED.


RELATIVE HUMIDITY (PERCENT)
 HIGHEST    89          1000 PM
 LOWEST     45           500 PM
 AVERAGE    67

..........................................................


THE OTTUMWA IA CLIMATE NORMALS FOR TODAY
                         NORMAL    RECORD    YEAR
 MAXIMUM TEMPERATURE (F)   77       103      1934
 MINIMUM TEMPERATURE (F)   56        41      1897


SUNRISE AND SUNSET
JUNE  1 2015..........SUNRISE   540 AM CDT   SUNSET   836 PM CDT
JUNE  2 2015..........SUNRISE   539 AM CDT   SUNSET   837 PM CDT


-  INDICATES NEGATIVE NUMBERS.
R  INDICATES RECORD WAS SET OR TIED.
MM INDICATES DATA IS MISSING.
T  INDICATES TRACE AMOUNT.




$$
