000
CDUS43 KDMX 190638
CLIOTM

CLIMATE REPORT
NATIONAL WEATHER SERVICE DES MOINES IA
1236 AM CST SUN FEB 19 2017


...................................

...THE OTTUMWA IA CLIMATE SUMMARY FOR FEBRUARY 18 2017...

CLIMATE NORMAL PERIOD 1981 TO 2010
CLIMATE RECORD PERIOD 1920 TO 2017


WEATHER ITEM   OBSERVED TIME   RECORD YEAR NORMAL DEPARTURE LAST
                VALUE   (LST)  VALUE       VALUE  FROM      YEAR
                                                  NORMAL
..................................................................
TEMPERATURE (F)
 YESTERDAY
  MAXIMUM         67R   356 PM  66    1930  37     30       50
  MINIMUM         32    706 AM -14    1936  19     13       30
  AVERAGE         50                        28     22       40

PRECIPITATION (IN)
  YESTERDAY        0.00          0.65 2000   0.05  -0.05     0.00
  MONTH TO DATE    0.06                      0.68  -0.62     0.80
  SINCE DEC 1      2.58                      2.95  -0.37     5.33
  SINCE JAN 1      1.21                      1.58  -0.37     1.30

DEGREE DAYS
 HEATING
  YESTERDAY       15                        37    -22       25
  MONTH TO DATE  538                       712   -174      713
  SINCE DEC 1   2833                      3236   -403     2779
  SINCE JUL 1   3626                      4534   -908     3790

 COOLING
  YESTERDAY        0                         0      0        0
  MONTH TO DATE    0                         0      0        0
  SINCE DEC 1      0                         0      0        0
  SINCE JAN 1      0                         0      0        0
..................................................................


WIND (MPH)
  HIGHEST WIND SPEED    12   HIGHEST WIND DIRECTION    SW (240)
  HIGHEST GUST SPEED    13   HIGHEST GUST DIRECTION     N (350)
  AVERAGE WIND SPEED     5.5


SKY COVER
  POSSIBLE SUNSHINE  MM
  AVERAGE SKY COVER 0.0


WEATHER CONDITIONS
 THE FOLLOWING WEATHER WAS RECORDED YESTERDAY.
  NO SIGNIFICANT WEATHER WAS OBSERVED.


RELATIVE HUMIDITY (PERCENT)
 HIGHEST    89           700 AM
 LOWEST     26           300 PM
 AVERAGE    58

..........................................................


THE OTTUMWA IA CLIMATE NORMALS FOR TODAY
                         NORMAL    RECORD    YEAR
 MAXIMUM TEMPERATURE (F)   38        72      1930
 MINIMUM TEMPERATURE (F)   19       -23      1936


SUNRISE AND SUNSET
FEBRUARY 19 2017......SUNRISE   658 AM CST   SUNSET   549 PM CST
FEBRUARY 20 2017......SUNRISE   657 AM CST   SUNSET   550 PM CST


-  INDICATES NEGATIVE NUMBERS.
R  INDICATES RECORD WAS SET OR TIED.
MM INDICATES DATA IS MISSING.
T  INDICATES TRACE AMOUNT.




$$
