000
CDUS43 KDMX 100652 RRC
CLIOTM

CLIMATE REPORT
NATIONAL WEATHER SERVICE DES MOINES IA
1251 AM CST WED FEB 10 2016


...................................

...THE OTTUMWA IA CLIMATE SUMMARY FOR FEBRUARY 9 2016...

CLIMATE NORMAL PERIOD 1981 TO 2010
CLIMATE RECORD PERIOD 1920 TO 2016


WEATHER ITEM   OBSERVED TIME   RECORD YEAR NORMAL DEPARTURE LAST
                VALUE   (LST)  VALUE       VALUE  FROM      YEAR
                                                  NORMAL
..................................................................
TEMPERATURE (F)
 YESTERDAY
  MAXIMUM         18    426 PM  68    1943  34    -16       33
  MINIMUM         11    905 AM -23    1899  16     -5       22
  AVERAGE         15                        25    -10       28

PRECIPITATION (IN)
  YESTERDAY        T             0.77 2001   0.04  -0.04     0.00
  MONTH TO DATE    0.29                      0.30  -0.01     0.64
  SINCE DEC 1      4.36                      2.57   1.79     2.85
  SINCE JAN 1      0.33                      1.20  -0.87     1.87

DEGREE DAYS
 HEATING
  YESTERDAY       50                        40     10       37
  MONTH TO DATE  329                       367    -38      401
  SINCE DEC 1   2395                      2891   -496     2680
  SINCE JUL 1   3406                      4189   -783     4188

 COOLING
  YESTERDAY        0                         0      0        0
  MONTH TO DATE    0                         0      0        0
  SINCE DEC 1      0                         0      0        0
  SINCE JAN 1      0                         0      0        0
..................................................................


WIND (MPH)
  HIGHEST WIND SPEED    30   HIGHEST WIND DIRECTION    NW (320)
  HIGHEST GUST SPEED    36   HIGHEST GUST DIRECTION    NW (330)
  AVERAGE WIND SPEED    21.4


SKY COVER
  POSSIBLE SUNSHINE  MM
  AVERAGE SKY COVER 0.7


WEATHER CONDITIONS
 THE FOLLOWING WEATHER WAS RECORDED YESTERDAY.
  LIGHT SNOW
  FOG
  BLOWING SNOW


RELATIVE HUMIDITY (PERCENT)
 HIGHEST    84           400 AM
 LOWEST     61           200 PM
 AVERAGE    73

..........................................................


THE OTTUMWA IA CLIMATE NORMALS FOR TODAY
                         NORMAL    RECORD    YEAR
 MAXIMUM TEMPERATURE (F)   35        68      1943
 MINIMUM TEMPERATURE (F)   16       -13      2014


SUNRISE AND SUNSET
FEBRUARY 10 2016......SUNRISE   711 AM CST   SUNSET   537 PM CST
FEBRUARY 11 2016......SUNRISE   710 AM CST   SUNSET   539 PM CST


-  INDICATES NEGATIVE NUMBERS.
R  INDICATES RECORD WAS SET OR TIED.
MM INDICATES DATA IS MISSING.
T  INDICATES TRACE AMOUNT.




$$
