000
CDUS43 KDMX 240655
CLIOTM

CLIMATE REPORT
NATIONAL WEATHER SERVICE DES MOINES IA
1252 AM CST FRI NOV 24 2017


...................................

...THE OTTUMWA IA CLIMATE SUMMARY FOR NOVEMBER 23 2017...

CLIMATE NORMAL PERIOD 1981 TO 2010
CLIMATE RECORD PERIOD 1920 TO 2017


WEATHER ITEM   OBSERVED TIME   RECORD YEAR NORMAL DEPARTURE LAST
                VALUE   (LST)  VALUE       VALUE  FROM      YEAR
                                                  NORMAL
..................................................................
TEMPERATURE (F)
 YESTERDAY
  MAXIMUM         54    346 PM  68    1966  45      9       46
  MINIMUM         30    729 AM   1    1937  26      4       37
  AVERAGE         42                        35      7       42

PRECIPITATION (IN)
  YESTERDAY        0.00          1.57 1999   0.08  -0.08     0.07
  MONTH TO DATE    0.67                      1.89  -1.22     0.24
  SINCE SEP 1      7.20                      8.51  -1.31     2.26
  SINCE JAN 1     23.04                     35.21 -12.17    23.45

DEGREE DAYS
 HEATING
  YESTERDAY       23                        30     -7       23
  MONTH TO DATE  629                       550     79      362
  SINCE SEP 1    979                      1063    -84      621
  SINCE JUL 1    979                      1074    -95      628

 COOLING
  YESTERDAY        0                         0      0        0
  MONTH TO DATE    0                         0      0        5
  SINCE SEP 1    195                       104     91      223
  SINCE JAN 1   1120                       938    182     1122
..................................................................


WIND (MPH)
  HIGHEST WIND SPEED    15   HIGHEST WIND DIRECTION     S (200)
  HIGHEST GUST SPEED    18   HIGHEST GUST DIRECTION     S (200)
  AVERAGE WIND SPEED     7.6


SKY COVER
  POSSIBLE SUNSHINE  MM
  AVERAGE SKY COVER 0.1


WEATHER CONDITIONS
 THE FOLLOWING WEATHER WAS RECORDED YESTERDAY.
  NO SIGNIFICANT WEATHER WAS OBSERVED.


RELATIVE HUMIDITY (PERCENT)
 HIGHEST    70           900 PM
 LOWEST     41           200 PM
 AVERAGE    56

..........................................................


THE OTTUMWA IA CLIMATE NORMALS FOR TODAY
                         NORMAL    RECORD    YEAR
 MAXIMUM TEMPERATURE (F)   44        64      2011
 MINIMUM TEMPERATURE (F)   25         2      1950


SUNRISE AND SUNSET
NOVEMBER 24 2017......SUNRISE   708 AM CST   SUNSET   445 PM CST
NOVEMBER 25 2017......SUNRISE   709 AM CST   SUNSET   444 PM CST


-  INDICATES NEGATIVE NUMBERS.
R  INDICATES RECORD WAS SET OR TIED.
MM INDICATES DATA IS MISSING.
T  INDICATES TRACE AMOUNT.




$$
