000
CDUS46 KOTX 190832
CLIOTX


CLIMATE REPORT
NATIONAL WEATHER SERVICE SPOKANE, WA
1231 AM PST MON FEB 19 2018


...................................

...THE SPOKANE  WA WFO CLIMATE SUMMARY FOR FEBRUARY 18 2018...

CLIMATE NORMAL PERIOD 1981 TO 2010
CLIMATE RECORD PERIOD 1881 TO 2018


WEATHER ITEM   OBSERVED TIME   RECORD YEAR NORMAL DEPARTURE LAST
                VALUE   (LST)  VALUE       VALUE  FROM      YEAR
                                                  NORMAL
..................................................................
TEMPERATURE (F)
 YESTERDAY
  MAXIMUM         33        MM  MM      MM  40     -7       37
  MINIMUM         13        MM  MM      MM  24    -11       32
  AVERAGE         23                        32     -9       35

PRECIPITATION (IN)
  YESTERDAY        0.03         MM      MM   0.05  -0.02     0.17
  MONTH TO DATE    1.55                      0.95   0.60     2.91
  SINCE OCT 1     11.33                      8.85   2.48    14.93
  SINCE JAN 1      4.05                      2.82   1.23     4.56

SNOWFALL (IN)
  YESTERDAY        1.1          MM      MM   0.2    0.9       T
  MONTH TO DATE   13.7                       4.4    9.3     10.4
  SINCE DEC 1     38.9                      36.9    2.0     42.5
  SINCE JUL 1     44.6                      44.8   -0.2     44.7
  SNOW DEPTH       4

DEGREE DAYS
 HEATING
  YESTERDAY       42                        33      9       30
  MONTH TO DATE  553                       620    -67      664
  SINCE DEC 1   2784                      2995   -211     3428
  SINCE JUL 1   4548                      4877   -329     4984

 COOLING
  YESTERDAY        0                         0      0        0
  MONTH TO DATE    0                         0      0        0
  SINCE DEC 1      0                         0      0        0
  SINCE JAN 1      0                         0      0        0
..................................................................


WIND (MPH)
  HIGHEST WIND SPEED    MM   HIGHEST WIND DIRECTION    MM
  HIGHEST GUST SPEED    MM   HIGHEST GUST DIRECTION    MM
  AVERAGE WIND SPEED    MM


SKY COVER
  POSSIBLE SUNSHINE  MM
  AVERAGE SKY COVER  MM


WEATHER CONDITIONS
 THE FOLLOWING WEATHER WAS RECORDED YESTERDAY.
  LIGHT SNOW
  BLOWING SNOW


RELATIVE HUMIDITY (PERCENT)
 HIGHEST    MM
 LOWEST     MM
 AVERAGE    MM

..........................................................


THE SPOKANE  WA WFO CLIMATE NORMALS FOR TODAY
                         NORMAL    RECORD    YEAR
 MAXIMUM TEMPERATURE (F)   40        MM        MM
 MINIMUM TEMPERATURE (F)   24        MM        MM


SUNRISE AND SUNSET
FEBRUARY 19 2018......SUNRISE   649 AM PST   SUNSET   520 PM PST
FEBRUARY 20 2018......SUNRISE   647 AM PST   SUNSET   522 PM PST


-  INDICATES NEGATIVE NUMBERS.
R  INDICATES RECORD WAS SET OR TIED.
MM INDICATES DATA IS MISSING.
T  INDICATES TRACE AMOUNT.




$$
