626
CDUS46 KOTX 250925
CLIOTX


CLIMATE REPORT
NATIONAL WEATHER SERVICE SPOKANE, WA
224 AM PDT SUN SEP 25 2016


...................................

...THE SPOKANE  WA WFO CLIMATE SUMMARY FOR SEPTEMBER 24 2016...

CLIMATE NORMAL PERIOD 1981 TO 2010
CLIMATE RECORD PERIOD 1881 TO 2016


WEATHER ITEM   OBSERVED TIME   RECORD YEAR NORMAL DEPARTURE LAST
                VALUE   (LST)  VALUE       VALUE  FROM      YEAR
                                                  NORMAL
..................................................................
TEMPERATURE (F)
 YESTERDAY
  MAXIMUM         67        MM  MM      MM  69     -2       74
  MINIMUM         32        MM  MM      MM  40     -8       42
  AVERAGE         50                        54     -4       58

PRECIPITATION (IN)
  YESTERDAY        0.00         MM      MM   0.02  -0.02     0.00
  MONTH TO DATE    0.30                      0.49  -0.19     0.48
  SINCE OCT 1     16.93                     16.94  -0.01    12.79
  SINCE JAN 1     10.18                     10.91  -0.73     8.08

SNOWFALL (IN)
  YESTERDAY        0.0          MM      MM   0.0    0.0      0.0
  MONTH TO DATE    0.0                       0.0    0.0      0.0
  SINCE SEP 1      0.0                       0.0    0.0      0.0
  SINCE JUL 1      0.0                       0.0    0.0      0.0
  SNOW DEPTH       0

DEGREE DAYS
 HEATING
  YESTERDAY       15                        11      4        7
  MONTH TO DATE  222                       172     50      214
  SINCE SEP 1    222                       172     50      214
  SINCE JUL 1    307                       283     24      258

 COOLING
  YESTERDAY        0                         0      0        0
  MONTH TO DATE    0                        14    -14        8
  SINCE SEP 1      0                        14    -14        8
  SINCE JAN 1    229                       247    -18      518
..................................................................


WIND (MPH)
  HIGHEST WIND SPEED    17   HIGHEST WIND DIRECTION    MM
  HIGHEST GUST SPEED    24   HIGHEST GUST DIRECTION    MM
  AVERAGE WIND SPEED     7.0


SKY COVER
  POSSIBLE SUNSHINE  MM
  AVERAGE SKY COVER  MM


WEATHER CONDITIONS
 THE FOLLOWING WEATHER WAS RECORDED YESTERDAY.
  NO SIGNIFICANT WEATHER WAS OBSERVED.


RELATIVE HUMIDITY (PERCENT)
 HIGHEST   100          1200 AM
 LOWEST     31          1200 AM
 AVERAGE    66

..........................................................


THE SPOKANE  WA WFO CLIMATE NORMALS FOR TODAY
                         NORMAL    RECORD    YEAR
 MAXIMUM TEMPERATURE (F)   69        MM        MM
 MINIMUM TEMPERATURE (F)   39        MM        MM


SUNRISE AND SUNSET
SEPTEMBER 25 2016.....SUNRISE   642 AM PDT   SUNSET   641 PM PDT
SEPTEMBER 26 2016.....SUNRISE   643 AM PDT   SUNSET   639 PM PDT


-  INDICATES NEGATIVE NUMBERS.
R  INDICATES RECORD WAS SET OR TIED.
MM INDICATES DATA IS MISSING.
T  INDICATES TRACE AMOUNT.




$$
