000
CDUS46 KOTX 200821
CLIOTX


CLIMATE REPORT
NATIONAL WEATHER SERVICE SPOKANE, WA
121 AM PDT WED AUG 20 2014


...................................

...THE SPOKANE  WA WFO CLIMATE SUMMARY FOR AUGUST 19 2014...

CLIMATE NORMAL PERIOD 1981 TO 2010
CLIMATE RECORD PERIOD 1881 TO 2014


WEATHER ITEM   OBSERVED TIME   RECORD YEAR NORMAL DEPARTURE LAST
                VALUE   (LST)  VALUE       VALUE  FROM      YEAR
                                                  NORMAL
..................................................................
TEMPERATURE (F)
 YESTERDAY
  MAXIMUM         88        MM  MM      MM  82      6       85
  MINIMUM         56        MM  MM      MM  50      6       54
  AVERAGE         72                        66      6       70

PRECIPITATION (IN)
  YESTERDAY        0.01         MM      MM   0.01   0.00     0.00
  MONTH TO DATE    0.25                      0.26  -0.01     0.68
  SINCE OCT 1     14.15                     16.24  -2.09    16.47
  SINCE JAN 1     11.64                     10.21   1.43     8.43

SNOWFALL (IN)
  YESTERDAY        0.0          MM      MM   0.0    0.0      0.0
  MONTH TO DATE    0.0                       0.0    0.0      0.0
  SINCE JUN 1      0.0                       0.0    0.0      0.0
  SINCE JUL 1      0.0                       0.0    0.0      0.0
  SNOW DEPTH       0

DEGREE DAYS
 HEATING
  YESTERDAY        0                         2     -2        0
  MONTH TO DATE    0                        23    -23       10
  SINCE JUN 1    203                       262    -59      219
  SINCE JUL 1     12                        75    -63       23

 COOLING
  YESTERDAY        7                         3      4        5
  MONTH TO DATE  134                        78     56      109
  SINCE JUN 1    378                       202    176      281
  SINCE JAN 1    378                       207    171      286
..................................................................


WIND (MPH)
  HIGHEST WIND SPEED    MM   HIGHEST WIND DIRECTION    MM
  HIGHEST GUST SPEED     0   HIGHEST GUST DIRECTION     N (0)
  AVERAGE WIND SPEED    MM


SKY COVER
  POSSIBLE SUNSHINE   0 PERCENT
  AVERAGE SKY COVER 0.0


WEATHER CONDITIONS
 THE FOLLOWING WEATHER WAS RECORDED YESTERDAY.
  THUNDERSTORM
  LIGHT RAIN


RELATIVE HUMIDITY (PERCENT)
 HIGHEST     0          1200 AM
 LOWEST      0          1200 AM
 AVERAGE     0

..........................................................


THE SPOKANE  WA WFO CLIMATE NORMALS FOR TODAY
                         NORMAL    RECORD    YEAR
 MAXIMUM TEMPERATURE (F)   82        MM        MM
 MINIMUM TEMPERATURE (F)   50        MM        MM


SUNRISE AND SUNSET
AUGUST 20 2014........SUNRISE   553 AM PDT   SUNSET   754 PM PDT
AUGUST 21 2014........SUNRISE   554 AM PDT   SUNSET   752 PM PDT


-  INDICATES NEGATIVE NUMBERS.
R  INDICATES RECORD WAS SET OR TIED.
MM INDICATES DATA IS MISSING.
T  INDICATES TRACE AMOUNT.




$$
