000
CDUS46 KOTX 170824
CLIOTX


CLIMATE REPORT
NATIONAL WEATHER SERVICE SPOKANE, WA
1224 AM PST WED DEC 17 2014


...................................

...THE SPOKANE  WA WFO CLIMATE SUMMARY FOR DECEMBER 16 2014...

CLIMATE NORMAL PERIOD 1981 TO 2010
CLIMATE RECORD PERIOD 1881 TO 2014


WEATHER ITEM   OBSERVED TIME   RECORD YEAR NORMAL DEPARTURE LAST
                VALUE   (LST)  VALUE       VALUE  FROM      YEAR
                                                  NORMAL
..................................................................
TEMPERATURE (F)
 YESTERDAY
  MAXIMUM         34        MM  MM      MM  31      3       39
  MINIMUM         26        MM  MM      MM  20      6       24
  AVERAGE         30                        25      5       32

PRECIPITATION (IN)
  YESTERDAY        0.03         MM      MM   0.08  -0.05     0.00
  MONTH TO DATE    0.76                      1.33  -0.57     0.29
  SINCE OCT 1      3.59                      4.83  -1.24     2.13
  SINCE JAN 1     15.56                     15.88  -0.32    12.59

SNOWFALL (IN)
  YESTERDAY        0.2          MM      MM   0.5   -0.3      0.0
  MONTH TO DATE    0.3                       7.9   -7.6      0.5
  SINCE DEC 1      0.3                       7.9   -7.6      0.5
  SINCE JUL 1      0.8                      15.8  -15.0      3.5
  SNOW DEPTH       0

DEGREE DAYS
 HEATING
  YESTERDAY       35                        40     -5       33
  MONTH TO DATE  502                       617   -115      695
  SINCE DEC 1    502                       617   -115      695
  SINCE JUL 1   2081                      2499   -418     2551

 COOLING
  YESTERDAY        0                         0      0        0
  MONTH TO DATE    0                         0      0        0
  SINCE DEC 1      0                         0      0        0
  SINCE JAN 1    408                       249    159      383
..................................................................


WIND (MPH)
  HIGHEST WIND SPEED    MM   HIGHEST WIND DIRECTION    MM
  HIGHEST GUST SPEED    MM   HIGHEST GUST DIRECTION    MM
  AVERAGE WIND SPEED    MM


SKY COVER
  POSSIBLE SUNSHINE  MM
  AVERAGE SKY COVER  MM


WEATHER CONDITIONS
 THE FOLLOWING WEATHER WAS RECORDED YESTERDAY.
  NO SIGNIFICANT WEATHER WAS OBSERVED.


RELATIVE HUMIDITY (PERCENT)
 HIGHEST    MM
 LOWEST     MM
 AVERAGE    MM

..........................................................


THE SPOKANE  WA WFO CLIMATE NORMALS FOR TODAY
                         NORMAL    RECORD    YEAR
 MAXIMUM TEMPERATURE (F)   31        MM        MM
 MINIMUM TEMPERATURE (F)   19        MM        MM


SUNRISE AND SUNSET
DECEMBER 17 2014......SUNRISE   734 AM PST   SUNSET   400 PM PST
DECEMBER 18 2014......SUNRISE   734 AM PST   SUNSET   400 PM PST


-  INDICATES NEGATIVE NUMBERS.
R  INDICATES RECORD WAS SET OR TIED.
MM INDICATES DATA IS MISSING.
T  INDICATES TRACE AMOUNT.




$$
