000
CDAK49 PAFG 251005
CLIOTZ

CLIMATE REPORT
NATIONAL WEATHER SERVICE FAIRBANKS AK
205 AM AKDT THU MAY 25 2017


...................................

...THE KOTZEBUE AK CLIMATE SUMMARY FOR MAY 24 2017...

CLIMATE NORMAL PERIOD 1981 TO 2010
CLIMATE RECORD PERIOD 1920 TO 2017


WEATHER ITEM   OBSERVED TIME   RECORD YEAR NORMAL DEPARTURE LAST
                VALUE   (LST)  VALUE       VALUE  FROM      YEAR
                                                  NORMAL
..................................................................
TEMPERATURE (F)
 YESTERDAY
  MAXIMUM         47    703 PM  61    2011  41      6       44
                                      1980
  MINIMUM         36   1159 PM  13    2001  30      6       35
  AVERAGE         42                        36      6       40

PRECIPITATION (IN)
  YESTERDAY        0.23          0.42 1995   0.01   0.22     0.02
  MONTH TO DATE    0.41                      0.33   0.08     0.51
  SINCE MAR 1      0.49                      1.31  -0.82     1.28
  SINCE JAN 1      2.08                      2.59  -0.51     1.99

SNOWFALL (IN)
  YESTERDAY        0.0           0.4  1952   0.0    0.0      0.0
  MONTH TO DATE    0.2                       1.1   -0.9       T
  SINCE MAR 1      2.4                      12.1   -9.7      6.0
  SINCE JUL 1     52.6                      59.7   -7.1     26.0
  SNOW DEPTH       0

DEGREE DAYS
 HEATING
  YESTERDAY       23                        29     -6       25
  MONTH TO DATE  739                       832    -93      656
  SINCE MAR 1   4120                      4365   -245     3735
  SINCE JUL 1  12979                     14610  -1631    12513

 COOLING
  YESTERDAY        0                         0      0        0
  MONTH TO DATE    0                         0      0        0
  SINCE MAR 1      0                         0      0        0
  SINCE JAN 1      0                         0      0        0
..................................................................


WIND (MPH)
  HIGHEST GUST SPEED    31   HIGHEST GUST DIRECTION     E (100)


SKY COVER
  AVERAGE SKY COVER 0.6


WEATHER CONDITIONS
 THE FOLLOWING WEATHER WAS RECORDED YESTERDAY.
  LIGHT RAIN
  FOG


RELATIVE HUMIDITY (PERCENT)
 HIGHEST    93
 LOWEST     70
 AVERAGE    82

..........................................................


THE KOTZEBUE AK CLIMATE NORMALS FOR TODAY
                         NORMAL    RECORD    YEAR
 MAXIMUM TEMPERATURE (F)   42        68      1969
 MINIMUM TEMPERATURE (F)   31        12      1941


SUNRISE AND SUNSET
MAY 25 2017...........SUNRISE   407 AM AKDT  SUNSET   134 AM AKDT
MAY 26 2017...........SUNRISE   402 AM AKDT  SUNSET   140 AM AKDT

-  INDICATES NEGATIVE NUMBERS.
R  INDICATES RECORD WAS SET OR TIED.
MM INDICATES DATA IS MISSING.
T  INDICATES TRACE AMOUNT.

&&

SNOW DEPTH IS MEASURED AT 3AM AKST/4AM AKDT.

----------------------------
AVAILABLE DAYLIGHT

AMOUNT OF DAYLIGHT TODAY  (HOUR:MIN)........21:21
GAIN/LOSS SINCE YESTERDAY (HOUR:MIN:SEC)....+0:11:01

$$
MAY 17
