000
CDAK49 PAOT 291209
CLIOTZ

CLIMATE REPORT
NATIONAL WEATHER SERVICE KOTZEBUE, AK
410 AM AKDT FRI AUG 29 2014

...................................
...THE KOTZEBUE WSO AP CLIMATE SUMMARY FOR AUGUST 28 2014...

CLIMATE NORMAL PERIOD  1981 TO  2010
CLIMATE RECORD PERIOD  1897 TO  2014

WEATHER ITEM   OBSERVED TIME    RECORD YEAR NORMAL DEPARTURE LAST
               VALUE    (LST)   VALUE       VALUE  FROM      YEAR
                                                   NORMAL
...................................................................
TEMPERATURE
YESTERDAY
 MAXIMUM            52  1238 AM    67  2001     54      -2     52
 MINIMUM            43  0946 AM    29  1994     45      -2     39
 AVERAGE            48                          49      -1     46

PRECIPITATION
(INCHES)
 YESTERDAY           T           0.61  1985   0.07   -0.07   0.00
 MONTH TO DATE    0.92                        2.00   -1.08   0.59
 SINCE JUN 1      3.89                        4.03   -0.14   2.78
 SINCE JAN 1      6.15                        6.70   -0.55   6.38

SNOWFALL
(INCHES)
 YESTERDAY         0.0              T  1955    0.0     0.0    0.0
 MONTH TO DATE     0.0                         0.0     0.0    0.0
 SINCE JUN 1       0.0                         0.0     0.0    0.0
 SINCE JUL 1       0.0                         0.0     0.0    0.0
 SNOW DEPTH (IN)     0                                          0

DEGREE DAYS
 HEATING
  YESTERDAY         17                          16       1     19
  MONTH TO DATE    143                         364    -221    261
  SINCE JUN 1     1114                        1271    -157    948
  SINCE JUL 1      497                         690    -193    523

 COOLING
  YESTERDAY          0                           0       0      0
  MONTH TO DATE     11                           0      11      0
  SINCE JUN 1       19                           0      19     13
  SINCE JAN 1       19                           0      19     13
...................................................................

WIND (MPH)
 HIGHEST WIND SPEED    28     HIGHEST WIND DIRECTION    300
 HIGHEST GUST SPEED    35     HIGHEST GUST DIRECTION    300
 AVERAGE WIND SPEED  18.6

SKY COVER
  POSSIBLE SUNSHINE    MM          AVERAGE SKY COVER     MM

WEATHER CONDITIONS
 THE FOLLOWING WEATHER WAS RECORDED YESTERDAY.
 RAIN


RELATIVE HUMIDITY
 HIGHEST RH     MM PERCENT       MM
 LOWEST  RH     MM PERCENT       MM
 AVERAGE RH     MM PERCENT       MM
...................................................................

THE KOTZEBUE CLIMATE NORMALS FOR TODAY
                           NORMAL    RECORD   YEAR
 MAXIMUM TEMPERATURE (F)     54        72     1941
 MINIMUM TEMPERATURE (F)     45        32     1980

SUNRISE AND SUNSET
 AUG 29 2014..........SUNRISE  7:13 AM      SUNSET 10:28 PM
 AUG 30 2014..........SUNRISE  7:16 AM      SUNSET 10:24 PM

-  INDICATES NEGATIVE NUMBERS.
R  INDICATES RECORD HAS BEEN SET OR TIED.
MM INDICATES DATA IS MISSING.
T  INDICATES TRACE OF PRECIPITATION.

&&
-------------------------------------------------------------------

AMOUNT OF DAYLIGHT TODAY  (HOUR:MIN)........15 HOURS 15 MINUTES
LOSS SINCE YESTERDAY (HOUR:MIN:SEC).........-0:07:34

$$
TGH AUG 14
