615
CDAK49 PAOT 111220
CLIOTZ

CLIMATE REPORT
NATIONAL WEATHER SERVICE KOTZEBUE, AK
320 AM AKST THU FEB 11 2016

...................................
...THE KOTZEBUE WSO AP CLIMATE SUMMARY FOR FEBRUARY 10 2016...

CLIMATE NORMAL PERIOD  1981 TO  2010
CLIMATE RECORD PERIOD  1897 TO  2016

WEATHER ITEM   OBSERVED TIME    RECORD YEAR NORMAL DEPARTURE LAST
               VALUE    (LST)   VALUE       VALUE  FROM      YEAR
                                                   NORMAL
...................................................................
TEMPERATURE
YESTERDAY
 MAXIMUM             5  0605 AM    37  1980      6      -1      1
 MINIMUM            -5  1020 PM   -50  1964     -8       3    -15
 AVERAGE             0                          -1       1     -7

PRECIPITATION
(INCHES)
 YESTERDAY        0.00           0.30  2001   0.02   -0.02   0.00
 MONTH TO DATE    0.07                        0.21   -0.14      T
 SINCE DEC 1      0.91                        1.59   -0.68   0.71
 SINCE JAN 1      0.45                        0.83   -0.38   0.36

SNOWFALL
(INCHES)
 YESTERDAY         0.0            4.0  1931    0.3    -0.3    0.0
 MONTH TO DATE     1.6                         3.1    -1.5      T
 SINCE DEC 1      18.0                        23.7    -5.7    6.4
 SINCE JUL 1      39.5                        41.1    -1.6   11.1
 SNOW DEPTH (IN)    28            60   2012                     4

DEGREE DAYS
 HEATING
  YESTERDAY         65                          66      -1     72
  MONTH TO DATE    520                         669    -149    678
  SINCE DEC 1     4049                        4709    -660   4324
  SINCE JUL 1     7951                        9068   -1117   8012

 COOLING
  YESTERDAY          0                           0       0      0
  MONTH TO DATE      0                           0       0      0
  SINCE DEC 1        0                           0       0      0
  SINCE JAN 1        0                           0       0      0
...................................................................

WIND (MPH)
 HIGHEST WIND SPEED    10     HIGHEST WIND DIRECTION     30
 HIGHEST GUST SPEED    13     HIGHEST GUST DIRECTION     40
 AVERAGE WIND SPEED   4.2

SKY COVER
  POSSIBLE SUNSHINE    MM          AVERAGE SKY COVER     MM

WEATHER CONDITIONS
 THE FOLLOWING WEATHER WAS RECORDED YESTERDAY.
  NO SIGNIFICANT WEATHER WAS OBSERVED.

RELATIVE HUMIDITY
 HIGHEST RH     MM PERCENT       MM
 LOWEST  RH     MM PERCENT       MM
 AVERAGE RH     MM PERCENT       MM
...................................................................

THE KOTZEBUE CLIMATE NORMALS FOR TODAY
                           NORMAL    RECORD   YEAR
 MAXIMUM TEMPERATURE (F)      6        40     1980
 MINIMUM TEMPERATURE (F)     -8       -50     1964

SUNRISE AND SUNSET
 FEB 11 2016..........SUNRISE 10:18 AM      SUNSET  5:54 PM
 FEB 12 2016..........SUNRISE 10:14 AM      SUNSET  5:58 PM

-  INDICATES NEGATIVE NUMBERS.
R  INDICATES RECORD HAS BEEN SET OR TIED.
MM INDICATES DATA IS MISSING.
T  INDICATES TRACE OF PRECIPITATION.

&&
-------------------------------------------------------------------

AMOUNT OF DAYLIGHT TODAY  (HOUR:MIN)........7 HOURS 36 MINUTES
GAIN/LOSS SINCE YESTERDAY (HOUR:MIN:SEC)....+0:07:47

$$
LEHL FEB 16
