000
CDAK49 PAOT 150041
CLIOTZ

CLIMATE REPORT
NATIONAL WEATHER SERVICE KOTZEBUE, AK
441 PM AKDT SUN SEP 14 2014

...................................
...THE KOTZEBUE WSO AP CLIMATE SUMMARY FOR SEPTEMBER 14 2014...
VALID TODAY AS OF 2:00 PM LOCAL TIME

CLIMATE NORMAL PERIOD  1981 TO  2010
CLIMATE RECORD PERIOD  1897 TO  2014

WEATHER ITEM   OBSERVED TIME    RECORD YEAR NORMAL DEPARTURE LAST
               VALUE    (LST)   VALUE       VALUE  FROM      YEAR
                                                   NORMAL
...................................................................
TEMPERATURE
TODAY
 MAXIMUM            59  0339 PM    65  1965     48      11     43
 MINIMUM            50  0830 AM    23  1897     39      11     39
 AVERAGE            55                          44      11     41

PRECIPITATION
(INCHES)
 TODAY            0.03           0.48  1985   0.05   -0.02   0.00
 MONTH TO DATE    0.46                        0.77   -0.31   1.88
 SINCE SEP 1      0.46                        0.77   -0.31   1.88
 SINCE JAN 1      7.20                        7.65   -0.45   8.34

SNOWFALL
(INCHES)
 TODAY             0.0            0.1  1962    0.0     0.0    0.0
 MONTH TO DATE     0.0                         0.1    -0.1    0.0
 SINCE SEP 1       0.0                         0.1    -0.1    0.0
 SINCE JUL 1       0.0                         0.1    -0.1    0.0
 SNOW DEPTH (IN)     0                                          0

DEGREE DAYS
 HEATING
  TODAY             10                          22     -12     24
  MONTH TO DATE    232                         266     -34    273
  SINCE SEP 1      232                         266     -34    273
  SINCE JUL 1      792                        1004    -212    867

 COOLING
  TODAY              0                           0       0      0
  MONTH TO DATE      0                           0       0      0
  SINCE SEP 1        0                           0       0      0
  SINCE JAN 1       19                           0      19     13
...................................................................

WIND (MPH)
 HIGHEST WIND SPEED    16     HIGHEST WIND DIRECTION    130
 HIGHEST GUST SPEED    18     HIGHEST GUST DIRECTION    130
 AVERAGE WIND SPEED    MM

SKY COVER
  POSSIBLE SUNSHINE  MM            AVERAGE SKY COVER MM

WEATHER CONDITIONS
 THE FOLLOWING WEATHER WAS RECORDED TODAY.
FOG
RAIN


RELATIVE HUMIDITY
 HIGHEST RH     MM PERCENT       MM
 LOWEST  RH     MM PERCENT       MM
 AVERAGE RH     MM PERCENT       MM
...................................................................

THE KOTZEBUE CLIMATE NORMALS FOR TOMORROW
                        NORMAL    RECORD   YEAR
 MAXIMUM TEMPERATURE      47        61     1965
 MINIMUM TEMPERATURE      39        24     1939

SUNRISE AND SUNSET
 SEP 14 2014..........SUNRISE  8:07 AM      SUNSET  9:23 PM
 SEP 15 2014..........SUNRISE  8:10 AM      SUNSET  9:19 PM

-  INDICATES NEGATIVE NUMBERS.
R  INDICATES RECORD HAS BEEN SET OR TIED.
MM INDICATES DATA IS MISSING.
T  INDICATES TRACE OF PRECIPITATION.

&&
-------------------------------------------------------------------

AMOUNT OF DAYLIGHT TODAY  (HOUR:MIN)........13 HOURS 16 MINUTES
GAIN/LOSS SINCE YESTERDAY (HOUR:MIN:SEC)....-0:07:19

$$
EWH SEP 14
