000
CDAK49 PAOT 191302
CLIOTZ

CLIMATE REPORT
NATIONAL WEATHER SERVICE KOTZEBUE, AK
403 AM AKST FRI DEC 19 2014

...................................
...THE KOTZEBUE WSO AP CLIMATE SUMMARY FOR DECEMBER 18 2014...

CLIMATE NORMAL PERIOD  1981 TO  2010
CLIMATE RECORD PERIOD  1897 TO  2014

WEATHER ITEM   OBSERVED TIME    RECORD YEAR NORMAL DEPARTURE LAST
               VALUE    (LST)   VALUE       VALUE  FROM      YEAR
                                                   NORMAL
...................................................................
TEMPERATURE
YESTERDAY
 MAXIMUM            20  1227 PM    33  1986      9      11      5
 MINIMUM             6  1113 PM   -44  1940     -5      11     -8
 AVERAGE            13                           2      11     -2

PRECIPITATION
(INCHES)
 YESTERDAY        0.00           0.49  1998   0.02   -0.02      T
 MONTH TO DATE    0.09                        0.45   -0.36   0.50
 SINCE DEC 1      0.09                        0.45   -0.36   0.50
 SINCE JAN 1      9.35                       10.69   -1.34  11.81

SNOWFALL
(INCHES)
 YESTERDAY         0.0            5.1  1998    0.4    -0.4      T
 MONTH TO DATE     1.0                         7.0    -6.0    2.1
 SINCE DEC 1       1.0                         7.0    -6.0    2.1
 SINCE JUL 1       5.7                        24.4   -18.7   13.8
 SNOW DEPTH (IN)     2                                          4

DEGREE DAYS
 HEATING
  YESTERDAY         52                          63     -11     67
  MONTH TO DATE   1012                        1105     -93    933
  SINCE DEC 1     1010                        1105     -95    931
  SINCE JUL 1     4685                        5464    -779   4813

 COOLING
  YESTERDAY          0                           0       0      0
  MONTH TO DATE      0                           0       0      0
  SINCE DEC 1        0                           0       0      0
  SINCE JAN 1       19                           0      19     13
...................................................................

WIND (MPH)
 HIGHEST WIND SPEED    18     HIGHEST WIND DIRECTION    120
 HIGHEST GUST SPEED    21     HIGHEST GUST DIRECTION    120
 AVERAGE WIND SPEED   8.1

SKY COVER
  POSSIBLE SUNSHINE    MM          AVERAGE SKY COVER     MM

WEATHER CONDITIONS
 THE FOLLOWING WEATHER WAS RECORDED YESTERDAY.
 NO SIGNIFICANT WEATHER WAS OBSERVED.

RELATIVE HUMIDITY
 HIGHEST RH     MM PERCENT       MM
 LOWEST  RH     MM PERCENT       MM
 AVERAGE RH     MM PERCENT       MM
...................................................................

THE KOTZEBUE CLIMATE NORMALS FOR TODAY
                           NORMAL    RECORD   YEAR
 MAXIMUM TEMPERATURE (F)      8        34     1998
 MINIMUM TEMPERATURE (F)     -5       -38     1957

SUNRISE AND SUNSET
 DEC 19 2014..........SUNRISE 12:56 PM      SUNSET  2:40 PM
 DEC 20 2014..........SUNRISE 12:57 PM      SUNSET  2:40 PM

-  INDICATES NEGATIVE NUMBERS.
R  INDICATES RECORD HAS BEEN SET OR TIED.
MM INDICATES DATA IS MISSING.
T  INDICATES TRACE OF PRECIPITATION.

&&
-------------------------------------------------------------------

AMOUNT OF DAYLIGHT TODAY  (HOUR:MIN)........1 HOURS 44 MINUTES
GAIN/LOSS SINCE YESTERDAY (HOUR:MIN:SEC)....-0:01:54

$$


DEC 14
