000
CDAK49 PAFG 280945
CLIOTZ

CLIMATE REPORT
NATIONAL WEATHER SERVICE FAIRBANKS AK
145 AM AKDT TUE MAR 28 2017


...................................

...THE KOTZEBUE AK CLIMATE SUMMARY FOR MARCH 27 2017...

CLIMATE NORMAL PERIOD 1981 TO 2010
CLIMATE RECORD PERIOD 1920 TO 2017


WEATHER ITEM   OBSERVED TIME   RECORD YEAR NORMAL DEPARTURE LAST
                VALUE   (LST)  VALUE       VALUE  FROM      YEAR
                                                  NORMAL
..................................................................
TEMPERATURE (F)
 YESTERDAY
  MAXIMUM          2    506 PM  33    1973  11     -9        6
  MINIMUM        -23    742 AM -38    1977  -6    -17       -7
  AVERAGE        -10                         2    -12        0

PRECIPITATION (IN)
  YESTERDAY        0.00          0.10 1999   0.02  -0.02     0.03
                                      1948
  MONTH TO DATE    0.03                      0.40  -0.37     0.17
  SINCE MAR 1      0.03                      0.40  -0.37     0.17
  SINCE JAN 1      1.62                      1.68  -0.06     0.88

SNOWFALL (IN)
  YESTERDAY        0.0           2.5  1962   0.1   -0.1     MM
  MONTH TO DATE    0.7                       5.3   -4.6      1.4
  SINCE MAR 1      0.7                       5.3   -4.6      1.4
  SINCE JUL 1     50.9                      52.9   -2.0     21.4
  SNOW DEPTH      46

DEGREE DAYS
 HEATING
  YESTERDAY       75                        63     12       65
  MONTH TO DATE 1803                      1740     63     1640
  SINCE MAR 1   1803                      1740     63     1640
  SINCE JUL 1  10662                     11985  -1323    10418

 COOLING
  YESTERDAY        0                         0      0        0
  MONTH TO DATE    0                         0      0        0
  SINCE MAR 1      0                         0      0        0
  SINCE JAN 1      0                         0      0        0
..................................................................


WIND (MPH)
  HIGHEST GUST SPEED    10   HIGHEST GUST DIRECTION     E (70)


SKY COVER
  AVERAGE SKY COVER 0.0


WEATHER CONDITIONS
 THE FOLLOWING WEATHER WAS RECORDED YESTERDAY.
  FOG
  HAZE


RELATIVE HUMIDITY (PERCENT)
 HIGHEST    92
 LOWEST     65
 AVERAGE    79

..........................................................


THE KOTZEBUE AK CLIMATE NORMALS FOR TODAY
                         NORMAL    RECORD    YEAR
 MAXIMUM TEMPERATURE (F)   11        35      1994
 MINIMUM TEMPERATURE (F)   -5       -30      1951


SUNRISE AND SUNSET
MARCH 28 2017.........SUNRISE   817 AM AKDT  SUNSET   937 PM AKDT
MARCH 29 2017.........SUNRISE   813 AM AKDT  SUNSET   940 PM AKDT

-  INDICATES NEGATIVE NUMBERS.
R  INDICATES RECORD WAS SET OR TIED.
MM INDICATES DATA IS MISSING.
T  INDICATES TRACE AMOUNT.

&&

SNOW DEPTH IS MEASURED AT 3AM AKST/4AM AKDT.

----------------------------
AVAILABLE DAYLIGHT

AMOUNT OF DAYLIGHT TODAY  (HOUR:MIN)........13:20
GAIN/LOSS SINCE YESTERDAY (HOUR:MIN:SEC)....+0:07:26

$$
MAR 17
