257
CDAK49 PAOT 221202
CLIOTZ

CLIMATE REPORT
NATIONAL WEATHER SERVICE KOTZEBUE, AK
402 AM AKDT FRI MAY 22 2015

...................................
...THE KOTZEBUE WSO AP CLIMATE SUMMARY FOR MAY 21 2015...

CLIMATE NORMAL PERIOD  1981 TO  2010
CLIMATE RECORD PERIOD  1897 TO  2015

WEATHER ITEM   OBSERVED TIME    RECORD YEAR NORMAL DEPARTURE LAST
               VALUE    (LST)   VALUE       VALUE  FROM      YEAR
                                                   NORMAL
...................................................................
TEMPERATURE
YESTERDAY
 MAXIMUM            48  1239 PM    66  2002     40       8     45
 MINIMUM            37  1130 PM    13  2000     29       8     29
 AVERAGE            43                          34       9     37

PRECIPITATION
(INCHES)
 YESTERDAY           T           0.37  1989   0.02   -0.02   0.00
 MONTH TO DATE    0.58                        0.30    0.28   0.47
 SINCE MAR 1      1.66                        1.28    0.38   1.02
 SINCE JAN 1      2.51                        2.56   -0.05   1.74

SNOWFALL
(INCHES)
 YESTERDAY         0.0            1.4  1952    0.0     0.0    0.0
 MONTH TO DATE       T                         1.1    -1.1      T
 SINCE MAR 1       9.4                        12.1    -2.7    7.2
 SINCE JUL 1      24.7                        59.7   -35.0   32.2
 SNOW DEPTH (IN)     0                                          0

DEGREE DAYS
 HEATING
  YESTERDAY         22                          31      -9     28
  MONTH TO DATE    606                         743    -137    636
  SINCE MAR 1     4133                        4281    -148   3683
  SINCE JUL 1    12984                       14523   -1539  12634

 COOLING
  YESTERDAY          0                           0       0      0
  MONTH TO DATE      0                           0       0      0
  SINCE MAR 1        0                           0       0      0
  SINCE JAN 1        0                           0       0      0
...................................................................

WIND (MPH)
 HIGHEST WIND SPEED    33     HIGHEST WIND DIRECTION    170
 HIGHEST GUST SPEED    37     HIGHEST GUST DIRECTION    170
 AVERAGE WIND SPEED  14.7

SKY COVER
  POSSIBLE SUNSHINE    MM          AVERAGE SKY COVER     MM

WEATHER CONDITIONS
 THE FOLLOWING WEATHER WAS RECORDED YESTERDAY.
 RAIN


RELATIVE HUMIDITY
 HIGHEST RH     MM PERCENT       MM
 LOWEST  RH     MM PERCENT       MM
 AVERAGE RH     MM PERCENT       MM
...................................................................

THE KOTZEBUE CLIMATE NORMALS FOR TODAY
                           NORMAL    RECORD   YEAR
 MAXIMUM TEMPERATURE (F)     40        70     1969
 MINIMUM TEMPERATURE (F)     29        14     2000

SUNRISE AND SUNSET
 MAY 22 2015..........SUNRISE  4:26 AM      SUNSET  1:14 AM
 MAY 23 2015..........SUNRISE  4:21 AM      SUNSET  1:19 AM

-  INDICATES NEGATIVE NUMBERS.
R  INDICATES RECORD HAS BEEN SET OR TIED.
MM INDICATES DATA IS MISSING.
T  INDICATES TRACE OF PRECIPITATION.

&&
-------------------------------------------------------------------

AMOUNT OF DAYLIGHT TODAY  (HOUR:MIN)........20 HOURS 48 MINUTES
GAIN SINCE YESTERDAY (HOUR:MIN:SEC).........+0:10:03

$$
TGH MAY 15
