009
CDAK49 PAFG 180052
CLIOTZ

CLIMATE REPORT
NATIONAL WEATHER SERVICE FAIRBANKS AK
352 PM AKST SAT FEB 17 2018


...................................

...THE KOTZEBUE AK CLIMATE SUMMARY FOR FEBRUARY 17 2018...
VALID TODAY AS OF 0300 PM LOCAL TIME.

CLIMATE NORMAL PERIOD 1981 TO 2010
CLIMATE RECORD PERIOD 1920 TO 2018


WEATHER ITEM   OBSERVED TIME   RECORD YEAR NORMAL DEPARTURE LAST
                VALUE   (LST)  VALUE       VALUE  FROM      YEAR
                                                  NORMAL
..................................................................
TEMPERATURE (F)
 TODAY
  MAXIMUM         30    641 AM  32    2015   7     23       14
  MINIMUM         20    104 PM -51    1964  -7     27      -21
  AVERAGE         25                         0     25       -3

PRECIPITATION (IN)
  TODAY            0.04          0.14 1996   0.02   0.02      T
                                      1975
  MONTH TO DATE    0.41                      0.38   0.03     0.03
  SINCE DEC 1      2.25                      1.76   0.49     1.32
  SINCE JAN 1      0.67                      1.00  -0.33     0.58

SNOWFALL (IN)
  TODAY            0.4           9.9  2011   0.4    0.0       T
  MONTH TO DATE    2.5                       5.6   -3.1      0.4
  SINCE DEC 1     26.6                      26.2    0.4     25.8
  SINCE JUL 1     67.6                      43.6   24.0     31.4
  SNOW DEPTH      MM

DEGREE DAYS
 HEATING
  TODAY           40                        65    -25       68
  MONTH TO DATE  914                      1128   -214     1113
  SINCE DEC 1   4332                      5174   -842     4869
  SINCE JUL 1   8149                      9532  -1383     8482

 COOLING
  TODAY            0                         0      0        0
  MONTH TO DATE    0                         0      0        0
  SINCE DEC 1      0                         0      0        0
  SINCE JAN 1      0                         0      0        0
..................................................................


WIND (MPH)
  HIGHEST GUST SPEED    31   HIGHEST GUST DIRECTION    SE (140)


SKY COVER
  AVERAGE SKY COVER 0.9


WEATHER CONDITIONS
 THE FOLLOWING WEATHER WAS RECORDED TODAY.
  LIGHT SNOW
  FOG


RELATIVE HUMIDITY (PERCENT)
 HIGHEST   100
 LOWEST     81
 AVERAGE    91

..........................................................


THE KOTZEBUE AK CLIMATE NORMALS FOR TOMORROW
                         NORMAL    RECORD    YEAR
 MAXIMUM TEMPERATURE (F)    7        35      1944
 MINIMUM TEMPERATURE (F)   -7       -51      1964


SUNRISE AND SUNSET
FEBRUARY 17 2018......SUNRISE   952 AM AKST  SUNSET   619 PM AKST
FEBRUARY 18 2018......SUNRISE   948 AM AKST  SUNSET   623 PM AKST

-  INDICATES NEGATIVE NUMBERS.
R  INDICATES RECORD WAS SET OR TIED.
MM INDICATES DATA IS MISSING.
T  INDICATES TRACE AMOUNT.

&&

SNOW DEPTH IS MEASURED AT 3AM AKST/4AM AKDT.

----------------------------
AVAILABLE DAYLIGHT

AMOUNT OF DAYLIGHT TODAY  (HOUR:MIN)........8:27
GAIN/LOSS SINCE YESTERDAY (HOUR:MIN:SEC)....+0:07:41

$$
CCC FEB 18
