000
CDAK49 PAFG 251101
CLIOTZ

CLIMATE REPORT
NATIONAL WEATHER SERVICE FAIRBANKS AK
301 AM AKDT TUE JUL 25 2017


...................................

...THE KOTZEBUE AK CLIMATE SUMMARY FOR JULY 24 2017...

CLIMATE NORMAL PERIOD 1981 TO 2010
CLIMATE RECORD PERIOD 1920 TO 2017


WEATHER ITEM   OBSERVED TIME   RECORD YEAR NORMAL DEPARTURE LAST
                VALUE   (LST)  VALUE       VALUE  FROM      YEAR
                                                  NORMAL
..................................................................
TEMPERATURE (F)
 YESTERDAY
  MAXIMUM         55   1039 PM  76    2005  60     -5       65
  MINIMUM         48   1114 AM  36    1931  51     -3       54
  AVERAGE         52                        55     -3       60

PRECIPITATION (IN)
  YESTERDAY        T             0.63 1997   0.06  -0.06     0.00
  MONTH TO DATE    1.43                      1.02   0.41     1.23
  SINCE JUN 1      1.63                      1.60   0.03     1.48
  SINCE JAN 1      3.71                      4.27  -0.56     3.61

SNOWFALL (IN)
  YESTERDAY       MM             0.0    MM   0.0   MM        0.0
  MONTH TO DATE    0.0                       0.0    0.0      0.0
  SINCE JUN 1      0.0                       0.0    0.0      0.0
  SINCE JUL 1      0.0                       0.0    0.0      0.0
  SNOW DEPTH       0

DEGREE DAYS
 HEATING
  YESTERDAY       13                        10      3        5
  MONTH TO DATE  175                       255    -80      177
  SINCE JUN 1    586                       835   -249      581
  SINCE JUL 1    175                       255    -80      177

 COOLING
  YESTERDAY        0                         0      0        0
  MONTH TO DATE    1                         0      1        5
  SINCE JUN 1      1                         1      0        5
  SINCE JAN 1      1                         1      0        5
..................................................................


WIND (MPH)
  HIGHEST GUST SPEED    35   HIGHEST GUST DIRECTION     W (270)


SKY COVER
  AVERAGE SKY COVER 0.7


WEATHER CONDITIONS
 THE FOLLOWING WEATHER WAS RECORDED YESTERDAY.
  LIGHT RAIN


RELATIVE HUMIDITY (PERCENT)
 HIGHEST    96
 LOWEST     77
 AVERAGE    87

..........................................................


THE KOTZEBUE AK CLIMATE NORMALS FOR TODAY
                         NORMAL    RECORD    YEAR
 MAXIMUM TEMPERATURE (F)   60        79      1955
 MINIMUM TEMPERATURE (F)   51        34      1931


SUNRISE AND SUNSET
JULY 25 2017..........SUNRISE   455 AM AKDT  SUNSET  1256 AM AKDT
JULY 26 2017..........SUNRISE   500 AM AKDT  SUNSET  1251 AM AKDT

-  INDICATES NEGATIVE NUMBERS.
R  INDICATES RECORD WAS SET OR TIED.
MM INDICATES DATA IS MISSING.
T  INDICATES TRACE AMOUNT.

&&

SNOW DEPTH IS MEASURED AT 3AM AKST/4AM AKDT.

----------------------------
AVAILABLE DAYLIGHT

AMOUNT OF DAYLIGHT TODAY  (HOUR:MIN)........20:05
GAIN/LOSS SINCE YESTERDAY (HOUR:MIN:SEC)....-0:09:29

$$
JUL 17
