000
CDAK49 PAFG 220958
CLIOTZ

CLIMATE REPORT
NATIONAL WEATHER SERVICE FAIRBANKS AK
1258 AM AKST WED NOV 22 2017


...................................

...THE KOTZEBUE AK CLIMATE SUMMARY FOR NOVEMBER 21 2017...

CLIMATE NORMAL PERIOD 1981 TO 2010
CLIMATE RECORD PERIOD 1920 TO 2017


WEATHER ITEM   OBSERVED TIME   RECORD YEAR NORMAL DEPARTURE LAST
                VALUE   (LST)  VALUE       VALUE  FROM      YEAR
                                                  NORMAL
..................................................................
TEMPERATURE (F)
 YESTERDAY
  MAXIMUM         28    352 PM  38    1949  12     16        3
  MINIMUM          5   1250 AM -28    2008   2      3       -3
  AVERAGE         17                         7     10        0

PRECIPITATION (IN)
  YESTERDAY       MM             0.39 2010   0.03  MM        0.00
  MONTH TO DATE    0.65                      0.53   0.12     0.09
  SINCE SEP 1      4.12                      3.12   1.00     2.41
  SINCE JAN 1     10.58                     10.00   0.58     8.15

SNOWFALL (IN)
  YESTERDAY       MM             3.2  1993   0.4   MM        0.0
  MONTH TO DATE    3.1                       6.9   -3.8      2.0
  SINCE SEP 1     11.7                      13.8   -2.1      4.8
  SINCE JUL 1     11.7                      13.8   -2.1      4.8
  SNOW DEPTH       0

DEGREE DAYS
 HEATING
  YESTERDAY       48                        58    -10       65
  MONTH TO DATE  892                      1146   -254      990
  SINCE SEP 1   2618                      3089   -471     2520
  SINCE JUL 1   3305                      3827   -522     3012

 COOLING
  YESTERDAY        0                         0      0        0
  MONTH TO DATE    0                         0      0        0
  SINCE SEP 1      0                         0      0        0
  SINCE JAN 1      1                         5     -4        5
..................................................................


WIND (MPH)
  HIGHEST GUST SPEED    61   HIGHEST GUST DIRECTION     E (110)


SKY COVER
  AVERAGE SKY COVER 1.0


WEATHER CONDITIONS
 THE FOLLOWING WEATHER WAS RECORDED YESTERDAY.
  HEAVY SNOW
  SNOW
  LIGHT SNOW
  FOG
  FOG W/VISIBILITY <= 1/4 MILE


RELATIVE HUMIDITY (PERCENT)
 HIGHEST   100
 LOWEST     80
 AVERAGE    90

..........................................................


THE KOTZEBUE AK CLIMATE NORMALS FOR TODAY
                         NORMAL    RECORD    YEAR
 MAXIMUM TEMPERATURE (F)   12        37      1949
 MINIMUM TEMPERATURE (F)    2       -26      1948
                                             1928


SUNRISE AND SUNSET
NOVEMBER 22 2017......SUNRISE  1120 AM AKST  SUNSET   353 PM AKST
NOVEMBER 23 2017......SUNRISE  1125 AM AKST  SUNSET   350 PM AKST

-  INDICATES NEGATIVE NUMBERS.
R  INDICATES RECORD WAS SET OR TIED.
MM INDICATES DATA IS MISSING.
T  INDICATES TRACE AMOUNT.

&&

SNOW DEPTH IS MEASURED AT 3AM AKST/4AM AKDT.

----------------------------
AVAILABLE DAYLIGHT

AMOUNT OF DAYLIGHT TODAY  (HOUR:MIN)........4:33
GAIN/LOSS SINCE YESTERDAY (HOUR:MIN:SEC)....-0:07:54

$$
SDB NOV 17
