000
CDAK49 PAFG 190958
CLIOTZ

CLIMATE REPORT
NATIONAL WEATHER SERVICE FAIRBANKS AK
158 AM AKDT TUE SEP 19 2017


...................................

...THE KOTZEBUE AK CLIMATE SUMMARY FOR SEPTEMBER 18 2017...

CLIMATE NORMAL PERIOD 1981 TO 2010
CLIMATE RECORD PERIOD 1920 TO 2017


WEATHER ITEM   OBSERVED TIME   RECORD YEAR NORMAL DEPARTURE LAST
                VALUE   (LST)  VALUE       VALUE  FROM      YEAR
                                                  NORMAL
..................................................................
TEMPERATURE (F)
 YESTERDAY
  MAXIMUM         46    506 PM  64    1995  46      0       43
  MINIMUM         39   1159 PM  24    1982  37      2       35
                                      1948
  AVERAGE         43                        42      1       39

PRECIPITATION (IN)
  YESTERDAY        0.00          0.28 1997   0.05  -0.05     0.10
  MONTH TO DATE    1.55                      0.98   0.57     0.33
  SINCE SEP 1      1.55                      0.98   0.57     0.33
  SINCE JAN 1      8.01                      7.86   0.15     6.07

SNOWFALL (IN)
  YESTERDAY        0.0           1.5  1957   0.0    0.0      0.0
  MONTH TO DATE    0.0                       0.2   -0.2      0.0
  SINCE SEP 1      0.0                       0.2   -0.2      0.0
  SINCE JUL 1      0.0                       0.2   -0.2      0.0
  SNOW DEPTH       0

DEGREE DAYS
 HEATING
  YESTERDAY       22                        23     -1       26
  MONTH TO DATE  341                       356    -15      338
  SINCE SEP 1    341                       356    -15      338
  SINCE JUL 1   1028                      1094    -66      830

 COOLING
  YESTERDAY        0                         0      0        0
  MONTH TO DATE    0                         0      0        0
  SINCE SEP 1      0                         0      0        0
  SINCE JAN 1      1                         5     -4        5
..................................................................


WIND (MPH)
  HIGHEST GUST SPEED    31   HIGHEST GUST DIRECTION    NW (310)


SKY COVER
  AVERAGE SKY COVER 0.6


WEATHER CONDITIONS
 THE FOLLOWING WEATHER WAS RECORDED YESTERDAY.
  NO SIGNIFICANT WEATHER WAS OBSERVED.


RELATIVE HUMIDITY (PERCENT)
 HIGHEST    96
 LOWEST     71
 AVERAGE    84

..........................................................


THE KOTZEBUE AK CLIMATE NORMALS FOR TODAY
                         NORMAL    RECORD    YEAR
 MAXIMUM TEMPERATURE (F)   45        60      2010
 MINIMUM TEMPERATURE (F)   37        21      1992


SUNRISE AND SUNSET
SEPTEMBER 19 2017.....SUNRISE   825 AM AKDT  SUNSET   902 PM AKDT
SEPTEMBER 20 2017.....SUNRISE   828 AM AKDT  SUNSET   858 PM AKDT

-  INDICATES NEGATIVE NUMBERS.
R  INDICATES RECORD WAS SET OR TIED.
MM INDICATES DATA IS MISSING.
T  INDICATES TRACE AMOUNT.

&&

SNOW DEPTH IS MEASURED AT 3AM AKST/4AM AKDT.

----------------------------
AVAILABLE DAYLIGHT

AMOUNT OF DAYLIGHT TODAY  (HOUR:MIN)........12:38
GAIN/LOSS SINCE YESTERDAY (HOUR:MIN:SEC)....-0:07:18

$$
SEP 17
