000
CDUS43 KDDC 280705
CLIP28


CLIMATE REPORT
NATIONAL WEATHER SERVICE DODGE CITY KS
205 AM CDT TUE MAR 28 2017


...................................

...THE MEDICINE LODGE KS CLIMATE SUMMARY FOR MARCH 27 2017...

CLIMATE NORMAL PERIOD 1981 TO 2010
CLIMATE RECORD PERIOD 1893 TO 2017


WEATHER ITEM   OBSERVED TIME   RECORD YEAR NORMAL DEPARTURE LAST
                VALUE   (LST)  VALUE       VALUE  FROM      YEAR
                                                  NORMAL
..................................................................
TEMPERATURE (F)
 YESTERDAY
  MAXIMUM         67    351 PM  89    1905  63      4       59
  MINIMUM         47   1158 PM   7    1899  37     10       27
  AVERAGE         57                        50      7       43

PRECIPITATION (IN)
  YESTERDAY        0.00          1.11 2004   0.07  -0.07     0.44
  MONTH TO DATE    0.28                      1.96  -1.68     0.67
  SINCE MAR 1      0.28                      1.96  -1.68     0.67
  SINCE JAN 1      4.20                      3.71   0.49     1.56

SNOWFALL (IN)
  YESTERDAY        0.0          MM      MM   0.0             1.0
  MONTH TO DATE    0.0                       0.1             1.0
  SINCE MAR 1      0.0                       0.1             1.0
  SINCE JUL 1      1.4                       8.5             2.0
  SNOW DEPTH       0

DEGREE DAYS
 HEATING
  YESTERDAY        8                        15     -7       22
  MONTH TO DATE  371                       511   -140      372
  SINCE MAR 1    371                       511   -140      372
  SINCE JUL 1   3372                      4040   -668     3261

 COOLING
  YESTERDAY        0                         0      0        0
  MONTH TO DATE   12                         0     12        6
  SINCE MAR 1     12                         0     12        6
  SINCE JAN 1     12                         0     12        6
..................................................................


WIND (MPH)
  HIGHEST WIND SPEED    17   HIGHEST WIND DIRECTION     N (350)
  HIGHEST GUST SPEED    22   HIGHEST GUST DIRECTION     N (350)
  AVERAGE WIND SPEED     9.6




RELATIVE HUMIDITY (PERCENT)
 HIGHEST    93          1200 AM
 LOWEST     37           300 PM
 AVERAGE    65

..........................................................


THE MEDICINE LODGE KS CLIMATE NORMALS FOR TODAY
                         NORMAL    RECORD    YEAR
 MAXIMUM TEMPERATURE (F)   63        89      1963
 MINIMUM TEMPERATURE (F)   38        13      1931


SUNRISE AND SUNSET
MARCH 28 2017.........SUNRISE   725 AM CDT   SUNSET   754 PM CDT
MARCH 29 2017.........SUNRISE   724 AM CDT   SUNSET   755 PM CDT


-  INDICATES NEGATIVE NUMBERS.
R  INDICATES RECORD WAS SET OR TIED.
MM INDICATES DATA IS MISSING.
T  INDICATES TRACE AMOUNT.




$$
