000
CDUS43 KDDC 271428
CLIP28


CLIMATE REPORT
NATIONAL WEATHER SERVICE DODGE CITY KS
927 AM CDT TUE SEP 27 2016


...................................

...THE MEDICINE LODGE KS CLIMATE SUMMARY FOR SEPTEMBER 27 2016...
VALID AS OF 0800 AM LOCAL TIME.

CLIMATE NORMAL PERIOD 1981 TO 2010
CLIMATE RECORD PERIOD 1893 TO 2016


WEATHER ITEM   OBSERVED TIME   RECORD YEAR NORMAL DEPARTURE LAST
                VALUE   (LST)  VALUE       VALUE  FROM      YEAR
                                                  NORMAL
..................................................................
TEMPERATURE (F)
 TODAY
  MAXIMUM         55    759 AM 107    1984  79    -24       85
  MINIMUM         47    603 AM  31    1896  54     -7       53
  AVERAGE         51                        66    -15       69

PRECIPITATION (IN)
  TODAY            0.00          2.31 1998   0.06  -0.06     0.00
  MONTH TO DATE    7.18                      1.91   5.27     1.48
  SINCE SEP 1      7.18                      1.91   5.27     1.48
  SINCE JAN 1     27.61                     22.26   5.35    27.65

..................................................................


WIND (MPH)
  HIGHEST WIND SPEED     6   HIGHEST WIND DIRECTION     S (190)
  HIGHEST GUST SPEED     7   HIGHEST GUST DIRECTION     S (190)



WEATHER CONDITIONS
 THE FOLLOWING WEATHER WAS RECORDED TODAY.
  NO SIGNIFICANT WEATHER WAS OBSERVED.


RELATIVE HUMIDITY (PERCENT)
 HIGHEST    93           300 AM
 LOWEST     72           800 AM

..........................................................


THE MEDICINE LODGE KS CLIMATE NORMALS FOR TOMORROW
                         NORMAL    RECORD    YEAR
 MAXIMUM TEMPERATURE (F)   79       109      1984
 MINIMUM TEMPERATURE (F)   53        31      1909


SUNRISE AND SUNSET
SEPTEMBER 27 2016.....SUNRISE   727 AM CDT   SUNSET   723 PM CDT
SEPTEMBER 28 2016.....SUNRISE   728 AM CDT   SUNSET   721 PM CDT


-  INDICATES NEGATIVE NUMBERS.
R  INDICATES RECORD WAS SET OR TIED.
MM INDICATES DATA IS MISSING.
T  INDICATES TRACE AMOUNT.




$$
