000
CDUS43 KDDC 260731
CLIP28


CLIMATE REPORT
NATIONAL WEATHER SERVICE DODGE CITY KS
230 AM CDT FRI MAY 26 2017


...................................

...THE MEDICINE LODGE KS CLIMATE SUMMARY FOR MAY 25 2017...

CLIMATE NORMAL PERIOD 1981 TO 2010
CLIMATE RECORD PERIOD 1893 TO 2017


WEATHER ITEM   OBSERVED TIME   RECORD YEAR NORMAL DEPARTURE LAST
                VALUE   (LST)  VALUE       VALUE  FROM      YEAR
                                                  NORMAL
..................................................................
TEMPERATURE (F)
 YESTERDAY
  MAXIMUM         85    539 PM 103    1953  82      3       94
  MINIMUM         51    321 AM  39    1901  58     -7       64
  AVERAGE         68                        70     -2       79

PRECIPITATION (IN)
  YESTERDAY        0.00          1.51 2010   0.12  -0.12     0.00
  MONTH TO DATE    4.93                      2.56   2.37     1.61
  SINCE MAR 1     11.38                      7.25   4.13     7.22
  SINCE JAN 1     15.30                      9.00   6.30     8.11

SNOWFALL (IN)
  YESTERDAY        0.0          MM      MM   0.0             0.0
  MONTH TO DATE    0.0                       0.0             0.0
  SINCE MAR 1      0.0                       0.1             1.0
  SINCE JUL 1      1.4                       8.5             2.0
  SNOW DEPTH       0

DEGREE DAYS
 HEATING
  YESTERDAY        0                         1     -1        0
  MONTH TO DATE   37                        67    -30      109
  SINCE MAR 1    710                       923   -213      712
  SINCE JUL 1   3711                      4452   -741     3601

 COOLING
  YESTERDAY        3                         6     -3       14
  MONTH TO DATE   15                        91    -76       62
  SINCE MAR 1     55                       115    -60       98
  SINCE JAN 1     55                       115    -60       98
..................................................................


WIND (MPH)
  HIGHEST WIND SPEED    23   HIGHEST WIND DIRECTION     S (180)
  HIGHEST GUST SPEED    29   HIGHEST GUST DIRECTION     S (190)
  AVERAGE WIND SPEED    11.7




RELATIVE HUMIDITY (PERCENT)
 HIGHEST    77           300 AM
 LOWEST     37           200 PM
 AVERAGE    57

..........................................................


THE MEDICINE LODGE KS CLIMATE NORMALS FOR TODAY
                         NORMAL    RECORD    YEAR
 MAXIMUM TEMPERATURE (F)   83       101      1953
 MINIMUM TEMPERATURE (F)   59        40      1901


SUNRISE AND SUNSET
MAY 26 2017...........SUNRISE   618 AM CDT   SUNSET   845 PM CDT
MAY 27 2017...........SUNRISE   617 AM CDT   SUNSET   846 PM CDT


-  INDICATES NEGATIVE NUMBERS.
R  INDICATES RECORD WAS SET OR TIED.
MM INDICATES DATA IS MISSING.
T  INDICATES TRACE AMOUNT.




$$
