000
CDUS43 KDDC 172330
CLIP28


CLIMATE REPORT
NATIONAL WEATHER SERVICE DODGE CITY KS
629 PM CDT THU APR 17 2014


...................................

...THE MEDICINE LODGE KS CLIMATE SUMMARY FOR APRIL 17 2014...
VALID TODAY AS OF 0500 PM LOCAL TIME.

CLIMATE NORMAL PERIOD 1981 TO 2010
CLIMATE RECORD PERIOD 1893 TO 2014


WEATHER ITEM   OBSERVED TIME   RECORD YEAR NORMAL DEPARTURE LAST
                VALUE   (LST)  VALUE       VALUE  FROM      YEAR
                                                  NORMAL
..................................................................
TEMPERATURE (F)
 TODAY
  MAXIMUM         54    359 PM  96    2006  69    -15       44
  MINIMUM         39   1122 AM  26    1907  44     -5       38
  AVERAGE         47                        56     -9       41

PRECIPITATION (IN)
  TODAY            0.05          2.17 1976   0.08  -0.03     0.18
  MONTH TO DATE    0.21                      1.21  -1.00     1.29
  SINCE MAR 1      0.70                      3.47  -2.77     3.70
  SINCE JAN 1      1.65                      5.22  -3.57     7.25

DEGREE DAYS
 HEATING
  TODAY           18                         9      9       24
  MONTH TO DATE  203                       197      6      280
  SINCE MAR 1    927                       765    162      956
  SINCE JUL 1   4878                      4294    584     4242

 COOLING
  TODAY            0                         1     -1        0
  MONTH TO DATE   11                         9      2        3
  SINCE MAR 1     11                        11      0        4
  SINCE JAN 1     11                        11      0        4
..................................................................


WIND (MPH)
  HIGHEST WIND SPEED    21   HIGHEST WIND DIRECTION     N (20)
  HIGHEST GUST SPEED    28   HIGHEST GUST DIRECTION    NE (50)
  AVERAGE WIND SPEED    11.7




RELATIVE HUMIDITY (PERCENT)
 HIGHEST    85          1100 AM
 LOWEST     46           300 AM
 AVERAGE    66

..........................................................


THE MEDICINE LODGE KS CLIMATE NORMALS FOR TOMORROW
                         NORMAL    RECORD    YEAR
 MAXIMUM TEMPERATURE (F)   69        91      1897
                                             1994
                                             2002
 MINIMUM TEMPERATURE (F)   45        30      2013
                                             1953


SUNRISE AND SUNSET
APRIL 17 2014.........SUNRISE   657 AM CDT   SUNSET   811 PM CDT
APRIL 18 2014.........SUNRISE   656 AM CDT   SUNSET   812 PM CDT


-  INDICATES NEGATIVE NUMBERS.
R  INDICATES RECORD WAS SET OR TIED.
MM INDICATES DATA IS MISSING.
T  INDICATES TRACE AMOUNT.




$$
