000
CDUS43 KDDC 290710
CLIP28


CLIMATE REPORT
NATIONAL WEATHER SERVICE DODGE CITY KS
210 AM CDT MON AUG 29 2016


...................................

...THE MEDICINE LODGE KS CLIMATE SUMMARY FOR AUGUST 28 2016...

CLIMATE NORMAL PERIOD 1981 TO 2010
CLIMATE RECORD PERIOD 1893 TO 2016


WEATHER ITEM   OBSERVED TIME   RECORD YEAR NORMAL DEPARTURE LAST
                VALUE   (LST)  VALUE       VALUE  FROM      YEAR
                                                  NORMAL
..................................................................
TEMPERATURE (F)
 YESTERDAY
  MAXIMUM         88    113 PM 109    1984  90     -2       94
  MINIMUM         67    932 PM  47    1916  66      1       72
  AVERAGE         78                        78      0       83

PRECIPITATION (IN)
  YESTERDAY        0.79          2.07 1977   0.10   0.69     0.09
  MONTH TO DATE    7.16                      2.79   4.37     1.30
  SINCE JUN 1     11.65                     10.28   1.37    14.21
  SINCE JAN 1     20.43                     20.02   0.41    26.17

SNOWFALL (IN)
  YESTERDAY        0.0          MM      MM   0.0             0.0
  MONTH TO DATE    0.0                       0.0             0.0
  SINCE JUN 1      0.0                       0.0             0.0
  SINCE JUL 1      0.0                       0.0             0.0
  SNOW DEPTH       0

DEGREE DAYS
 HEATING
  YESTERDAY        0                         0      0        0
  MONTH TO DATE    0                         0      0        0
  SINCE JUN 1      0                         3     -3        0
  SINCE JUL 1      0                         0      0        0

 COOLING
  YESTERDAY       13                        13      0       18
  MONTH TO DATE  392                       436    -44      378
  SINCE JUN 1   1427                      1317    110     1339
  SINCE JAN 1   1564                      1473     91     1446
..................................................................


WIND (MPH)
  HIGHEST WIND SPEED    24   HIGHEST WIND DIRECTION    NW (330)
  HIGHEST GUST SPEED    31   HIGHEST GUST DIRECTION     W (290)
  AVERAGE WIND SPEED     6.6




RELATIVE HUMIDITY (PERCENT)
 HIGHEST    93           900 PM
 LOWEST     46          1200 PM
 AVERAGE    70

..........................................................


THE MEDICINE LODGE KS CLIMATE NORMALS FOR TODAY
                         NORMAL    RECORD    YEAR
 MAXIMUM TEMPERATURE (F)   90       113      1984
 MINIMUM TEMPERATURE (F)   65        47      1976


SUNRISE AND SUNSET
AUGUST 29 2016........SUNRISE   703 AM CDT   SUNSET   807 PM CDT
AUGUST 30 2016........SUNRISE   704 AM CDT   SUNSET   805 PM CDT


-  INDICATES NEGATIVE NUMBERS.
R  INDICATES RECORD WAS SET OR TIED.
MM INDICATES DATA IS MISSING.
T  INDICATES TRACE AMOUNT.




$$
