000
CDUS43 KDDC 212325
CLIP28


CLIMATE REPORT
NATIONAL WEATHER SERVICE DODGE CITY KS
525 PM CST TUE NOV 21 2017


...................................

...THE MEDICINE LODGE KS CLIMATE SUMMARY FOR NOVEMBER 21 2017...
VALID TODAY AS OF 0500 PM LOCAL TIME.

CLIMATE NORMAL PERIOD 1981 TO 2010
CLIMATE RECORD PERIOD 1893 TO 2017


WEATHER ITEM   OBSERVED TIME   RECORD YEAR NORMAL DEPARTURE LAST
                VALUE   (LST)  VALUE       VALUE  FROM      YEAR
                                                  NORMAL
..................................................................
TEMPERATURE (F)
 TODAY
  MAXIMUM         56    244 PM  78    1955  55      1       57
  MINIMUM         30    329 AM   7    1898  30      0       30
  AVERAGE         43                        43      0       44

PRECIPITATION (IN)
  TODAY            0.00          2.21 1899   0.02  -0.02     0.00
  MONTH TO DATE    0.12                      0.73  -0.61     0.62
  SINCE SEP 1      7.16                      5.67   1.49     9.14
  SINCE JAN 1     29.29                     26.02   3.27    29.57

DEGREE DAYS
 HEATING
  TODAY           22                        22      0       21
  MONTH TO DATE  371                       367      4      256
  SINCE SEP 1    614                       636    -22      382
  SINCE JUL 1    614                       636    -22      382

 COOLING
  TODAY            0                         0      0        0
  MONTH TO DATE    1                         0      1        5
  SINCE SEP 1    297                       258     39      337
  SINCE JAN 1   1656                      1769   -113     1937
..................................................................


WIND (MPH)
  HIGHEST WIND SPEED    33   HIGHEST WIND DIRECTION     N (10)
  HIGHEST GUST SPEED    47   HIGHEST GUST DIRECTION     N (10)
  AVERAGE WIND SPEED    14.8




RELATIVE HUMIDITY (PERCENT)
 HIGHEST    82           600 AM
 LOWEST     35          1000 AM
 AVERAGE    59

..........................................................


THE MEDICINE LODGE KS CLIMATE NORMALS FOR TOMORROW
                         NORMAL    RECORD    YEAR
 MAXIMUM TEMPERATURE (F)   55        77      1966
 MINIMUM TEMPERATURE (F)   30         9      1929


SUNRISE AND SUNSET
NOVEMBER 21 2017......SUNRISE   720 AM CST   SUNSET   520 PM CST
NOVEMBER 22 2017......SUNRISE   721 AM CST   SUNSET   520 PM CST


-  INDICATES NEGATIVE NUMBERS.
R  INDICATES RECORD WAS SET OR TIED.
MM INDICATES DATA IS MISSING.
T  INDICATES TRACE AMOUNT.




$$
