000
CDUS43 KDDC 312340
CLIP28


CLIMATE REPORT
NATIONAL WEATHER SERVICE DODGE CITY KS
638 PM CDT THU JUL 31 2014


...................................

...THE MEDICINE LODGE KS CLIMATE SUMMARY FOR JULY 31 2014...
VALID TODAY AS OF 0500 PM LOCAL TIME.

CLIMATE NORMAL PERIOD 1981 TO 2010
CLIMATE RECORD PERIOD 1893 TO 2014


WEATHER ITEM   OBSERVED TIME   RECORD YEAR NORMAL DEPARTURE LAST
                VALUE   (LST)  VALUE       VALUE  FROM      YEAR
                                                  NORMAL
..................................................................
TEMPERATURE (F)
 TODAY
  MAXIMUM         82    359 PM 113    1934  95    -13       88
  MINIMUM         57    542 AM  52    1925  70    -13       65
  AVERAGE         70                        82    -12       77

PRECIPITATION (IN)
  TODAY            0.00          1.32 1930   0.11  -0.11     0.00
  MONTH TO DATE    4.72                      3.38   1.34     2.78
  SINCE JUN 1     12.61                      7.49   5.12     5.00
  SINCE JAN 1     15.50                     17.23  -1.73    15.35

DEGREE DAYS
 HEATING
  TODAY            0                         0      0        0
  MONTH TO DATE    5                         0      5        0
  SINCE JUN 1      5                         3      2        4
  SINCE JUL 1      5                         0      5        0

 COOLING
  TODAY            5                        17    -12       12
  MONTH TO DATE  369                       528   -159      475
  SINCE JUN 1    711                       881   -170      879
  SINCE JAN 1    980                      1037    -57     1022
..................................................................


WIND (MPH)
  HIGHEST WIND SPEED    13   HIGHEST WIND DIRECTION    NE (50)
  HIGHEST GUST SPEED    15   HIGHEST GUST DIRECTION    NE (50)
  AVERAGE WIND SPEED     5.6




RELATIVE HUMIDITY (PERCENT)
 HIGHEST   100          1200 AM
 LOWEST     40           300 PM
 AVERAGE    70

..........................................................


THE MEDICINE LODGE KS CLIMATE NORMALS FOR TOMORROW
                         NORMAL    RECORD    YEAR
 MAXIMUM TEMPERATURE (F)   95       111      1934
 MINIMUM TEMPERATURE (F)   70        54      1936


SUNRISE AND SUNSET
JULY 31 2014..........SUNRISE   638 AM CDT   SUNSET   843 PM CDT
AUGUST  1 2014........SUNRISE   639 AM CDT   SUNSET   842 PM CDT


-  INDICATES NEGATIVE NUMBERS.
R  INDICATES RECORD WAS SET OR TIED.
MM INDICATES DATA IS MISSING.
T  INDICATES TRACE AMOUNT.




$$
