000
CDUS43 KDDC 282332
CLIP28


CLIMATE REPORT
NATIONAL WEATHER SERVICE DODGE CITY KS
631 PM CDT THU MAY 28 2015


...................................

...THE MEDICINE LODGE KS CLIMATE SUMMARY FOR MAY 28 2015...
VALID TODAY AS OF 0500 PM LOCAL TIME.

CLIMATE NORMAL PERIOD 1981 TO 2010
CLIMATE RECORD PERIOD 1893 TO 2015


WEATHER ITEM   OBSERVED TIME   RECORD YEAR NORMAL DEPARTURE LAST
                VALUE   (LST)  VALUE       VALUE  FROM      YEAR
                                                  NORMAL
..................................................................
TEMPERATURE (F)
 TODAY
  MAXIMUM         82    333 PM  98    2006  83     -1       91
                                      1959
  MINIMUM         62    334 AM  42    1906  59      3       56
  AVERAGE         72                        71      1       74

PRECIPITATION (IN)
  TODAY            0.00          1.54 1918   0.11  -0.11     0.00
  MONTH TO DATE    6.79                      2.88   3.91     0.82
  SINCE MAR 1     10.65                      7.57   3.08     1.94
  SINCE JAN 1     11.96                      9.32   2.64     2.89

DEGREE DAYS
 HEATING
  TODAY            0                         1     -1        0
  MONTH TO DATE  103                        70     33       84
  SINCE MAR 1    746                       926   -180     1072
  SINCE JUL 1   4320                      4455   -135     5023

 COOLING
  TODAY            7                         7      0        9
  MONTH TO DATE   70                       111    -41      205
  SINCE MAR 1    102                       135    -33      234
  SINCE JAN 1    102                       135    -33      234
..................................................................


WIND (MPH)
  HIGHEST WIND SPEED    16   HIGHEST WIND DIRECTION    SE (140)
  HIGHEST GUST SPEED    23   HIGHEST GUST DIRECTION    SE (130)
  AVERAGE WIND SPEED     8.4




RELATIVE HUMIDITY (PERCENT)
 HIGHEST   100           100 AM
 LOWEST     58           400 PM
 AVERAGE    79

..........................................................


THE MEDICINE LODGE KS CLIMATE NORMALS FOR TOMORROW
                         NORMAL    RECORD    YEAR
 MAXIMUM TEMPERATURE (F)   83       104      1913
 MINIMUM TEMPERATURE (F)   60        38      1984


SUNRISE AND SUNSET
MAY 28 2015...........SUNRISE   617 AM CDT   SUNSET   846 PM CDT
MAY 29 2015...........SUNRISE   617 AM CDT   SUNSET   847 PM CDT


-  INDICATES NEGATIVE NUMBERS.
R  INDICATES RECORD WAS SET OR TIED.
MM INDICATES DATA IS MISSING.
T  INDICATES TRACE AMOUNT.




$$
