000
CDUS45 KRIW 310033
CLIP60


CLIMATE REPORT
NATIONAL WEATHER SERVICE RIVERTON WY
633 PM MDT SAT JUL 30 2016


...................................

...THE LAKE YELLOWSTONE WY CLIMATE SUMMARY FOR JULY 30 2016...
VALID TODAY AS OF 0500 PM LOCAL TIME.

CLIMATE NORMAL PERIOD 1981 TO 2010
CLIMATE RECORD PERIOD 1998 TO 2016


WEATHER ITEM   OBSERVED TIME   RECORD YEAR NORMAL DEPARTURE LAST
                VALUE   (LST)  VALUE       VALUE  FROM      YEAR
                                                  NORMAL
..................................................................
TEMPERATURE (F)
 TODAY
  MAXIMUM         80        MM  82    2012  74      6       72
                                      2000
  MINIMUM         42        MM  29    2009  41      1       33
  AVERAGE         61

PRECIPITATION (IN)
  TODAY            0.00          0.23 2013   0.04  -0.04     0.00
  MONTH TO DATE    0.91                      1.42  -0.51     1.13
  SINCE JUN 1      1.86                      3.42  -1.56     2.04
  SINCE JAN 1     10.92                     12.50  -1.58     9.78

DEGREE DAYS
 HEATING
  TODAY            4                         8     -4       12
  MONTH TO DATE  305                       275     30      324
  SINCE JUN 1    673                       768    -95      650
  SINCE JUL 1    305                       275     30      324

 COOLING
  TODAY            0                         0      0        0
  MONTH TO DATE    0                         0      0        0
  SINCE JUN 1      0                         0      0        1
  SINCE JAN 1      0                         0      0        1
..................................................................


WIND (MPH)
  HIGHEST WIND SPEED    12   HIGHEST WIND DIRECTION     W (260)
  HIGHEST GUST SPEED    47   HIGHEST GUST DIRECTION     W (290)
  AVERAGE WIND SPEED     3.5


SKY COVER
  POSSIBLE SUNSHINE  MM
  AVERAGE SKY COVER 0.0


WEATHER CONDITIONS
 THE FOLLOWING WEATHER WAS RECORDED TODAY.
  NO SIGNIFICANT WEATHER WAS OBSERVED.


RELATIVE HUMIDITY (PERCENT)
 HIGHEST    96           400 AM
 LOWEST     17           100 PM
 AVERAGE    57

..........................................................


THE LAKE YELLOWSTONE WY CLIMATE NORMALS FOR TOMORROW
                         NORMAL    RECORD    YEAR
 MAXIMUM TEMPERATURE (F)   74        86      2000
 MINIMUM TEMPERATURE (F)   41        34      2008
                                             2001


SUNRISE AND SUNSET
JULY 30 2016..........SUNRISE   607 AM MDT   SUNSET   849 PM MDT
JULY 31 2016..........SUNRISE   608 AM MDT   SUNSET   847 PM MDT


-  INDICATES NEGATIVE NUMBERS.
R  INDICATES RECORD WAS SET OR TIED.
MM INDICATES DATA IS MISSING.
T  INDICATES TRACE AMOUNT.




$$
