000
CDUS45 KRIW 240746
CLIP60


CLIMATE REPORT
NATIONAL WEATHER SERVICE RIVERTON WY
130 AM MDT WED AUG 24 2016


...................................

...THE LAKE YELLOWSTONE WY CLIMATE SUMMARY FOR AUGUST 23 2016...

CLIMATE NORMAL PERIOD 1981 TO 2010
CLIMATE RECORD PERIOD 1998 TO 2016


WEATHER ITEM   OBSERVED TIME   RECORD YEAR NORMAL DEPARTURE LAST
                VALUE   (LST)  VALUE       VALUE  FROM      YEAR
                                                  NORMAL
..................................................................
TEMPERATURE (F)
 YESTERDAY
  MAXIMUM         66    327 PM  79    2006  71     -5       72
  MINIMUM         32    533 AM  27    2015  37     -5       27
  AVERAGE         49                        54     -5       50

PRECIPITATION (IN)
  YESTERDAY        0.00          0.41 2004   0.05  -0.05     0.00
  MONTH TO DATE    0.18                      1.07  -0.89     1.50
  SINCE JUN 1      2.04                      4.54  -2.50     3.54
  SINCE JAN 1     11.10                     13.62  -2.52    11.28

DEGREE DAYS
 HEATING
  YESTERDAY       16                        11      5       15
  MONTH TO DATE  174                       208    -34      267
  SINCE JUN 1    850                       984   -134      925
  SINCE JUL 1    482                       491     -9      599

 COOLING
  YESTERDAY        0                         0      0        0
  MONTH TO DATE    0                         0      0        0
  SINCE JUN 1      0                         0      0        1
  SINCE JAN 1      0                         0      0        1
..................................................................


WIND (MPH)
  HIGHEST WIND SPEED    14   HIGHEST WIND DIRECTION     W (290)
  HIGHEST GUST SPEED    21   HIGHEST GUST DIRECTION     W (260)
  AVERAGE WIND SPEED     3.4


SKY COVER
  POSSIBLE SUNSHINE  MM
  AVERAGE SKY COVER 0.0


WEATHER CONDITIONS
 THE FOLLOWING WEATHER WAS RECORDED YESTERDAY.
  NO SIGNIFICANT WEATHER WAS OBSERVED.


RELATIVE HUMIDITY (PERCENT)
 HIGHEST    56           600 AM
 LOWEST     11          1200 PM
 AVERAGE    34

..........................................................


THE LAKE YELLOWSTONE WY CLIMATE NORMALS FOR TODAY
                         NORMAL    RECORD    YEAR
 MAXIMUM TEMPERATURE (F)   71        79      2015
                                             2011
                                             2008
 MINIMUM TEMPERATURE (F)   37        28      2010


SUNRISE AND SUNSET
AUGUST 24 2016........SUNRISE   636 AM MDT   SUNSET   811 PM MDT
AUGUST 25 2016........SUNRISE   637 AM MDT   SUNSET   810 PM MDT


-  INDICATES NEGATIVE NUMBERS.
R  INDICATES RECORD WAS SET OR TIED.
MM INDICATES DATA IS MISSING.
T  INDICATES TRACE AMOUNT.




$$
