000
CDUS45 KRIW 060743
CLIP60


CLIMATE REPORT
NATIONAL WEATHER SERVICE RIVERTON WY
131 AM MDT MON JUL 6 2015


...................................

...THE LAKE YELLOWSTONE WY CLIMATE SUMMARY FOR JULY 5 2015...

CLIMATE NORMAL PERIOD 1981 TO 2010
CLIMATE RECORD PERIOD 1998 TO 2015


WEATHER ITEM   OBSERVED TIME   RECORD YEAR NORMAL DEPARTURE LAST
                VALUE   (LST)  VALUE       VALUE  FROM      YEAR
                                                  NORMAL
..................................................................
TEMPERATURE (F)
 YESTERDAY
  MAXIMUM         67    544 PM  81    2007  70     -3       79
  MINIMUM         46    506 AM  33    2005  39      7       40
                                      2004
  AVERAGE         57                        54      3       60

PRECIPITATION (IN)
  YESTERDAY        0.30R         0.29 2013   0.04   0.26     0.00
  MONTH TO DATE    0.30                      0.22   0.08     0.01
  SINCE JUN 1      1.21                      2.22  -1.01     2.35
  SINCE JAN 1      8.95                     11.30  -2.35    17.49

DEGREE DAYS
 HEATING
  YESTERDAY        8                        11     -3        5
  MONTH TO DATE   18                        57    -39       48
  SINCE JUN 1    344                       550   -206      634
  SINCE JUL 1     18                        57    -39       48

 COOLING
  YESTERDAY        0                         0      0        0
  MONTH TO DATE    0                         0      0        0
  SINCE JUN 1      1                         0      1        0
  SINCE JAN 1      1                         0      1        0
..................................................................


WIND (MPH)
  HIGHEST WIND SPEED    21   HIGHEST WIND DIRECTION    NW (330)
  HIGHEST GUST SPEED    35   HIGHEST GUST DIRECTION     N (340)
  AVERAGE WIND SPEED     3.1


SKY COVER
  POSSIBLE SUNSHINE  MM
  AVERAGE SKY COVER 0.0


WEATHER CONDITIONS
 THE FOLLOWING WEATHER WAS RECORDED YESTERDAY.
  NO SIGNIFICANT WEATHER WAS OBSERVED.


RELATIVE HUMIDITY (PERCENT)
 HIGHEST    93           900 PM
 LOWEST     52           800 AM
 AVERAGE    73

..........................................................


THE LAKE YELLOWSTONE WY CLIMATE NORMALS FOR TODAY
                         NORMAL    RECORD    YEAR
 MAXIMUM TEMPERATURE (F)   70        84      2007
 MINIMUM TEMPERATURE (F)   39        34      2004
                                             2003


SUNRISE AND SUNSET
JULY  6 2015..........SUNRISE   544 AM MDT   SUNSET   909 PM MDT
JULY  7 2015..........SUNRISE   544 AM MDT   SUNSET   909 PM MDT


-  INDICATES NEGATIVE NUMBERS.
R  INDICATES RECORD WAS SET OR TIED.
MM INDICATES DATA IS MISSING.
T  INDICATES TRACE AMOUNT.




$$
