000
CDUS45 KRIW 280030
CLIP60


CLIMATE REPORT
NATIONAL WEATHER SERVICE RIVERTON WY
629 PM MDT THU JUL 27 2017


...................................

...THE LAKE YELLOWSTONE WY CLIMATE SUMMARY FOR JULY 27 2017...
VALID TODAY AS OF 0500 PM LOCAL TIME.

CLIMATE NORMAL PERIOD 1981 TO 2010
CLIMATE RECORD PERIOD 1998 TO 2017


WEATHER ITEM   OBSERVED TIME   RECORD YEAR NORMAL DEPARTURE LAST
                VALUE   (LST)  VALUE       VALUE  FROM      YEAR
                                                  NORMAL
..................................................................
TEMPERATURE (F)
 TODAY
  MAXIMUM         69        MM  82    2006  74     -5       79
  MINIMUM         43        MM  32    2005  41      2       39
  AVERAGE         56

PRECIPITATION (IN)
  TODAY            0.08          0.36 2002   0.05   0.03     0.05
  MONTH TO DATE    1.18                      1.28  -0.10     0.88
  SINCE JUN 1      3.16                      3.28  -0.12     1.83
  SINCE JAN 1     20.37                     12.36   8.01    10.89

DEGREE DAYS
 HEATING
  TODAY            9                         8      1        6
  MONTH TO DATE  186                       251    -65      291
  SINCE JUN 1    682                       744    -62      659
  SINCE JUL 1    186                       251    -65      291

 COOLING
  TODAY            0                         0      0        0
  MONTH TO DATE    0                         0      0        0
  SINCE JUN 1      0                         0      0        0
  SINCE JAN 1      0                         0      0        0
..................................................................


WIND (MPH)
  HIGHEST WIND SPEED     7   HIGHEST WIND DIRECTION     E (99)
  HIGHEST GUST SPEED    MM   HIGHEST GUST DIRECTION    MM
  AVERAGE WIND SPEED     1.8


SKY COVER
  POSSIBLE SUNSHINE  MM
  AVERAGE SKY COVER 0.0


WEATHER CONDITIONS
 THE FOLLOWING WEATHER WAS RECORDED TODAY.
  LIGHT RAIN


RELATIVE HUMIDITY (PERCENT)
 HIGHEST   100           400 AM
 LOWEST     42           400 PM
 AVERAGE    71

..........................................................


THE LAKE YELLOWSTONE WY CLIMATE NORMALS FOR TOMORROW
                         NORMAL    RECORD    YEAR
 MAXIMUM TEMPERATURE (F)   74        84      2006
 MINIMUM TEMPERATURE (F)   41        30      2015


SUNRISE AND SUNSET
JULY 27 2017..........SUNRISE   603 AM MDT   SUNSET   852 PM MDT
JULY 28 2017..........SUNRISE   604 AM MDT   SUNSET   851 PM MDT


-  INDICATES NEGATIVE NUMBERS.
R  INDICATES RECORD WAS SET OR TIED.
MM INDICATES DATA IS MISSING.
T  INDICATES TRACE AMOUNT.




$$
